{"id":140,"date":"2012-11-26T10:54:00","date_gmt":"2012-11-26T09:54:00","guid":{"rendered":"http:\/\/www.diocesi.torino.it\/arte\/arte-e-beni-culturali\/riprese-e-fotografie-ecco-le-norme\/"},"modified":"2017-06-23T12:51:15","modified_gmt":"2017-06-23T10:51:15","slug":"riprese-e-fotografie-ecco-le-norme","status":"publish","type":"page","link":"https:\/\/www.diocesi.torino.it\/arte\/arte-e-beni-culturali\/riprese-e-fotografie-ecco-le-norme\/","title":{"rendered":"Riprese e fotografie: ecco le norme"},"content":{"rendered":"<div id=\"pl-140\"  class=\"panel-layout\" ><div id=\"pg-140-0\"  class=\"panel-grid panel-no-style\" ><div id=\"pgc-140-0-0\"  class=\"panel-grid-cell\" ><div id=\"panel-140-0-0-0\" class=\"so-panel widget widget_sow-editor panel-first-child panel-last-child\" data-index=\"0\" ><div\n\t\t\t\n\t\t\tclass=\"so-widget-sow-editor so-widget-sow-editor-base\"\n\t\t\t\n\t\t>\n<div class=\"siteorigin-widget-tinymce textwidget\">\n\t<div>\n<div style=\"text-align: justify\">Lo sviluppo delle tecnologie di comunicazione sociale e le numerose richieste di cineoperatori e fotografi inducono a stabilire adeguati criteri per le riprese audiovisive negli edifici di culto e di pertinenza ecclesiastica. Al fine di evitare usi impropri, considerata la normativa canonica e le esperienze in diocesi di Torino e in altre diocesi, si stabilisce quanto segue per gli Enti ecclesiastici appartenenti all\u0092Arcidiocesi di Torino:<\/div>\n<div>\u00a0<\/div>\n<div style=\"text-align: justify\">\u00a0<\/div>\n<div style=\"text-align: justify\">1. negli edifici di culto e relativo sagrato sono ammesse le richieste per riprese audiovisive oltre che per le celebrazioni liturgiche, per produzioni riguardanti vite di santi e documentari storico-artistici, previa autorizzazione del competente ufficio diocesano per l\u0092arte e i beni culturali; non sono ammesse le richieste per riprese audiovisive per fiction e celebrazioni liturgiche fittizie;<\/div>\n<div style=\"text-align: justify\">\u00a0<\/div>\n<div style=\"text-align: justify\">2. negli edifici non adibiti al culto di pertinenza ecclesiastica (chiese dimesse a uso profano, canonica, oratorio, teatro, scuole, case di spiritualit\u00e0, centri culturali) sono ammesse le richieste per riprese audiovisive compatibili con il decoro artistico e la destinazione ecclesiale del luogo, previa autorizzazione del competente ufficio diocesano per l\u0092arte e i beni culturali; non sono ammesse le richieste per riprese audiovisive per celebrazioni liturgiche fittizie.<\/div>\n<div style=\"text-align: justify\">\u00a0<\/div>\n<div style=\"text-align: justify\">Le presenti disposizioni sono state approvate dall\u0092Arcivescovo, sentito il parere dei competenti uffici diocesani e del Consiglio episcopale. Si invitano i Parroci, i Rettori di chiese, i Responsabili di Enti religiosi a salvaguardare il significato autentico dei luoghi di pertinenza ecclesiastica e di garantire \u00abnel luogo sacro solo quanto serve all\u0092esercizio e alla promozione del culto, della piet\u00e0 e della religione, evitando tutto ci\u00f2 che sia alieno alla santit\u00e0 del luogo\u00bb (CJC can. 1210).<\/div>\n<div>\u00a0<\/div>\n<div>Torino, 9 novembre 2012<\/div>\n<div style=\"text-align: right\"><strong>mons. Valter DANNA<\/strong><\/div>\n<div style=\"text-align: right\"><strong>Vicario Generale<\/strong><\/div>\n<\/div>\n<\/div>\n<\/div><\/div><\/div><\/div><\/div><hr class=\"wpba_attachment_hr\"><div id='wpba_attachment_list' class='wpba wpba-wrap'>\n<ul class='wpba-attachment-list unstyled'><li id='wpba_attachment_list_176' class='wpba-list-item pull-left'><img src='https:\/\/www.diocesi.torino.it\/arte\/wp-content\/themes\/wp-starter-so\/icons\/document.png' width='16' height='20' class='wpba-icon pull-left'><a href='https:\/\/www.diocesi.torino.it\/arte\/wp-content\/uploads\/sites\/19\/2017\/06\/Norme-per-riprese-e-foto-ARCIDIOCESI-DI-TORINO.pdf' title='Norme-per-riprese-e-foto-ARCIDIOCESI-DI-TORINO' class='wpba-link pull-left' target=\"_blank\">Norme-per-riprese-e-foto-ARCIDIOCESI-DI-TORINO<\/a><\/li>\n<\/ul><\/div>\n","protected":false},"excerpt":{"rendered":"<p>Lo sviluppo delle tecnologie di comunicazione sociale e le numerose richieste di cineoperatori e fotografi inducono a stabilire adeguati criteri per le riprese audiovisive negli edifici di culto e di pertinenza ecclesiastica. Al fine di evitare usi impropri, considerata la normativa canonica e le esperienze in diocesi di Torino e in altre diocesi, si stabilisce quanto segue per gli Enti ecclesiastici appartenenti all\u0092Arcidiocesi di Torino:\u00a0\u00a01. &hellip; <a href=\"https:\/\/www.diocesi.torino.it\/arte\/arte-e-beni-culturali\/riprese-e-fotografie-ecco-le-norme\/\" class=\"more-link\">Continua a leggere <span class=\"screen-reader-text\"><\/span> <span class=\"meta-nav\">&raquo;<\/span><\/a><\/p>\n","protected":false},"author":1,"featured_media":0,"parent":132,"menu_order":0,"comment_status":"closed","ping_status":"closed","template":"","meta":{"ip_address":"","user_agent":"","level":"","revision":"","cookie_id":"","page_referer":"","html_form":"","_expiration-date-status":"","_expiration-date":0,"_expiration-date-type":"","_expiration-date-categories":[],"_expiration-date-options":[]},"acf":[],"yoast_head":"<!-- This site is optimized with the Yoast SEO plugin v20.8 - https:\/\/yoast.com\/wordpress\/plugins\/seo\/ -->\n<title>Riprese e fotografie: ecco le norme - Beni Culturali ed Edilizia di Culto<\/title>\n<meta name=\"robots\" content=\"index, follow, max-snippet:-1, max-image-preview:large, max-video-preview:-1\" \/>\n<link rel=\"canonical\" href=\"https:\/\/www.diocesi.torino.it\/arte\/arte-e-beni-culturali\/riprese-e-fotografie-ecco-le-norme\/\" \/>\n<meta property=\"og:locale\" content=\"it_IT\" \/>\n<meta property=\"og:type\" content=\"article\" \/>\n<meta property=\"og:title\" content=\"Riprese e fotografie: ecco le norme - Beni Culturali ed Edilizia di Culto\" \/>\n<meta property=\"og:description\" content=\"Lo sviluppo delle tecnologie di comunicazione sociale e le numerose richieste di cineoperatori e fotografi inducono a stabilire adeguati criteri per le riprese audiovisive negli edifici di culto e di pertinenza ecclesiastica. Al fine di evitare usi impropri, considerata la normativa canonica e le esperienze in diocesi di Torino e in altre diocesi, si stabilisce quanto segue per gli Enti ecclesiastici appartenenti all\u0092Arcidiocesi di Torino:\u00a0\u00a01. &hellip; Continua a leggere &raquo;\" \/>\n<meta property=\"og:url\" content=\"https:\/\/www.diocesi.torino.it\/arte\/arte-e-beni-culturali\/riprese-e-fotografie-ecco-le-norme\/\" \/>\n<meta property=\"og:site_name\" content=\"Beni Culturali ed Edilizia di Culto\" \/>\n<meta property=\"article:modified_time\" content=\"2017-06-23T10:51:15+00:00\" \/>\n<meta name=\"twitter:card\" content=\"summary_large_image\" \/>\n<meta name=\"twitter:label1\" content=\"Tempo di lettura stimato\" \/>\n\t<meta name=\"twitter:data1\" content=\"1 minuto\" \/>\n<script type=\"application\/ld+json\" class=\"yoast-schema-graph\">{\"@context\":\"https:\/\/schema.org\",\"@graph\":[{\"@type\":\"WebPage\",\"@id\":\"https:\/\/www.diocesi.torino.it\/arte\/arte-e-beni-culturali\/riprese-e-fotografie-ecco-le-norme\/\",\"url\":\"https:\/\/www.diocesi.torino.it\/arte\/arte-e-beni-culturali\/riprese-e-fotografie-ecco-le-norme\/\",\"name\":\"Riprese e fotografie: ecco le norme - Beni Culturali ed Edilizia di Culto\",\"isPartOf\":{\"@id\":\"https:\/\/www.diocesi.torino.it\/arte\/#website\"},\"datePublished\":\"2012-11-26T09:54:00+00:00\",\"dateModified\":\"2017-06-23T10:51:15+00:00\",\"breadcrumb\":{\"@id\":\"https:\/\/www.diocesi.torino.it\/arte\/arte-e-beni-culturali\/riprese-e-fotografie-ecco-le-norme\/#breadcrumb\"},\"inLanguage\":\"it-IT\",\"potentialAction\":[{\"@type\":\"ReadAction\",\"target\":[\"https:\/\/www.diocesi.torino.it\/arte\/arte-e-beni-culturali\/riprese-e-fotografie-ecco-le-norme\/\"]}]},{\"@type\":\"BreadcrumbList\",\"@id\":\"https:\/\/www.diocesi.torino.it\/arte\/arte-e-beni-culturali\/riprese-e-fotografie-ecco-le-norme\/#breadcrumb\",\"itemListElement\":[{\"@type\":\"ListItem\",\"position\":1,\"name\":\"Home\",\"item\":\"https:\/\/www.diocesi.torino.it\/arte\/\"},{\"@type\":\"ListItem\",\"position\":2,\"name\":\"Arte e Beni Culturali\",\"item\":\"https:\/\/www.diocesi.torino.it\/arte\/arte-e-beni-culturali\/\"},{\"@type\":\"ListItem\",\"position\":3,\"name\":\"Riprese e fotografie: ecco le norme\"}]},{\"@type\":\"WebSite\",\"@id\":\"https:\/\/www.diocesi.torino.it\/arte\/#website\",\"url\":\"https:\/\/www.diocesi.torino.it\/arte\/\",\"name\":\"Beni Culturali ed Edilizia di Culto\",\"description\":\"\",\"potentialAction\":[{\"@type\":\"SearchAction\",\"target\":{\"@type\":\"EntryPoint\",\"urlTemplate\":\"https:\/\/www.diocesi.torino.it\/arte\/?s={search_term_string}\"},\"query-input\":\"required name=search_term_string\"}],\"inLanguage\":\"it-IT\"}]}<\/script>\n<!-- \/ Yoast SEO plugin. -->","yoast_head_json":{"title":"Riprese e fotografie: ecco le norme - Beni Culturali ed Edilizia di Culto","robots":{"index":"index","follow":"follow","max-snippet":"max-snippet:-1","max-image-preview":"max-image-preview:large","max-video-preview":"max-video-preview:-1"},"canonical":"https:\/\/www.diocesi.torino.it\/arte\/arte-e-beni-culturali\/riprese-e-fotografie-ecco-le-norme\/","og_locale":"it_IT","og_type":"article","og_title":"Riprese e fotografie: ecco le norme - Beni Culturali ed Edilizia di Culto","og_description":"Lo sviluppo delle tecnologie di comunicazione sociale e le numerose richieste di cineoperatori e fotografi inducono a stabilire adeguati criteri per le riprese audiovisive negli edifici di culto e di pertinenza ecclesiastica. Al fine di evitare usi impropri, considerata la normativa canonica e le esperienze in diocesi di Torino e in altre diocesi, si stabilisce quanto segue per gli Enti ecclesiastici appartenenti all\u0092Arcidiocesi di Torino:\u00a0\u00a01. &hellip; Continua a leggere &raquo;","og_url":"https:\/\/www.diocesi.torino.it\/arte\/arte-e-beni-culturali\/riprese-e-fotografie-ecco-le-norme\/","og_site_name":"Beni Culturali ed Edilizia di Culto","article_modified_time":"2017-06-23T10:51:15+00:00","twitter_card":"summary_large_image","twitter_misc":{"Tempo di lettura stimato":"1 minuto"},"schema":{"@context":"https:\/\/schema.org","@graph":[{"@type":"WebPage","@id":"https:\/\/www.diocesi.torino.it\/arte\/arte-e-beni-culturali\/riprese-e-fotografie-ecco-le-norme\/","url":"https:\/\/www.diocesi.torino.it\/arte\/arte-e-beni-culturali\/riprese-e-fotografie-ecco-le-norme\/","name":"Riprese e fotografie: ecco le norme - Beni Culturali ed Edilizia di Culto","isPartOf":{"@id":"https:\/\/www.diocesi.torino.it\/arte\/#website"},"datePublished":"2012-11-26T09:54:00+00:00","dateModified":"2017-06-23T10:51:15+00:00","breadcrumb":{"@id":"https:\/\/www.diocesi.torino.it\/arte\/arte-e-beni-culturali\/riprese-e-fotografie-ecco-le-norme\/#breadcrumb"},"inLanguage":"it-IT","potentialAction":[{"@type":"ReadAction","target":["https:\/\/www.diocesi.torino.it\/arte\/arte-e-beni-culturali\/riprese-e-fotografie-ecco-le-norme\/"]}]},{"@type":"BreadcrumbList","@id":"https:\/\/www.diocesi.torino.it\/arte\/arte-e-beni-culturali\/riprese-e-fotografie-ecco-le-norme\/#breadcrumb","itemListElement":[{"@type":"ListItem","position":1,"name":"Home","item":"https:\/\/www.diocesi.torino.it\/arte\/"},{"@type":"ListItem","position":2,"name":"Arte e Beni Culturali","item":"https:\/\/www.diocesi.torino.it\/arte\/arte-e-beni-culturali\/"},{"@type":"ListItem","position":3,"name":"Riprese e fotografie: ecco le norme"}]},{"@type":"WebSite","@id":"https:\/\/www.diocesi.torino.it\/arte\/#website","url":"https:\/\/www.diocesi.torino.it\/arte\/","name":"Beni Culturali ed Edilizia di Culto","description":"","potentialAction":[{"@type":"SearchAction","target":{"@type":"EntryPoint","urlTemplate":"https:\/\/www.diocesi.torino.it\/arte\/?s={search_term_string}"},"query-input":"required name=search_term_string"}],"inLanguage":"it-IT"}]}},"_links":{"self":[{"href":"https:\/\/www.diocesi.torino.it\/arte\/wp-json\/wp\/v2\/pages\/140"}],"collection":[{"href":"https:\/\/www.diocesi.torino.it\/arte\/wp-json\/wp\/v2\/pages"}],"about":[{"href":"https:\/\/www.diocesi.torino.it\/arte\/wp-json\/wp\/v2\/types\/page"}],"author":[{"embeddable":true,"href":"https:\/\/www.diocesi.torino.it\/arte\/wp-json\/wp\/v2\/users\/1"}],"replies":[{"embeddable":true,"href":"https:\/\/www.diocesi.torino.it\/arte\/wp-json\/wp\/v2\/comments?post=140"}],"version-history":[{"count":1,"href":"https:\/\/www.diocesi.torino.it\/arte\/wp-json\/wp\/v2\/pages\/140\/revisions"}],"predecessor-version":[{"id":175,"href":"https:\/\/www.diocesi.torino.it\/arte\/wp-json\/wp\/v2\/pages\/140\/revisions\/175"}],"up":[{"embeddable":true,"href":"https:\/\/www.diocesi.torino.it\/arte\/wp-json\/wp\/v2\/pages\/132"}],"wp:attachment":[{"href":"https:\/\/www.diocesi.torino.it\/arte\/wp-json\/wp\/v2\/media?parent=140"}],"curies":[{"name":"wp","href":"https:\/\/api.w.org\/{rel}","templated":true}]}}