{"version":"1.0","provider_name":"Caritas Diocesana","provider_url":"https:\/\/www.diocesi.torino.it\/caritas","title":"Papa Leone e l'impegno Caritas - Caritas Diocesana","type":"rich","width":600,"height":338,"html":"<blockquote class=\"wp-embedded-content\" data-secret=\"lGhT7W5ljl\"><a href=\"https:\/\/www.diocesi.torino.it\/caritas\/papa-leone-e-limpegno-caritas\/\">Papa Leone e l&#8217;impegno Caritas<\/a><\/blockquote><iframe sandbox=\"allow-scripts\" security=\"restricted\" src=\"https:\/\/www.diocesi.torino.it\/caritas\/papa-leone-e-limpegno-caritas\/embed\/#?secret=lGhT7W5ljl\" width=\"600\" height=\"338\" title=\"&#8220;Papa Leone e l&#8217;impegno Caritas&#8221; &#8212; Caritas Diocesana\" data-secret=\"lGhT7W5ljl\" frameborder=\"0\" marginwidth=\"0\" marginheight=\"0\" scrolling=\"no\" class=\"wp-embedded-content\"><\/iframe><script type=\"text\/javascript\">\n\/*! This file is auto-generated *\/\n!function(c,d){\"use strict\";var e=!1,o=!1;if(d.querySelector)if(c.addEventListener)e=!0;if(c.wp=c.wp||{},c.wp.receiveEmbedMessage);else if(c.wp.receiveEmbedMessage=function(e){var t=e.data;if(!t);else if(!(t.secret||t.message||t.value));else if(\/[^a-zA-Z0-9]\/.test(t.secret));else{for(var r,s,a,i=d.querySelectorAll('iframe[data-secret=\"'+t.secret+'\"]'),n=d.querySelectorAll('blockquote[data-secret=\"'+t.secret+'\"]'),o=new RegExp(\"^https?:$\",\"i\"),l=0;l<n.length;l++)n[l].style.display=\"none\";for(l=0;l<i.length;l++)if(r=i[l],e.source!==r.contentWindow);else{if(r.removeAttribute(\"style\"),\"height\"===t.message){if(1e3<(s=parseInt(t.value,10)))s=1e3;else if(~~s<200)s=200;r.height=s}if(\"link\"===t.message)if(s=d.createElement(\"a\"),a=d.createElement(\"a\"),s.href=r.getAttribute(\"src\"),a.href=t.value,!o.test(a.protocol));else if(a.host===s.host)if(d.activeElement===r)c.top.location.href=t.value}}},e)c.addEventListener(\"message\",c.wp.receiveEmbedMessage,!1),d.addEventListener(\"DOMContentLoaded\",t,!1),c.addEventListener(\"load\",t,!1);function t(){if(o);else{o=!0;for(var e,t,r,s=-1!==navigator.appVersion.indexOf(\"MSIE 10\"),a=!!navigator.userAgent.match(\/Trident.*rv:11\\.\/),i=d.querySelectorAll(\"iframe.wp-embedded-content\"),n=0;n<i.length;n++){if(!(r=(t=i[n]).getAttribute(\"data-secret\")))r=Math.random().toString(36).substr(2,10),t.src+=\"#?secret=\"+r,t.setAttribute(\"data-secret\",r);if(s||a)(e=t.cloneNode(!0)).removeAttribute(\"security\"),t.parentNode.replaceChild(e,t);t.contentWindow.postMessage({message:\"ready\",secret:r},\"*\")}}}}(window,document);\n<\/script>\n","thumbnail_url":"https:\/\/www.diocesi.torino.it\/caritas\/wp-content\/uploads\/sites\/5\/2025\/05\/papa.jpg","thumbnail_width":960,"thumbnail_height":635,"description":"Papa Leone XIV, gi\u00e0 vescovo di Chiclayo in Per\u00f9, si \u00e8 distinto per un impegno profondo nella carit\u00e0 intesa non solo come gesto di solidariet\u00e0, ma come servizio ispirato dal Vangelo. Durante il suo ministero, ha guidato la Caritas diocesana e ha fatto parte del Consiglio direttivo della Caritas del Per\u00f9, promuovendo iniziative concrete a favore dei pi\u00f9 poveri, soprattutto nei momenti di crisi come &hellip; Continua a leggere &raquo;"}

Papa Leone XIV, già vescovo di Chiclayo in Perù, si è distinto per un impegno profondo nella carità intesa non solo come gesto di solidarietà, ma come servizio ispirato dal Vangelo. Durante il suo ministero, ha guidato la Caritas diocesana e ha fatto parte del Consiglio direttivo della Caritas del Perù, promuovendo iniziative concrete a favore dei più poveri, soprattutto nei momenti di crisi come &hellip; Continua a leggere &raquo;
