{"id":1007,"date":"2020-09-25T12:23:00","date_gmt":"2020-09-25T10:23:00","guid":{"rendered":"http:\/\/www.diocesi.torino.it\/comunicazione\/?page_id=1007"},"modified":"2020-09-25T17:49:20","modified_gmt":"2020-09-25T15:49:20","slug":"servizio-di-posta-elettronica","status":"publish","type":"page","link":"https:\/\/www.diocesi.torino.it\/comunicazione\/sportello-informatico-diocesano\/servizio-di-posta-elettronica\/","title":{"rendered":"SERVIZIO di posta elettronica"},"content":{"rendered":"<div id=\"pl-1007\"  class=\"panel-layout\" ><div id=\"pg-1007-0\"  class=\"panel-grid panel-no-style\" ><div id=\"pgc-1007-0-0\"  class=\"panel-grid-cell\" ><div id=\"panel-1007-0-0-0\" class=\"so-panel widget widget_sow-editor panel-first-child panel-last-child\" data-index=\"0\" ><div\n\t\t\t\n\t\t\tclass=\"so-widget-sow-editor so-widget-sow-editor-base\"\n\t\t\t\n\t\t>\n<div class=\"siteorigin-widget-tinymce textwidget\">\n\t<p>A partire dall\u2019autunno 2020 la posta elettronica delle parrocchie cambia volto dotandosi di una veste grafica rinnovata e nuovi strumenti.<\/p>\n<p><span style=\"color: #ff9900;\"><strong>PASSAGGIO OBBLIGATO<\/strong><\/span><\/p>\n<p>Il nuovo servizio di posta <strong>viene attivato in automatico e gratuitamente per tutte le parrocchie<\/strong> della Diocesi di Torino; anche i parroci possono avere un indirizzo proprio e personalizzato (in questo caso il servizio \u00e8 facoltativo su richiesta).<\/p>\n<p>Con la creazione delle nuove cassette postali, ospitate sul Cloud Microsoft, viene contemporaneamente dismesso il vecchio servizio ospitato sui server Unitelm.<\/p>\n<p><strong>Il vecchio indirizzo viene comunque mantenuto (su richiesta) e reindirizzato su quello nuovo.<\/strong><\/p>\n<p>In pratica cambia il formato ufficiale degli indirizzi e-mail, con la parte finale che passa da \u201cdiocesi.torino.it\u201d a \u201cdiocesi.to.it\u201d.<\/p>\n<p>Il nuovo indirizzo e-mail ha quindi un formato del genere:<\/p>\n<ul>\n<li><a href=\"mailto:parr.xxxxxx@diocesi.to.it\">parr.xxxxxx@diocesi.to.it<\/a> per le parrocchie (attivato in automatico)<\/li>\n<li><a href=\"mailto:don.rossi@diocesi.to.it\">don.rossi@diocesi.to.it<\/a> per i parroci (attivato su richiesta).<\/li>\n<\/ul>\n<p>Le nuove cassette postali hanno 50 Gb di spazio a disposizione e diventano l'<strong>unico canale ufficiale e autorizzato di comunicazione elettronica <\/strong>tra la Curia metropolitana e le parrocchie distribuite sul territorio.<\/p>\n<p>La Curia non ritiene pi\u00f9 validi gli indirizzi email diversi, associati a provider commerciali (come Gmail, Libero, Yahoo e cos\u00ec via) poich\u00e9 che NON forniscono sufficienti garanzie di privacy e NON recepiscono in pieno le normative del Regolamento Europeo sulla protezione dei dati personali.<\/p>\n<p><span style=\"color: #ff9900;\"><strong>COME SI ATTIVA IL NUOVO SERVIZIO?<\/strong><\/span><\/p>\n<p>Il passaggio al nuovo sistema di posta \u00e8 <strong>obbligatorio <\/strong>per tutte le parrocchie (non per i parroci). Per attivarlo le parrocchie devono:<\/p>\n<ul>\n<li>attendere di essere contattate dagli addetti dello Sportello Informatico (tutte le parrocchie riceveranno una telefonata)<\/li>\n<li>mandare una richiesta per email a <a href=\"mailto:assistenza.informatica@diocesi.torino.it\" target=\"_blank\" rel=\"noopener\">assistenza.informatica@diocesi.torino.it<\/a><\/li>\n<\/ul>\n<p>Qui accanto le istruzioni per usare la nuova posta elettronica.<\/p>\n<p><span style=\"color: #ff9900;\"><strong>COME SI ACCEDE ALLA NUOVA EMAIL?<\/strong><\/span><\/p>\n<p>Per accedere alla propria posta elettronica basta digitare all\u2019interno di un qualunque browser (Chrome, Explorer...), l\u2019indirizzo <strong>Outlook.office.com <\/strong>o sar\u00e0 sufficiente cliccare sul link<strong> \u201cNuova Posta parrocchie\u201d nella home page del sito diocesano<\/strong> e inserire le proprie credenziali, facendo attenzione ai caratteri maiuscoli e minuscoli.<\/p>\n<p>Istruzioni dettagliate nel testo qui a destra (<a href=\"https:\/\/www.diocesi.torino.it\/comunicazione\/wp-content\/uploads\/sites\/2\/2020\/09\/Come-accedere-alla-posta-elettronica.pdf\" target=\"_blank\" rel=\"noopener\">scaricabile anche in pdf<\/a>) e nel video sottostante:<\/p>\n<p><iframe title=\"Diocesi di Torino: come accedere alla posta elettronica delle parrocchie\" width=\"800\" height=\"450\" src=\"https:\/\/www.youtube.com\/embed\/jLcDKNvPIsE?feature=oembed\" frameborder=\"0\" allow=\"accelerometer; autoplay; clipboard-write; encrypted-media; gyroscope; picture-in-picture\" allowfullscreen><\/iframe><\/p>\n<\/div>\n<\/div><\/div><\/div><div id=\"pgc-1007-0-1\"  class=\"panel-grid-cell\" ><div id=\"panel-1007-0-1-0\" class=\"so-panel widget widget_lsow-accordion panel-first-child panel-last-child\" data-index=\"1\" ><div class=\"panel-widget-style panel-widget-style-for-1007-0-1-0\" ><div\n\t\t\t\n\t\t\tclass=\"so-widget-lsow-accordion so-widget-lsow-accordion-default-d75171398898-1007\"\n\t\t\t\n\t\t>\n<div class=\"lsow-accordion style2\" data-toggle=\"false\" data-expanded=\"false\"><div class=\"lsow-panel\" id=\"\"><div class=\"lsow-panel-title\">ISTRUZIONI per accedere a nuova email<\/div><div class=\"lsow-panel-content\"><p><strong>Come accedere alla nuova cassetta di posta elettronica (<a href=\"https:\/\/www.diocesi.torino.it\/comunicazione\/wp-content\/uploads\/sites\/2\/2020\/09\/Come-accedere-alla-posta-elettronica.pdf\">ISTRUZIONI IN PDF<\/a>)<\/strong><\/p>\n<p>Per accedere alla nuova cassetta di posta diocesana occorre come prima cosa avviare uno dei browser presenti sul proprio personal computer: es. Google Chrome, Firefox o Microsoft Edge:<\/p>\n<p><img class=\"alignnone size-medium wp-image-1011\" src=\"https:\/\/www.diocesi.torino.it\/comunicazione\/wp-content\/uploads\/sites\/2\/2020\/09\/fig1-300x148.jpg\" alt=\"\" width=\"300\" height=\"148\" \/><\/p>\n<p>Successivamente, nella barra in alto degli indirizzi occorre digitare <strong>outlook.office.com:<\/strong><\/p>\n<p><img class=\"size-medium wp-image-1012 alignnone\" src=\"https:\/\/www.diocesi.torino.it\/comunicazione\/wp-content\/uploads\/sites\/2\/2020\/09\/fig2-300x153.jpg\" alt=\"\" width=\"300\" height=\"153\" \/><\/p>\n<p>Una volta caricata correttamente la pagina, occorre inserire nella finestra di login l\u2019indirizzo email che \u00e8 stato assegnato dallo Sportello Informatico (i nuovi indirizzi email hanno solitamente un formato simile al seguente: <a href=\"mailto:parr.xxxx@diocesi.to.it\">parr.xxxx@diocesi.to.it<\/a>):<\/p>\n<p><img class=\"alignnone size-medium wp-image-1014\" src=\"https:\/\/www.diocesi.torino.it\/comunicazione\/wp-content\/uploads\/sites\/2\/2020\/09\/fig4-300x279.jpg\" alt=\"\" width=\"300\" height=\"279\" \/><\/p>\n<p>Dopo aver digitato l\u2019indirizzo occorre fare click su AVANTI:<\/p>\n<p><img class=\"alignnone size-medium wp-image-1013\" src=\"https:\/\/www.diocesi.torino.it\/comunicazione\/wp-content\/uploads\/sites\/2\/2020\/09\/fig3-300x280.jpg\" alt=\"\" width=\"300\" height=\"280\" \/><\/p>\n<p>Nella nuova finestra che si apre occorre inserire la password che \u00e8 stata fornita sempre dallo Sportello Informatico. In questa operazione occorre <strong>fare attenzione alla eventuale presenza di maiuscole e minuscole nella password<\/strong> stessa. Alcuni browser (come indicato in figura dalla freccia rossa) permettono di verificare immediatamente l\u2019esattezza di quanto scritto e visualizzare \u2013 al posto dei pallini \u2013 la password digitata.<\/p>\n<p><img class=\"alignnone size-medium wp-image-1015\" src=\"https:\/\/www.diocesi.torino.it\/comunicazione\/wp-content\/uploads\/sites\/2\/2020\/09\/fig5-300x282.jpg\" alt=\"\" width=\"300\" height=\"282\" \/><\/p>\n<p>Dopo aver selezionato ACCEDI sar\u00e0 possibile usare la nuova cassetta di posta elettronica diocesana che avr\u00e0 il seguente aspetto:<\/p>\n<p><img class=\"alignnone size-medium wp-image-1010\" src=\"https:\/\/www.diocesi.torino.it\/comunicazione\/wp-content\/uploads\/sites\/2\/2020\/09\/fig6-300x228.jpg\" alt=\"\" width=\"300\" height=\"228\" \/><\/p>\n<\/div><\/div><!-- .lsow-panel --><\/div><!-- .lsow-accordion --><\/div><\/div><\/div><\/div><\/div><\/div><hr class=\"wpba_attachment_hr\"><div id='wpba_attachment_list' class='wpba wpba-wrap'>\n<ul class='wpba-attachment-list unstyled'><li id='wpba_attachment_list_1016' class='wpba-list-item pull-left'><img src='https:\/\/www.diocesi.torino.it\/comunicazione\/wp-content\/themes\/wp-starter-so\/icons\/document.png' width='16' height='20' class='wpba-icon pull-left'><a href='https:\/\/www.diocesi.torino.it\/comunicazione\/wp-content\/uploads\/sites\/2\/2020\/09\/Come-accedere-alla-posta-elettronica.pdf' title='Come accedere alla posta elettronica' class='wpba-link pull-left' target=\"_blank\">Come accedere alla posta elettronica<\/a><\/li>\n<\/ul><\/div>\n","protected":false},"excerpt":{"rendered":"<p>A partire dall\u2019autunno 2020 la posta elettronica delle parrocchie cambia volto dotandosi di una veste grafica rinnovata e nuovi strumenti. PASSAGGIO OBBLIGATO Il nuovo servizio di posta viene attivato in automatico e gratuitamente per tutte le parrocchie della Diocesi di Torino; anche i parroci possono avere un indirizzo proprio e personalizzato (in questo caso il servizio \u00e8 facoltativo su richiesta). Con la creazione delle nuove &hellip; <a href=\"https:\/\/www.diocesi.torino.it\/comunicazione\/sportello-informatico-diocesano\/servizio-di-posta-elettronica\/\" class=\"more-link\">Continua a leggere <span class=\"screen-reader-text\"><\/span> <span class=\"meta-nav\">&raquo;<\/span><\/a><\/p>\n","protected":false},"author":2,"featured_media":0,"parent":978,"menu_order":0,"comment_status":"closed","ping_status":"closed","template":"","meta":{"ip_address":"","user_agent":"","level":"","revision":"","cookie_id":"","page_referer":"","html_form":"","_expiration-date-status":"saved","_expiration-date":0,"_expiration-date-type":"","_expiration-date-categories":[],"_expiration-date-options":[]},"acf":[],"yoast_head":"<!-- This site is optimized with the Yoast SEO plugin v20.8 - https:\/\/yoast.com\/wordpress\/plugins\/seo\/ -->\n<title>SERVIZIO di posta elettronica - Servizi di Comunicazione e Media<\/title>\n<meta name=\"robots\" content=\"index, follow, max-snippet:-1, max-image-preview:large, max-video-preview:-1\" \/>\n<link rel=\"canonical\" href=\"https:\/\/www.diocesi.torino.it\/comunicazione\/sportello-informatico-diocesano\/servizio-di-posta-elettronica\/\" \/>\n<meta property=\"og:locale\" content=\"it_IT\" \/>\n<meta property=\"og:type\" content=\"article\" \/>\n<meta property=\"og:title\" content=\"SERVIZIO di posta elettronica - Servizi di Comunicazione e Media\" \/>\n<meta property=\"og:description\" content=\"A partire dall\u2019autunno 2020 la posta elettronica delle parrocchie cambia volto dotandosi di una veste grafica rinnovata e nuovi strumenti. PASSAGGIO OBBLIGATO Il nuovo servizio di posta viene attivato in automatico e gratuitamente per tutte le parrocchie della Diocesi di Torino; anche i parroci possono avere un indirizzo proprio e personalizzato (in questo caso il servizio \u00e8 facoltativo su richiesta). Con la creazione delle nuove &hellip; Continua a leggere &raquo;\" \/>\n<meta property=\"og:url\" content=\"https:\/\/www.diocesi.torino.it\/comunicazione\/sportello-informatico-diocesano\/servizio-di-posta-elettronica\/\" \/>\n<meta property=\"og:site_name\" content=\"Servizi di Comunicazione e Media\" \/>\n<meta property=\"article:modified_time\" content=\"2020-09-25T15:49:20+00:00\" \/>\n<meta name=\"twitter:card\" content=\"summary_large_image\" \/>\n<meta name=\"twitter:label1\" content=\"Tempo di lettura stimato\" \/>\n\t<meta name=\"twitter:data1\" content=\"2 minuti\" \/>\n<script type=\"application\/ld+json\" class=\"yoast-schema-graph\">{\"@context\":\"https:\/\/schema.org\",\"@graph\":[{\"@type\":\"WebPage\",\"@id\":\"https:\/\/www.diocesi.torino.it\/comunicazione\/sportello-informatico-diocesano\/servizio-di-posta-elettronica\/\",\"url\":\"https:\/\/www.diocesi.torino.it\/comunicazione\/sportello-informatico-diocesano\/servizio-di-posta-elettronica\/\",\"name\":\"SERVIZIO di posta elettronica - Servizi di Comunicazione e Media\",\"isPartOf\":{\"@id\":\"https:\/\/www.diocesi.torino.it\/comunicazione\/#website\"},\"datePublished\":\"2020-09-25T10:23:00+00:00\",\"dateModified\":\"2020-09-25T15:49:20+00:00\",\"breadcrumb\":{\"@id\":\"https:\/\/www.diocesi.torino.it\/comunicazione\/sportello-informatico-diocesano\/servizio-di-posta-elettronica\/#breadcrumb\"},\"inLanguage\":\"it-IT\",\"potentialAction\":[{\"@type\":\"ReadAction\",\"target\":[\"https:\/\/www.diocesi.torino.it\/comunicazione\/sportello-informatico-diocesano\/servizio-di-posta-elettronica\/\"]}]},{\"@type\":\"BreadcrumbList\",\"@id\":\"https:\/\/www.diocesi.torino.it\/comunicazione\/sportello-informatico-diocesano\/servizio-di-posta-elettronica\/#breadcrumb\",\"itemListElement\":[{\"@type\":\"ListItem\",\"position\":1,\"name\":\"Home\",\"item\":\"https:\/\/www.diocesi.torino.it\/comunicazione\/\"},{\"@type\":\"ListItem\",\"position\":2,\"name\":\"SPORTELLO INFORMATICO DIOCESANO\",\"item\":\"https:\/\/www.diocesi.torino.it\/comunicazione\/sportello-informatico-diocesano\/\"},{\"@type\":\"ListItem\",\"position\":3,\"name\":\"SERVIZIO di posta elettronica\"}]},{\"@type\":\"WebSite\",\"@id\":\"https:\/\/www.diocesi.torino.it\/comunicazione\/#website\",\"url\":\"https:\/\/www.diocesi.torino.it\/comunicazione\/\",\"name\":\"Servizi di Comunicazione e Media\",\"description\":\"\",\"potentialAction\":[{\"@type\":\"SearchAction\",\"target\":{\"@type\":\"EntryPoint\",\"urlTemplate\":\"https:\/\/www.diocesi.torino.it\/comunicazione\/?s={search_term_string}\"},\"query-input\":\"required name=search_term_string\"}],\"inLanguage\":\"it-IT\"}]}<\/script>\n<!-- \/ Yoast SEO plugin. -->","yoast_head_json":{"title":"SERVIZIO di posta elettronica - Servizi di Comunicazione e Media","robots":{"index":"index","follow":"follow","max-snippet":"max-snippet:-1","max-image-preview":"max-image-preview:large","max-video-preview":"max-video-preview:-1"},"canonical":"https:\/\/www.diocesi.torino.it\/comunicazione\/sportello-informatico-diocesano\/servizio-di-posta-elettronica\/","og_locale":"it_IT","og_type":"article","og_title":"SERVIZIO di posta elettronica - Servizi di Comunicazione e Media","og_description":"A partire dall\u2019autunno 2020 la posta elettronica delle parrocchie cambia volto dotandosi di una veste grafica rinnovata e nuovi strumenti. PASSAGGIO OBBLIGATO Il nuovo servizio di posta viene attivato in automatico e gratuitamente per tutte le parrocchie della Diocesi di Torino; anche i parroci possono avere un indirizzo proprio e personalizzato (in questo caso il servizio \u00e8 facoltativo su richiesta). Con la creazione delle nuove &hellip; Continua a leggere &raquo;","og_url":"https:\/\/www.diocesi.torino.it\/comunicazione\/sportello-informatico-diocesano\/servizio-di-posta-elettronica\/","og_site_name":"Servizi di Comunicazione e Media","article_modified_time":"2020-09-25T15:49:20+00:00","twitter_card":"summary_large_image","twitter_misc":{"Tempo di lettura stimato":"2 minuti"},"schema":{"@context":"https:\/\/schema.org","@graph":[{"@type":"WebPage","@id":"https:\/\/www.diocesi.torino.it\/comunicazione\/sportello-informatico-diocesano\/servizio-di-posta-elettronica\/","url":"https:\/\/www.diocesi.torino.it\/comunicazione\/sportello-informatico-diocesano\/servizio-di-posta-elettronica\/","name":"SERVIZIO di posta elettronica - Servizi di Comunicazione e Media","isPartOf":{"@id":"https:\/\/www.diocesi.torino.it\/comunicazione\/#website"},"datePublished":"2020-09-25T10:23:00+00:00","dateModified":"2020-09-25T15:49:20+00:00","breadcrumb":{"@id":"https:\/\/www.diocesi.torino.it\/comunicazione\/sportello-informatico-diocesano\/servizio-di-posta-elettronica\/#breadcrumb"},"inLanguage":"it-IT","potentialAction":[{"@type":"ReadAction","target":["https:\/\/www.diocesi.torino.it\/comunicazione\/sportello-informatico-diocesano\/servizio-di-posta-elettronica\/"]}]},{"@type":"BreadcrumbList","@id":"https:\/\/www.diocesi.torino.it\/comunicazione\/sportello-informatico-diocesano\/servizio-di-posta-elettronica\/#breadcrumb","itemListElement":[{"@type":"ListItem","position":1,"name":"Home","item":"https:\/\/www.diocesi.torino.it\/comunicazione\/"},{"@type":"ListItem","position":2,"name":"SPORTELLO INFORMATICO DIOCESANO","item":"https:\/\/www.diocesi.torino.it\/comunicazione\/sportello-informatico-diocesano\/"},{"@type":"ListItem","position":3,"name":"SERVIZIO di posta elettronica"}]},{"@type":"WebSite","@id":"https:\/\/www.diocesi.torino.it\/comunicazione\/#website","url":"https:\/\/www.diocesi.torino.it\/comunicazione\/","name":"Servizi di Comunicazione e Media","description":"","potentialAction":[{"@type":"SearchAction","target":{"@type":"EntryPoint","urlTemplate":"https:\/\/www.diocesi.torino.it\/comunicazione\/?s={search_term_string}"},"query-input":"required name=search_term_string"}],"inLanguage":"it-IT"}]}},"_links":{"self":[{"href":"https:\/\/www.diocesi.torino.it\/comunicazione\/wp-json\/wp\/v2\/pages\/1007"}],"collection":[{"href":"https:\/\/www.diocesi.torino.it\/comunicazione\/wp-json\/wp\/v2\/pages"}],"about":[{"href":"https:\/\/www.diocesi.torino.it\/comunicazione\/wp-json\/wp\/v2\/types\/page"}],"author":[{"embeddable":true,"href":"https:\/\/www.diocesi.torino.it\/comunicazione\/wp-json\/wp\/v2\/users\/2"}],"replies":[{"embeddable":true,"href":"https:\/\/www.diocesi.torino.it\/comunicazione\/wp-json\/wp\/v2\/comments?post=1007"}],"version-history":[{"count":18,"href":"https:\/\/www.diocesi.torino.it\/comunicazione\/wp-json\/wp\/v2\/pages\/1007\/revisions"}],"predecessor-version":[{"id":1042,"href":"https:\/\/www.diocesi.torino.it\/comunicazione\/wp-json\/wp\/v2\/pages\/1007\/revisions\/1042"}],"up":[{"embeddable":true,"href":"https:\/\/www.diocesi.torino.it\/comunicazione\/wp-json\/wp\/v2\/pages\/978"}],"wp:attachment":[{"href":"https:\/\/www.diocesi.torino.it\/comunicazione\/wp-json\/wp\/v2\/media?parent=1007"}],"curies":[{"name":"wp","href":"https:\/\/api.w.org\/{rel}","templated":true}]}}