{"id":232,"date":"2024-09-17T13:04:13","date_gmt":"2024-09-17T11:04:13","guid":{"rendered":"https:\/\/www.diocesi.torino.it\/donazioni\/?page_id=232"},"modified":"2024-10-03T17:25:49","modified_gmt":"2024-10-03T15:25:49","slug":"intenzioni-sante-messe","status":"publish","type":"page","link":"https:\/\/www.diocesi.torino.it\/donazioni\/intenzioni-sante-messe\/","title":{"rendered":"Intenzioni Sante Messe"},"content":{"rendered":"<div id=\"pl-232\"  class=\"panel-layout\" ><div id=\"pg-232-0\"  class=\"panel-grid panel-no-style\" ><div id=\"pgc-232-0-0\"  class=\"panel-grid-cell\" ><div id=\"panel-232-0-0-0\" class=\"so-panel widget widget_sow-editor panel-first-child panel-last-child\" data-index=\"0\" ><div\n\t\t\t\n\t\t\tclass=\"so-widget-sow-editor so-widget-sow-editor-base\"\n\t\t\t\n\t\t>\n<div class=\"siteorigin-widget-tinymce textwidget\">\n\t<div class=\"wpb_text_column wpb_content_element \">\n<div class=\"wpb_wrapper\">\n<p><img decoding=\"async\" loading=\"lazy\" class=\"alignright wp-image-237 size-medium\" src=\"https:\/\/www.diocesi.torino.it\/donazioni\/wp-content\/uploads\/sites\/39\/2024\/09\/santa-messa-300x200.jpg\" alt=\"\" width=\"300\" height=\"200\" srcset=\"https:\/\/www.diocesi.torino.it\/donazioni\/wp-content\/uploads\/sites\/39\/2024\/09\/santa-messa-300x200.jpg 300w, https:\/\/www.diocesi.torino.it\/donazioni\/wp-content\/uploads\/sites\/39\/2024\/09\/santa-messa-360x240.jpg 360w, https:\/\/www.diocesi.torino.it\/donazioni\/wp-content\/uploads\/sites\/39\/2024\/09\/santa-messa-272x182.jpg 272w, https:\/\/www.diocesi.torino.it\/donazioni\/wp-content\/uploads\/sites\/39\/2024\/09\/santa-messa.jpg 450w\" sizes=\"(max-width: 300px) 100vw, 300px\" \/><\/p>\n<\/div>\n<\/div>\n<div class=\"wpb_text_column wpb_content_element \">\n<div class=\"wpb_wrapper\">\n<blockquote>\n<p>\u201cFar celebrare una messa per i defunti\u201d, oppure per una particolare intenzione, \u00e8 un gesto di fede. Un gesto per vivere intensamente, proprio nella fede, la comunione con i propri defunti. Un gesto peroffrire, nel richieste e nel ringraziamento la propria disponibilit\u00e0 al Signore attraverso la solidariet\u00e0.<br \/>\nL\u2019offerta affidata al missionario \u00e8 per il sostegno del suo impegno missionario. Un modo per partecipare alla missione, per condividere quello che abbiamo e siamo.<\/p>\n<\/blockquote>\n<h5><\/h5>\n<p>In tutto il mondo e in ogni situazione i missionari accolgono, sostengono, aiutano, consolano, proteggono le comunit\u00e0 a cui sono destinati. Numerose Diocesi, nelle aree pi\u00f9 povere e vulnerabili, fanno fatica a supportare i sacerdoti nel loro impegno di evangelizzazione e di attenzione ai pi\u00f9 bisognosi, per questo molti vescovi e missionari si rivolgono alla nostra Diocesi.<\/p>\n<p><strong>Supportiamo il loro cammino anche con intenzioni di Sante Messe<\/strong>.<\/p>\n<\/div>\n<div class=\"wpb_wrapper\">Un aiuto che pu\u00f2 fare la differenza, proprio dove c'\u00e8 pi\u00f9 bisogno:<\/div>\n<div><\/div>\n<div class=\"wpb_wrapper\">\n<ul>\n<li><strong style=\"font-size: inherit;\">Una celebrazione eucaristica<\/strong><\/li>\n<\/ul>\n<\/div>\n<\/div>\n<div class=\"wpb_text_column wpb_content_element \">\n<div class=\"wpb_wrapper\">\n<p>Un'offerta, alla discrezione dell\u2019offerente, che sar\u00e0 da noi affidata ad un missionario (con attenzione a coloro che sono pi\u00f9 bisognosi) per la celebrazione della S. Messa secondo l\u2019intenzione dell\u2019offerente.<\/p>\n<\/div>\n<\/div>\n<ul>\n<li class=\"vc_custom_heading bottom-line vc_custom_1568281319251\"><strong>Un turno di Sante Messe Gregoriane<\/strong><\/li>\n<\/ul>\n<div class=\"wpb_text_column wpb_content_element \">\n<div class=\"wpb_wrapper\">\n<p>Consiste in 30 Sante Messe celebrate in un mese a suffragio di uno o pi\u00f9 defunti. Questa particolare forma di celebrazione \u00e8 un privilegio concesso alla chiesa al tempo di papa Gregorio Magno. L\u2019indicazione per l\u2019offerta \u00e8 di 400,00 \u20ac. Anche in questo caso trasmetteremo l'offerta ad un missionario e daremo comunicazione della data in cui avr\u00e0 inizio la celebrazione del turno di Sante Messe.<\/p>\n<\/div>\n<\/div>\n<\/div>\n<\/div><\/div><\/div><div id=\"pgc-232-0-1\"  class=\"panel-grid-cell\" ><div id=\"panel-232-0-1-0\" class=\"so-panel widget widget_sow-editor panel-first-child panel-last-child\" data-index=\"1\" ><div class=\"panel-widget-style panel-widget-style-for-232-0-1-0\" ><div\n\t\t\t\n\t\t\tclass=\"so-widget-sow-editor so-widget-sow-editor-base\"\n\t\t\t\n\t\t><h3 class=\"widget-title\">Come donare<\/h3>\n<div class=\"siteorigin-widget-tinymce textwidget\">\n\t<p><strong>In contanti o con assegno\u00a0<\/strong>intestato a<\/p>\n<p>\u201c<strong>Arcidiocesi di Torino Collette e donazioni<\/strong>\u201d<\/p>\n<p>direttamente nella nostra <a href=\"https:\/\/www.diocesi.torino.it\/donazioni\/contatti\/\">Sede<\/a>.<\/p>\n<p>&nbsp;<\/p>\n<p><strong>Con Bonifico Bancario<\/strong><\/p>\n<p>Intestazione:<\/p>\n<p><strong>ARCIDIOCESI DI TORINO \u2013 COLLETTE E DONAZIONI<\/strong><\/p>\n<p>Banca: \u00a0BANCA INTESA SAN PAOLO<\/p>\n<p>C\/C 100000110790<\/p>\n<p>IBAN\u00a0<strong>IT28 U030 6909 6061 0000 0110 790<\/strong><\/p>\n<p>BIC BCITITMM<\/p>\n<p><strong>Specificando nella causale:\u00a0<\/strong><\/p>\n<p>Intenzioni Sante Messe (in ricordo di..)<\/p>\n<p><strong>Ricevute\u00a0<\/strong><\/p>\n<p>A Parrocchie, Chiese non parrocchiali ed Enti verr\u00e0 inviata ricevuta in formato pdf sulla mail istituzionale.<\/p>\n<p>Cos\u00ec pure per i donatori che hanno comunicato un indirizzo di posta elettronica.<\/p>\n<p>In assenza di un recapito di posta elettronica, come in passato, le ricevute continueranno ad essere spedite in cartaceo con posta ordinaria.<\/p>\n<\/div>\n<\/div><\/div><\/div><\/div><\/div><\/div>","protected":false},"excerpt":{"rendered":"<p>\u201cFar celebrare una messa per i defunti\u201d, oppure per una particolare intenzione, \u00e8 un gesto di fede. Un gesto per vivere intensamente, proprio nella fede, la comunione con i propri defunti. Un gesto peroffrire, nel richieste e nel ringraziamento la propria disponibilit\u00e0 al Signore attraverso la solidariet\u00e0. L\u2019offerta affidata al missionario \u00e8 per il sostegno del suo impegno missionario. Un modo per partecipare alla missione, &hellip; <a href=\"https:\/\/www.diocesi.torino.it\/donazioni\/intenzioni-sante-messe\/\" class=\"more-link\">Continua a leggere <span class=\"screen-reader-text\"><\/span> <span class=\"meta-nav\">&raquo;<\/span><\/a><\/p>\n","protected":false},"author":16,"featured_media":0,"parent":0,"menu_order":0,"comment_status":"closed","ping_status":"closed","template":"","meta":{"ip_address":"","user_agent":"","level":"","revision":"","cookie_id":"","page_referer":"","html_form":"","_expiration-date-status":"","_expiration-date":0,"_expiration-date-type":"","_expiration-date-categories":[],"_expiration-date-options":[]},"acf":[],"_links":{"self":[{"href":"https:\/\/www.diocesi.torino.it\/donazioni\/wp-json\/wp\/v2\/pages\/232"}],"collection":[{"href":"https:\/\/www.diocesi.torino.it\/donazioni\/wp-json\/wp\/v2\/pages"}],"about":[{"href":"https:\/\/www.diocesi.torino.it\/donazioni\/wp-json\/wp\/v2\/types\/page"}],"author":[{"embeddable":true,"href":"https:\/\/www.diocesi.torino.it\/donazioni\/wp-json\/wp\/v2\/users\/16"}],"replies":[{"embeddable":true,"href":"https:\/\/www.diocesi.torino.it\/donazioni\/wp-json\/wp\/v2\/comments?post=232"}],"version-history":[{"count":24,"href":"https:\/\/www.diocesi.torino.it\/donazioni\/wp-json\/wp\/v2\/pages\/232\/revisions"}],"predecessor-version":[{"id":973,"href":"https:\/\/www.diocesi.torino.it\/donazioni\/wp-json\/wp\/v2\/pages\/232\/revisions\/973"}],"wp:attachment":[{"href":"https:\/\/www.diocesi.torino.it\/donazioni\/wp-json\/wp\/v2\/media?parent=232"}],"curies":[{"name":"wp","href":"https:\/\/api.w.org\/{rel}","templated":true}]}}