{"id":72,"date":"2024-09-13T10:19:20","date_gmt":"2024-09-13T08:19:20","guid":{"rendered":"https:\/\/www.diocesi.torino.it\/donazioni\/?page_id=72"},"modified":"2024-10-09T09:32:04","modified_gmt":"2024-10-09T07:32:04","slug":"giornata-missionaria-mondiale","status":"publish","type":"page","link":"https:\/\/www.diocesi.torino.it\/donazioni\/giornata-missionaria-mondiale\/","title":{"rendered":"Giornata Missionaria Mondiale"},"content":{"rendered":"<div id=\"pl-72\"  class=\"panel-layout\" ><div id=\"pg-72-0\"  class=\"panel-grid panel-no-style\" ><div id=\"pgc-72-0-0\"  class=\"panel-grid-cell\" ><div id=\"panel-72-0-0-0\" class=\"so-panel widget widget_sow-editor panel-first-child panel-last-child\" data-index=\"0\" ><div\n\t\t\t\n\t\t\tclass=\"so-widget-sow-editor so-widget-sow-editor-base\"\n\t\t\t\n\t\t>\n<div class=\"siteorigin-widget-tinymce textwidget\">\n\t<h5><strong>Finalit\u00e0<\/strong><\/h5>\n<p>Nel 1927 fu celebrata la prima <strong>Giornata Missionaria Mondiale<\/strong>, stabilendo che ci\u00f2 avvenisse <strong>ogni penultima domenica di ottobre<\/strong> (continua a <a href=\"https:\/\/www.missioitalia.it\/pontificie-opere-missionarie\/\">leggere<\/a>), con la finalit\u00e0 di assicurare, attraverso la Pontificia Opera Propagazione della Fede, che tutte le comunit\u00e0, soprattutto le pi\u00f9 piccole, povere e lontane, possano ricevere gli aiuti di cui hanno bisogno. La dimensione universale \u00e8 una caratteristica fondamentale della Chiesa. Per questo, le offerte pervenute vanno a confluire nel cosiddetto Fondo Universale di Solidariet\u00e0 e vengono poi adeguatamente ripartite per:<\/p>\n<ul>\n<li>sostenere gli studi di seminaristi, sacerdoti, religiosi, suore e catechisti laici;<\/li>\n<li>costruire e mantenere seminari, cappelle e aule per la catechesi e le attivit\u00e0 pastorali;<\/li>\n<li>assicurare assistenza sanitaria, educazione scolastica e formazione cristiana ai bambini;<\/li>\n<li>sovvenzionare radio, televisioni e stampa cattolica locali;<\/li>\n<li>fornire mezzi di locomozione ai missionari, ai sacerdoti, ai religiosi, alle suore e ai catechisti locali.<\/li>\n<\/ul>\n<h5><b>Azioni<\/b><\/h5>\n<p>Nella <strong>Giornata missionaria mondiale<\/strong> tutte le parrocchie e le comunit\u00e0 del mondo raccolgono il frutto delle loro collette\u00a0 e le fanno confluire al <strong>Fondo di solidariet\u00e0 della Chiesa universale<\/strong>. Ad ogni direzione nazionale di Missio vengono assegnati alcuni progetti pervenuti dalle Chiese locali bisognose che si impegnano a loro volta, al ricevimento dei fondi, a presentare un resoconto sull\u2019utilizzo degli stessi (a questo link potreste visionare i <a href=\"https:\/\/www.missioitalia.it\/progetti-p-o-p-f\/\"><strong>progetti sostenuti nell'anno pastorale 2023\/2024<\/strong><\/a>).<\/p>\n<p><span style=\"font-size: inherit;\">Il mese di ottobre, nella Chiesa italiana, \u00e8 particolarmente dedicato alla preparazione e alla celebrazione della <strong>Giornata Missionaria Mondiale<\/strong>. Un appuntamento privilegiato per <strong>alimentare la fraternit\u00e0 universale<\/strong> della Chiesa, <strong>ossia la comunione<\/strong> con tutte le comunit\u00e0 cristiane sparse nel mondo, <strong>oltre all\u2019impegno di solidariet\u00e0<\/strong> <strong>(colletta universale obbligatoria)<\/strong> con le Chiese di pi\u00f9 recente formazione, con quelle che vivono nei paesi pi\u00f9 poveri e con quelle che soffrono persecuzione.<\/span><\/p>\n<p>Ci permettiamo di ricordare che le <strong>offerte raccolte<\/strong> durante le Celebrazioni Eucaristiche della Giornata Missionaria sono destinate alle Pontificie Opere Missionarie e confidiamo nella vostra collaborazione nel<strong><a href=\"https:\/\/www.diocesi.torino.it\/donazioni\/come-donare\/\"> trasmetterle allo Sportello diocesano Collette e donazioni\u00a0<\/a> entro il 15 gennaio 2025<\/strong>, per permetterci a nostra volta di inoltrarle alla Direzione nazionale di Missio entro il mese di gennaio, come richiesto.<\/p>\n<h5><strong>Materiale<\/strong><\/h5>\n<p>Fondazione Missio Italia mette a disposizione numerosi <strong>strumenti e per la formazione a l'animazione<\/strong>, disponibili\u00a0<strong>online<\/strong> <strong>e<\/strong> <strong>in cartaceo<\/strong> nella nostra <a href=\"https:\/\/www.diocesi.torino.it\/donazioni\/contatti\/\">sede,<\/a> insieme alle <strong>proposte diocesane<\/strong> dedicate all'<strong>Ottobre missionario<\/strong> che vi invitiamo a consultare sulla pagina della <a href=\"http:\/\/www.diocesi.torino.it\/missionario\/animazione\"><strong>Pastorale Missionaria<\/strong><\/a>.<\/p>\n<p>\u00ab<strong>Andate e invitate al banchetto tutti<\/strong>\u00bb (cfr. Mt 22,9) \u00e8 il versetto dal quale trae spunto Papa Francesco per il <a href=\"https:\/\/www.diocesi.torino.it\/donazioni\/wp-content\/uploads\/sites\/39\/2024\/09\/20240125-giornata-missionaria-messaggio-papa-francesco.pdf\"><strong>messaggio<\/strong> <\/a>in vista della <strong>Giornata Missionaria Mondiale<\/strong> che celebreremo quest\u2019anno nella <strong>domenica 20 ottobre 2024<\/strong>.\u00a0Il Papa ci invita a rinnovare il dinamismo missionario di ogni battezzato e ci spinge nuovamente ad essere una \u201cChiesa in uscita\u201d per rendere accessibile a tutti la possibilit\u00e0 di partecipare al grande banchetto per tutti i popoli annunciato dal profeta Isaia: \u00abPreparer\u00e0 il Signore degli eserciti per tutti i popoli, su questo monte, un banchetto di grasse vivande, un banchetto di vini eccellenti, di cibi succulenti, di vini raffinati\u00bb (Is 25,6).<\/p>\n<p>Continua a leggere su <strong><a href=\"https:\/\/www.diocesi.torino.it\/donazioni\/2024\/09\/13\/un-banchetto-per-tutte-le-genti\/\">Speciale <\/a><\/strong><strong>GMM2024.<\/strong><\/p>\n<p>Resta informato con <strong>Rassegna stampa<\/strong> Ottobre Missionario con <a href=\"https:\/\/www.diocesi.torino.it\/donazioni\/rassegna-stampa-ottobre-missionario-2024\/\"><strong>Po<span style=\"font-size: inherit;\">poli e Missione<\/span><\/strong><\/a><\/p>\n<p><iframe title=\"UN BANCHETTO PER TUTTE LE GENTI\" src=\"https:\/\/player.vimeo.com\/video\/1007057816?dnt=1&amp;app_id=122963\" width=\"800\" height=\"450\" frameborder=\"0\" allow=\"autoplay; fullscreen; picture-in-picture; clipboard-write\"><\/iframe><\/p>\n<h5><\/h5>\n<\/div>\n<\/div><\/div><\/div><div id=\"pgc-72-0-1\"  class=\"panel-grid-cell\" ><div id=\"panel-72-0-1-0\" class=\"so-panel widget widget_sow-editor panel-first-child panel-last-child\" data-index=\"1\" ><div class=\"panel-widget-style panel-widget-style-for-72-0-1-0\" ><div\n\t\t\t\n\t\t\tclass=\"so-widget-sow-editor so-widget-sow-editor-base\"\n\t\t\t\n\t\t><h3 class=\"widget-title\">Come donare<\/h3>\n<div class=\"siteorigin-widget-tinymce textwidget\">\n\t<p><strong>In contanti o con assegno <\/strong>intestato a<\/p>\n<p>\"Arcidiocesi di Torino Collette e donazioni\"<\/p>\n<p>direttamente nella nostra <a href=\"https:\/\/www.diocesi.torino.it\/donazioni\/contatti\/\">Sede<\/a>.<\/p>\n<p><strong>Con Bonifico Bancario<\/strong><\/p>\n<p>Intestazione:<\/p>\n<p><strong>Arcidiocesi di Torino - Collette e donazioni<\/strong><\/p>\n<p>Banca:<\/p>\n<p>BANCA INTESA SAN PAOLO<\/p>\n<p>C\/C 100000110790<\/p>\n<p>IBAN <strong>IT28 U030 6909 6061 0000 0110 790<\/strong><\/p>\n<p>BIC BCITITMM<\/p>\n<p><strong>Specificando nella causale: <\/strong><\/p>\n<p><span style=\"font-size: inherit;\">Giornata Missionaria Mondiale<\/span><\/p>\n<p><strong>Ricevute\u00a0<\/strong><\/p>\n<p>A Parrocchie, Chiese non parrocchiali ed Enti verr\u00e0 inviata ricevuta in formato pdf sulla mail istituzionale.<\/p>\n<p><strong>ARCHIVIO:<\/strong><\/p>\n<h5><a href=\"https:\/\/www.diocesi.torino.it\/donazioni\/rendiconti-missio\/\"><strong>Rendiconti Offerte MISSIO<\/strong><\/a><\/h5>\n<\/div>\n<\/div><\/div><\/div><\/div><\/div><\/div><hr class=\"wpba_attachment_hr\"><div id='wpba_attachment_list' class='wpba wpba-wrap'>\n<ul class='wpba-attachment-list unstyled'><li id='wpba_attachment_list_388' class='wpba-list-item pull-left'><img src='https:\/\/www.diocesi.torino.it\/donazioni\/wp-content\/themes\/wp-starter-so\/icons\/document.png' width='16' height='20' class='wpba-icon pull-left'><a href='https:\/\/www.diocesi.torino.it\/donazioni\/wp-content\/uploads\/sites\/39\/2024\/09\/RENDICONTO-MISSIO-2022-2023.pdf' title='RENDICONTO MISSIO 2022 2023' class='wpba-link pull-left' target=\"_blank\">RENDICONTO MISSIO 2022 2023<\/a><\/li>\n<li id='wpba_attachment_list_45' class='wpba-list-item pull-left'><img src='https:\/\/www.diocesi.torino.it\/donazioni\/wp-content\/themes\/wp-starter-so\/icons\/document.png' width='16' height='20' class='wpba-icon pull-left'><a href='https:\/\/www.diocesi.torino.it\/donazioni\/wp-content\/uploads\/sites\/39\/2024\/09\/20240125-giornata-missionaria-messaggio-papa-francesco.pdf' title='20240125-giornata-missionaria-messaggio-papa-francesco' class='wpba-link pull-left' target=\"_blank\">20240125-giornata-missionaria-messaggio-papa-francesco<\/a><\/li>\n<li id='wpba_attachment_list_421' class='wpba-list-item pull-left'><img src='https:\/\/www.diocesi.torino.it\/donazioni\/wp-content\/themes\/wp-starter-so\/icons\/document.png' width='16' height='20' class='wpba-icon pull-left'><a href='https:\/\/www.diocesi.torino.it\/donazioni\/wp-content\/uploads\/sites\/39\/2024\/09\/Repole_intervento_Veglia_missionaria_TO_21-10-23.pdf' title='Repole_intervento_Veglia_missionaria_TO_21-10-23' class='wpba-link pull-left' target=\"_blank\">Repole_intervento_Veglia_missionaria_TO_21-10-23<\/a><\/li>\n<li id='wpba_attachment_list_767' class='wpba-list-item pull-left'><img src='https:\/\/www.diocesi.torino.it\/donazioni\/wp-content\/themes\/wp-starter-so\/icons\/document.png' width='16' height='20' class='wpba-icon pull-left'><a href='https:\/\/www.diocesi.torino.it\/donazioni\/wp-content\/uploads\/sites\/39\/2024\/09\/rendiconto-missio-2022-2023.pdf' title='rendiconto missio 2022 2023' class='wpba-link pull-left' target=\"_blank\">rendiconto missio 2022 2023<\/a><\/li>\n<\/ul><\/div>\n","protected":false},"excerpt":{"rendered":"<p>Finalit\u00e0 Nel 1927 fu celebrata la prima Giornata Missionaria Mondiale, stabilendo che ci\u00f2 avvenisse ogni penultima domenica di ottobre (continua a leggere), con la finalit\u00e0 di assicurare, attraverso la Pontificia Opera Propagazione della Fede, che tutte le comunit\u00e0, soprattutto le pi\u00f9 piccole, povere e lontane, possano ricevere gli aiuti di cui hanno bisogno. La dimensione universale \u00e8 una caratteristica fondamentale della Chiesa. Per questo, le &hellip; <a href=\"https:\/\/www.diocesi.torino.it\/donazioni\/giornata-missionaria-mondiale\/\" class=\"more-link\">Continua a leggere <span class=\"screen-reader-text\"><\/span> <span class=\"meta-nav\">&raquo;<\/span><\/a><\/p>\n","protected":false},"author":16,"featured_media":0,"parent":0,"menu_order":0,"comment_status":"closed","ping_status":"closed","template":"","meta":{"ip_address":"","user_agent":"","level":"","revision":"","cookie_id":"","page_referer":"","html_form":"","_expiration-date-status":"","_expiration-date":0,"_expiration-date-type":"","_expiration-date-categories":[],"_expiration-date-options":[]},"acf":[],"_links":{"self":[{"href":"https:\/\/www.diocesi.torino.it\/donazioni\/wp-json\/wp\/v2\/pages\/72"}],"collection":[{"href":"https:\/\/www.diocesi.torino.it\/donazioni\/wp-json\/wp\/v2\/pages"}],"about":[{"href":"https:\/\/www.diocesi.torino.it\/donazioni\/wp-json\/wp\/v2\/types\/page"}],"author":[{"embeddable":true,"href":"https:\/\/www.diocesi.torino.it\/donazioni\/wp-json\/wp\/v2\/users\/16"}],"replies":[{"embeddable":true,"href":"https:\/\/www.diocesi.torino.it\/donazioni\/wp-json\/wp\/v2\/comments?post=72"}],"version-history":[{"count":50,"href":"https:\/\/www.diocesi.torino.it\/donazioni\/wp-json\/wp\/v2\/pages\/72\/revisions"}],"predecessor-version":[{"id":1039,"href":"https:\/\/www.diocesi.torino.it\/donazioni\/wp-json\/wp\/v2\/pages\/72\/revisions\/1039"}],"wp:attachment":[{"href":"https:\/\/www.diocesi.torino.it\/donazioni\/wp-json\/wp\/v2\/media?parent=72"}],"curies":[{"name":"wp","href":"https:\/\/api.w.org\/{rel}","templated":true}]}}