{"id":610,"date":"2010-03-02T16:00:00","date_gmt":"2010-03-02T15:00:00","guid":{"rendered":"http:\/\/www.diocesi.torino.it\/famiglia\/chi-siamo\/"},"modified":"2024-11-29T12:06:09","modified_gmt":"2024-11-29T11:06:09","slug":"chi-siamo","status":"publish","type":"page","link":"https:\/\/www.diocesi.torino.it\/famiglia\/chi-siamo\/","title":{"rendered":"Chi siamo"},"content":{"rendered":"<div id=\"pl-610\"  class=\"panel-layout\" ><div id=\"pg-610-0\"  class=\"panel-grid panel-no-style\" ><div id=\"pgc-610-0-0\"  class=\"panel-grid-cell\" ><div id=\"panel-610-0-0-0\" class=\"so-panel widget widget_sow-editor panel-first-child panel-last-child\" data-index=\"0\" ><div\n\t\t\t\n\t\t\tclass=\"so-widget-sow-editor so-widget-sow-editor-base\"\n\t\t\t\n\t\t>\n<div class=\"siteorigin-widget-tinymce textwidget\">\n\t<div>\n<p><span style=\"background: white; color: #333333; font-family: 'Helvetica','sans-serif';\">L\u2019Ufficio ha la missione di trasmettere il Vangelo del Matrimonio e della Famiglia, coordinando e promuovendo iniziative che sostengono la vocazione e la missione della famiglia nella Chiesa e nel mondo contemporaneo:<\/span><\/p>\n<p><span style=\"background: white; color: #333333; font-family: 'Helvetica','sans-serif';\">\u00abLa pastorale familiare deve far sperimentare che il Vangelo della famiglia \u00e8 risposta alle attese pi\u00f9 profonde della persona umana, alla sua dignit\u00e0 e alla realizzazione piena nella reciprocit\u00e0, nella comunione e nella fecondit\u00e0\u00bb (Amoris Laetitia, 2016). <\/span><\/p>\n<p><span style=\"background: white; color: #333333; font-family: 'Helvetica','sans-serif';\">A tal fine \u2013 coadiuvato dalla Consulta diocesana della famiglia \u2013 promuove cammini di educazione agli affetti e preparazione al sacramento del matrimonio, l\u2019accompagnamento della coppia lungo l\u2019intero ciclo di vita, iniziative di spiritualit\u00e0 coniugale, spazi di ascolto e di sostegno delle fragilit\u00e0 familiari (con particolare attenzione alle famiglie separate, divorziate, in nuova unione), percorsi di formazione per gli operatori della pastorale familiare e per le comunit\u00e0 parrocchiali. Porta avanti una riflessione costante sulle problematiche morali, religiose e sociali riguardanti la coppia e la famiglia; promuove tutte le iniziative sulla famiglia da parte di parrocchie, unit\u00e0 pastorali, gruppi, associazioni e movimenti; sostiene tutte le iniziative a favore della famiglia, soprattutto quelle di promozione sociale e politica in dialogo con le istituzioni civili.<\/span><\/p>\n<p><span style=\"background: white; color: #333333; font-family: 'Helvetica','sans-serif';\">\u00a0<\/span><span style=\"background: white; color: #333333; font-family: 'Helvetica','sans-serif';\">Una sezione dell'ufficio si occupa nello specifico della pastorale degli anziani.<\/span><span style=\"color: #000000; font-family: Calibri;\"><br \/>\n<\/span><\/p>\n<\/div>\n<div>\n<p><span style=\"color: #ff0000;\">Coloro che volessero essere inseriti nella mailing list dell'Ufficio Famiglia, possono inviare la richiesta al seguente indirizzo: <\/span><span style=\"color: #ff0000;\"><a href=\"mailto:famiglia@diocesi.torino.it\">famiglia@diocesi.torino.it<\/a><\/span><\/p>\n<p><strong>Sede<\/strong>: Via Val della Torre 3<\/p>\n<div><strong>Orari:<\/strong>\u00a09 \u2013 12.30; 14 - 16.30\u00a0(chiuso il sabato).<\/div>\n<div><strong>Tel.:<\/strong> 011\/51.56.327 (segreteria)<\/div>\n<div><strong>FAX:<\/strong>\u00a0011\/51.56.339<\/div>\n<div><strong>E-mail:\u00a0 <\/strong><a href=\"mailto:con.gerbi@diocesi.to.it\">famiglia@diocesi.to.it \u00a0 <\/a><a href=\"mailto:con.gerbi@diocesi.to.it\">con.gerbi@diocesi.to.it<\/a><\/div>\n<div><strong>Direttori:<\/strong> Coniugi Barbara CELIA e Arturo-Carlo GERBI<\/div>\n<div>\n<div><\/div>\n<\/div>\n<div><\/div>\n<\/div>\n<div><\/div>\n<\/div>\n<\/div><\/div><\/div><\/div><\/div>","protected":false},"excerpt":{"rendered":"<p>L\u2019Ufficio ha la missione di trasmettere il Vangelo del Matrimonio e della Famiglia, coordinando e promuovendo iniziative che sostengono la vocazione e la missione della famiglia nella Chiesa e nel mondo contemporaneo: \u00abLa pastorale familiare deve far sperimentare che il Vangelo della famiglia \u00e8 risposta alle attese pi\u00f9 profonde della persona umana, alla sua dignit\u00e0 e alla realizzazione piena nella reciprocit\u00e0, nella comunione e nella &hellip; <a href=\"https:\/\/www.diocesi.torino.it\/famiglia\/chi-siamo\/\" class=\"more-link\">Continua a leggere <span class=\"screen-reader-text\"><\/span> <span class=\"meta-nav\">&raquo;<\/span><\/a><\/p>\n","protected":false},"author":1,"featured_media":0,"parent":0,"menu_order":0,"comment_status":"closed","ping_status":"closed","template":"","meta":{"ip_address":"","user_agent":"","level":"","revision":"","cookie_id":"","page_referer":"","html_form":"","_expiration-date-status":"","_expiration-date":0,"_expiration-date-type":"","_expiration-date-categories":[],"_expiration-date-options":[]},"acf":[],"yoast_head":"<!-- This site is optimized with the Yoast SEO plugin v20.8 - https:\/\/yoast.com\/wordpress\/plugins\/seo\/ -->\n<title>Chi siamo - Pastorale della FAMIGLIA<\/title>\n<meta name=\"robots\" content=\"index, follow, max-snippet:-1, max-image-preview:large, max-video-preview:-1\" \/>\n<link rel=\"canonical\" href=\"https:\/\/www.diocesi.torino.it\/famiglia\/chi-siamo\/\" \/>\n<meta property=\"og:locale\" content=\"it_IT\" \/>\n<meta property=\"og:type\" content=\"article\" \/>\n<meta property=\"og:title\" content=\"Chi siamo - Pastorale della FAMIGLIA\" \/>\n<meta property=\"og:description\" content=\"L\u2019Ufficio ha la missione di trasmettere il Vangelo del Matrimonio e della Famiglia, coordinando e promuovendo iniziative che sostengono la vocazione e la missione della famiglia nella Chiesa e nel mondo contemporaneo: \u00abLa pastorale familiare deve far sperimentare che il Vangelo della famiglia \u00e8 risposta alle attese pi\u00f9 profonde della persona umana, alla sua dignit\u00e0 e alla realizzazione piena nella reciprocit\u00e0, nella comunione e nella &hellip; Continua a leggere &raquo;\" \/>\n<meta property=\"og:url\" content=\"https:\/\/www.diocesi.torino.it\/famiglia\/chi-siamo\/\" \/>\n<meta property=\"og:site_name\" content=\"Pastorale della FAMIGLIA\" \/>\n<meta property=\"article:modified_time\" content=\"2024-11-29T11:06:09+00:00\" \/>\n<meta name=\"twitter:card\" content=\"summary_large_image\" \/>\n<meta name=\"twitter:label1\" content=\"Tempo di lettura stimato\" \/>\n\t<meta name=\"twitter:data1\" content=\"2 minuti\" \/>\n<script type=\"application\/ld+json\" class=\"yoast-schema-graph\">{\"@context\":\"https:\/\/schema.org\",\"@graph\":[{\"@type\":\"WebPage\",\"@id\":\"https:\/\/www.diocesi.torino.it\/famiglia\/chi-siamo\/\",\"url\":\"https:\/\/www.diocesi.torino.it\/famiglia\/chi-siamo\/\",\"name\":\"Chi siamo - Pastorale della FAMIGLIA\",\"isPartOf\":{\"@id\":\"https:\/\/www.diocesi.torino.it\/famiglia\/#website\"},\"datePublished\":\"2010-03-02T15:00:00+00:00\",\"dateModified\":\"2024-11-29T11:06:09+00:00\",\"breadcrumb\":{\"@id\":\"https:\/\/www.diocesi.torino.it\/famiglia\/chi-siamo\/#breadcrumb\"},\"inLanguage\":\"it-IT\",\"potentialAction\":[{\"@type\":\"ReadAction\",\"target\":[\"https:\/\/www.diocesi.torino.it\/famiglia\/chi-siamo\/\"]}]},{\"@type\":\"BreadcrumbList\",\"@id\":\"https:\/\/www.diocesi.torino.it\/famiglia\/chi-siamo\/#breadcrumb\",\"itemListElement\":[{\"@type\":\"ListItem\",\"position\":1,\"name\":\"Home\",\"item\":\"https:\/\/www.diocesi.torino.it\/famiglia\/\"},{\"@type\":\"ListItem\",\"position\":2,\"name\":\"Chi siamo\"}]},{\"@type\":\"WebSite\",\"@id\":\"https:\/\/www.diocesi.torino.it\/famiglia\/#website\",\"url\":\"https:\/\/www.diocesi.torino.it\/famiglia\/\",\"name\":\"Pastorale della FAMIGLIA\",\"description\":\"\",\"publisher\":{\"@id\":\"https:\/\/www.diocesi.torino.it\/famiglia\/#organization\"},\"potentialAction\":[{\"@type\":\"SearchAction\",\"target\":{\"@type\":\"EntryPoint\",\"urlTemplate\":\"https:\/\/www.diocesi.torino.it\/famiglia\/?s={search_term_string}\"},\"query-input\":\"required name=search_term_string\"}],\"inLanguage\":\"it-IT\"},{\"@type\":\"Organization\",\"@id\":\"https:\/\/www.diocesi.torino.it\/famiglia\/#organization\",\"name\":\"Pastorale della FAMIGLIA\",\"url\":\"https:\/\/www.diocesi.torino.it\/famiglia\/\",\"logo\":{\"@type\":\"ImageObject\",\"inLanguage\":\"it-IT\",\"@id\":\"https:\/\/www.diocesi.torino.it\/famiglia\/#\/schema\/logo\/image\/\",\"url\":\"https:\/\/www.diocesi.torino.it\/famiglia\/wp-content\/uploads\/sites\/11\/2017\/11\/logoufffamiglia.png\",\"contentUrl\":\"https:\/\/www.diocesi.torino.it\/famiglia\/wp-content\/uploads\/sites\/11\/2017\/11\/logoufffamiglia.png\",\"width\":217,\"height\":168,\"caption\":\"Pastorale della FAMIGLIA\"},\"image\":{\"@id\":\"https:\/\/www.diocesi.torino.it\/famiglia\/#\/schema\/logo\/image\/\"}}]}<\/script>\n<!-- \/ Yoast SEO plugin. -->","yoast_head_json":{"title":"Chi siamo - Pastorale della FAMIGLIA","robots":{"index":"index","follow":"follow","max-snippet":"max-snippet:-1","max-image-preview":"max-image-preview:large","max-video-preview":"max-video-preview:-1"},"canonical":"https:\/\/www.diocesi.torino.it\/famiglia\/chi-siamo\/","og_locale":"it_IT","og_type":"article","og_title":"Chi siamo - Pastorale della FAMIGLIA","og_description":"L\u2019Ufficio ha la missione di trasmettere il Vangelo del Matrimonio e della Famiglia, coordinando e promuovendo iniziative che sostengono la vocazione e la missione della famiglia nella Chiesa e nel mondo contemporaneo: \u00abLa pastorale familiare deve far sperimentare che il Vangelo della famiglia \u00e8 risposta alle attese pi\u00f9 profonde della persona umana, alla sua dignit\u00e0 e alla realizzazione piena nella reciprocit\u00e0, nella comunione e nella &hellip; Continua a leggere &raquo;","og_url":"https:\/\/www.diocesi.torino.it\/famiglia\/chi-siamo\/","og_site_name":"Pastorale della FAMIGLIA","article_modified_time":"2024-11-29T11:06:09+00:00","twitter_card":"summary_large_image","twitter_misc":{"Tempo di lettura stimato":"2 minuti"},"schema":{"@context":"https:\/\/schema.org","@graph":[{"@type":"WebPage","@id":"https:\/\/www.diocesi.torino.it\/famiglia\/chi-siamo\/","url":"https:\/\/www.diocesi.torino.it\/famiglia\/chi-siamo\/","name":"Chi siamo - Pastorale della FAMIGLIA","isPartOf":{"@id":"https:\/\/www.diocesi.torino.it\/famiglia\/#website"},"datePublished":"2010-03-02T15:00:00+00:00","dateModified":"2024-11-29T11:06:09+00:00","breadcrumb":{"@id":"https:\/\/www.diocesi.torino.it\/famiglia\/chi-siamo\/#breadcrumb"},"inLanguage":"it-IT","potentialAction":[{"@type":"ReadAction","target":["https:\/\/www.diocesi.torino.it\/famiglia\/chi-siamo\/"]}]},{"@type":"BreadcrumbList","@id":"https:\/\/www.diocesi.torino.it\/famiglia\/chi-siamo\/#breadcrumb","itemListElement":[{"@type":"ListItem","position":1,"name":"Home","item":"https:\/\/www.diocesi.torino.it\/famiglia\/"},{"@type":"ListItem","position":2,"name":"Chi siamo"}]},{"@type":"WebSite","@id":"https:\/\/www.diocesi.torino.it\/famiglia\/#website","url":"https:\/\/www.diocesi.torino.it\/famiglia\/","name":"Pastorale della FAMIGLIA","description":"","publisher":{"@id":"https:\/\/www.diocesi.torino.it\/famiglia\/#organization"},"potentialAction":[{"@type":"SearchAction","target":{"@type":"EntryPoint","urlTemplate":"https:\/\/www.diocesi.torino.it\/famiglia\/?s={search_term_string}"},"query-input":"required name=search_term_string"}],"inLanguage":"it-IT"},{"@type":"Organization","@id":"https:\/\/www.diocesi.torino.it\/famiglia\/#organization","name":"Pastorale della FAMIGLIA","url":"https:\/\/www.diocesi.torino.it\/famiglia\/","logo":{"@type":"ImageObject","inLanguage":"it-IT","@id":"https:\/\/www.diocesi.torino.it\/famiglia\/#\/schema\/logo\/image\/","url":"https:\/\/www.diocesi.torino.it\/famiglia\/wp-content\/uploads\/sites\/11\/2017\/11\/logoufffamiglia.png","contentUrl":"https:\/\/www.diocesi.torino.it\/famiglia\/wp-content\/uploads\/sites\/11\/2017\/11\/logoufffamiglia.png","width":217,"height":168,"caption":"Pastorale della FAMIGLIA"},"image":{"@id":"https:\/\/www.diocesi.torino.it\/famiglia\/#\/schema\/logo\/image\/"}}]}},"_links":{"self":[{"href":"https:\/\/www.diocesi.torino.it\/famiglia\/wp-json\/wp\/v2\/pages\/610"}],"collection":[{"href":"https:\/\/www.diocesi.torino.it\/famiglia\/wp-json\/wp\/v2\/pages"}],"about":[{"href":"https:\/\/www.diocesi.torino.it\/famiglia\/wp-json\/wp\/v2\/types\/page"}],"author":[{"embeddable":true,"href":"https:\/\/www.diocesi.torino.it\/famiglia\/wp-json\/wp\/v2\/users\/1"}],"replies":[{"embeddable":true,"href":"https:\/\/www.diocesi.torino.it\/famiglia\/wp-json\/wp\/v2\/comments?post=610"}],"version-history":[{"count":9,"href":"https:\/\/www.diocesi.torino.it\/famiglia\/wp-json\/wp\/v2\/pages\/610\/revisions"}],"predecessor-version":[{"id":8983,"href":"https:\/\/www.diocesi.torino.it\/famiglia\/wp-json\/wp\/v2\/pages\/610\/revisions\/8983"}],"wp:attachment":[{"href":"https:\/\/www.diocesi.torino.it\/famiglia\/wp-json\/wp\/v2\/media?parent=610"}],"curies":[{"name":"wp","href":"https:\/\/api.w.org\/{rel}","templated":true}]}}