{"version":"1.0","provider_name":"Pastorale dei GIOVANI e dei RAGAZZI","provider_url":"https:\/\/www.diocesi.torino.it\/giovani","title":"Campo: Chiamati per nome - Perch\u00e9 scegliere, come scegliere - Pastorale dei GIOVANI e dei RAGAZZI","type":"rich","width":600,"height":338,"html":"<blockquote class=\"wp-embedded-content\" data-secret=\"aY9A4X1AX5\"><a href=\"https:\/\/www.diocesi.torino.it\/giovani\/campo-chiamati-per-nome\/\">Campo: Chiamati per nome &#8211; Perch\u00e9 scegliere, come scegliere<\/a><\/blockquote><iframe sandbox=\"allow-scripts\" security=\"restricted\" src=\"https:\/\/www.diocesi.torino.it\/giovani\/campo-chiamati-per-nome\/embed\/#?secret=aY9A4X1AX5\" width=\"600\" height=\"338\" title=\"&#8220;Campo: Chiamati per nome &#8211; Perch\u00e9 scegliere, come scegliere&#8221; &#8212; Pastorale dei GIOVANI e dei RAGAZZI\" data-secret=\"aY9A4X1AX5\" frameborder=\"0\" marginwidth=\"0\" marginheight=\"0\" scrolling=\"no\" class=\"wp-embedded-content\"><\/iframe><script type=\"text\/javascript\">\n\/*! This file is auto-generated *\/\n!function(c,d){\"use strict\";var e=!1,o=!1;if(d.querySelector)if(c.addEventListener)e=!0;if(c.wp=c.wp||{},c.wp.receiveEmbedMessage);else if(c.wp.receiveEmbedMessage=function(e){var t=e.data;if(!t);else if(!(t.secret||t.message||t.value));else if(\/[^a-zA-Z0-9]\/.test(t.secret));else{for(var r,s,a,i=d.querySelectorAll('iframe[data-secret=\"'+t.secret+'\"]'),n=d.querySelectorAll('blockquote[data-secret=\"'+t.secret+'\"]'),o=new RegExp(\"^https?:$\",\"i\"),l=0;l<n.length;l++)n[l].style.display=\"none\";for(l=0;l<i.length;l++)if(r=i[l],e.source!==r.contentWindow);else{if(r.removeAttribute(\"style\"),\"height\"===t.message){if(1e3<(s=parseInt(t.value,10)))s=1e3;else if(~~s<200)s=200;r.height=s}if(\"link\"===t.message)if(s=d.createElement(\"a\"),a=d.createElement(\"a\"),s.href=r.getAttribute(\"src\"),a.href=t.value,!o.test(a.protocol));else if(a.host===s.host)if(d.activeElement===r)c.top.location.href=t.value}}},e)c.addEventListener(\"message\",c.wp.receiveEmbedMessage,!1),d.addEventListener(\"DOMContentLoaded\",t,!1),c.addEventListener(\"load\",t,!1);function t(){if(o);else{o=!0;for(var e,t,r,s=-1!==navigator.appVersion.indexOf(\"MSIE 10\"),a=!!navigator.userAgent.match(\/Trident.*rv:11\\.\/),i=d.querySelectorAll(\"iframe.wp-embedded-content\"),n=0;n<i.length;n++){if(!(r=(t=i[n]).getAttribute(\"data-secret\")))r=Math.random().toString(36).substr(2,10),t.src+=\"#?secret=\"+r,t.setAttribute(\"data-secret\",r);if(s||a)(e=t.cloneNode(!0)).removeAttribute(\"security\"),t.parentNode.replaceChild(e,t);t.contentWindow.postMessage({message:\"ready\",secret:r},\"*\")}}}}(window,document);\n<\/script>\n","thumbnail_url":"https:\/\/www.diocesi.torino.it\/giovani\/wp-content\/uploads\/sites\/14\/2024\/07\/Chiamati-per-nome-1-948x1024-1.jpeg","thumbnail_width":556,"thumbnail_height":329,"description":"Quest&#8217;estate, dal 29 luglio al 3 agosto, la pastorale giovanile vocazionale diocesana propone il campo &#8220;Chiamati per nome&#8221;, di\u00a0seguito le indicazioni: Campo: \u201cChiamati per nome\u201d. Perch\u00e9 scegliere, come scegliere Destinatari: giovani dai 19 ai 26 anni Luogo: Les Combes Finalit\u00e0: offrire dei giorni di discernimento a partire dalla Parola di Dio, di fraternit\u00e0 e di conoscenza di s\u00e9. Un tempo in continuit\u00e0 con il percorso &hellip; Continua a leggere &raquo;"}

Campo: Chiamati per nome - Perché scegliere, come scegliere - Pastorale dei GIOVANI e dei RAGAZZI

<blockquote class="wp-embedded-content" data-secret="aY9A4X1AX5"><a href="https://www.diocesi.torino.it/giovani/campo-chiamati-per-nome/">Campo: Chiamati per nome &#8211; Perché scegliere, come scegliere</a></blockquote><iframe sandbox="allow-scripts" security="restricted" src="https://www.diocesi.torino.it/giovani/campo-chiamati-per-nome/embed/#?secret=aY9A4X1AX5" width="600" height="338" title="&#8220;Campo: Chiamati per nome &#8211; Perché scegliere, come scegliere&#8221; &#8212; Pastorale dei GIOVANI e dei RAGAZZI" data-secret="aY9A4X1AX5" frameborder="0" marginwidth="0" marginheight="0" scrolling="no" class="wp-embedded-content"></iframe><script type="text/javascript">
/*! This file is auto-generated */
!function(c,d){"use strict";var e=!1,o=!1;if(d.querySelector)if(c.addEventListener)e=!0;if(c.wp=c.wp||{},c.wp.receiveEmbedMessage);else if(c.wp.receiveEmbedMessage=function(e){var t=e.data;if(!t);else if(!(t.secret||t.message||t.value));else if(/[^a-zA-Z0-9]/.test(t.secret));else{for(var r,s,a,i=d.querySelectorAll('iframe[data-secret="'+t.secret+'"]'),n=d.querySelectorAll('blockquote[data-secret="'+t.secret+'"]'),o=new RegExp("^https?:$","i"),l=0;l<n.length;l++)n[l].style.display="none";for(l=0;l<i.length;l++)if(r=i[l],e.source!==r.contentWindow);else{if(r.removeAttribute("style"),"height"===t.message){if(1e3<(s=parseInt(t.value,10)))s=1e3;else if(~~s<200)s=200;r.height=s}if("link"===t.message)if(s=d.createElement("a"),a=d.createElement("a"),s.href=r.getAttribute("src"),a.href=t.value,!o.test(a.protocol));else if(a.host===s.host)if(d.activeElement===r)c.top.location.href=t.value}}},e)c.addEventListener("message",c.wp.receiveEmbedMessage,!1),d.addEventListener("DOMContentLoaded",t,!1),c.addEventListener("load",t,!1);function t(){if(o);else{o=!0;for(var e,t,r,s=-1!==navigator.appVersion.indexOf("MSIE 10"),a=!!navigator.userAgent.match(/Trident.*rv:11\./),i=d.querySelectorAll("iframe.wp-embedded-content"),n=0;n<i.length;n++){if(!(r=(t=i[n]).getAttribute("data-secret")))r=Math.random().toString(36).substr(2,10),t.src+="#?secret="+r,t.setAttribute("data-secret",r);if(s||a)(e=t.cloneNode(!0)).removeAttribute("security"),t.parentNode.replaceChild(e,t);t.contentWindow.postMessage({message:"ready",secret:r},"*")}}}}(window,document);
</script>

Quest&#8217;estate, dal 29 luglio al 3 agosto, la pastorale giovanile vocazionale diocesana propone il campo &#8220;Chiamati per nome&#8221;, di seguito le indicazioni: Campo: “Chiamati per nome”. Perché scegliere, come scegliere Destinatari: giovani dai 19 ai 26 anni Luogo: Les Combes Finalità: offrire dei giorni di discernimento a partire dalla Parola di Dio, di fraternità e di conoscenza di sé. Un tempo in continuità con il percorso &hellip; Continua a leggere &raquo;
