{"version":"1.0","provider_name":"Pastorale dei GIOVANI e dei RAGAZZI","provider_url":"https:\/\/www.diocesi.torino.it\/giovani","title":"\u201cNel silenzio del grande cedro\u201d - Pastorale dei GIOVANI e dei RAGAZZI","type":"rich","width":600,"height":338,"html":"<blockquote class=\"wp-embedded-content\" data-secret=\"6L0xKEz3w6\"><a href=\"https:\/\/www.diocesi.torino.it\/giovani\/nel-silenzio-del-grande-cedro\/\">\u201cNel silenzio del grande cedro\u201d<\/a><\/blockquote><iframe sandbox=\"allow-scripts\" security=\"restricted\" src=\"https:\/\/www.diocesi.torino.it\/giovani\/nel-silenzio-del-grande-cedro\/embed\/#?secret=6L0xKEz3w6\" width=\"600\" height=\"338\" title=\"&#8220;\u201cNel silenzio del grande cedro\u201d&#8221; &#8212; Pastorale dei GIOVANI e dei RAGAZZI\" data-secret=\"6L0xKEz3w6\" frameborder=\"0\" marginwidth=\"0\" marginheight=\"0\" scrolling=\"no\" class=\"wp-embedded-content\"><\/iframe><script type=\"text\/javascript\">\n\/*! This file is auto-generated *\/\n!function(c,d){\"use strict\";var e=!1,o=!1;if(d.querySelector)if(c.addEventListener)e=!0;if(c.wp=c.wp||{},c.wp.receiveEmbedMessage);else if(c.wp.receiveEmbedMessage=function(e){var t=e.data;if(!t);else if(!(t.secret||t.message||t.value));else if(\/[^a-zA-Z0-9]\/.test(t.secret));else{for(var r,s,a,i=d.querySelectorAll('iframe[data-secret=\"'+t.secret+'\"]'),n=d.querySelectorAll('blockquote[data-secret=\"'+t.secret+'\"]'),o=new RegExp(\"^https?:$\",\"i\"),l=0;l<n.length;l++)n[l].style.display=\"none\";for(l=0;l<i.length;l++)if(r=i[l],e.source!==r.contentWindow);else{if(r.removeAttribute(\"style\"),\"height\"===t.message){if(1e3<(s=parseInt(t.value,10)))s=1e3;else if(~~s<200)s=200;r.height=s}if(\"link\"===t.message)if(s=d.createElement(\"a\"),a=d.createElement(\"a\"),s.href=r.getAttribute(\"src\"),a.href=t.value,!o.test(a.protocol));else if(a.host===s.host)if(d.activeElement===r)c.top.location.href=t.value}}},e)c.addEventListener(\"message\",c.wp.receiveEmbedMessage,!1),d.addEventListener(\"DOMContentLoaded\",t,!1),c.addEventListener(\"load\",t,!1);function t(){if(o);else{o=!0;for(var e,t,r,s=-1!==navigator.appVersion.indexOf(\"MSIE 10\"),a=!!navigator.userAgent.match(\/Trident.*rv:11\\.\/),i=d.querySelectorAll(\"iframe.wp-embedded-content\"),n=0;n<i.length;n++){if(!(r=(t=i[n]).getAttribute(\"data-secret\")))r=Math.random().toString(36).substr(2,10),t.src+=\"#?secret=\"+r,t.setAttribute(\"data-secret\",r);if(s||a)(e=t.cloneNode(!0)).removeAttribute(\"security\"),t.parentNode.replaceChild(e,t);t.contentWindow.postMessage({message:\"ready\",secret:r},\"*\")}}}}(window,document);\n<\/script>\n","thumbnail_url":"https:\/\/www.diocesi.torino.it\/giovani\/wp-content\/uploads\/sites\/14\/2019\/03\/logoGMG2019articolo.jpg","thumbnail_width":400,"thumbnail_height":502,"description":"Una GMG dedicata al silenzio: sar\u00e0 in continuit\u00e0 con la scelta compiuta in questi anni, di abitare luoghi significativi del nostro territorio, ma segner\u00e0 anche una novit\u00e0 la prossima edizione della Giornata Mondiale della Giovent\u00f9, celebrata in forma diocesana. Nella sera e nella notte di\u00a0sabato 13 aprile, vigilia della Domenica delle Palme, l\u2019invito per i giovani della nostra Arcidiocesi li convocher\u00e0 infatti in uno dei &hellip; Continua a leggere &raquo;"}

Una GMG dedicata al silenzio: sarà in continuità con la scelta compiuta in questi anni, di abitare luoghi significativi del nostro territorio, ma segnerà anche una novità la prossima edizione della Giornata Mondiale della Gioventù, celebrata in forma diocesana. Nella sera e nella notte di sabato 13 aprile, vigilia della Domenica delle Palme, l’invito per i giovani della nostra Arcidiocesi li convocherà infatti in uno dei &hellip; Continua a leggere &raquo;
