{"version":"1.0","provider_name":"Pastorale LITURGICA","provider_url":"https:\/\/www.diocesi.torino.it\/liturgico","title":"Verso il XXVI Congresso Eucaristico di Genova - Pastorale LITURGICA","type":"rich","width":600,"height":338,"html":"<blockquote class=\"wp-embedded-content\" data-secret=\"PIX7qnMdnS\"><a href=\"https:\/\/www.diocesi.torino.it\/liturgico\/verso-il-xxvi-congresso-eucaristico-di-genova\/\">Verso il XXVI Congresso Eucaristico di Genova<\/a><\/blockquote><iframe sandbox=\"allow-scripts\" security=\"restricted\" src=\"https:\/\/www.diocesi.torino.it\/liturgico\/verso-il-xxvi-congresso-eucaristico-di-genova\/embed\/#?secret=PIX7qnMdnS\" width=\"600\" height=\"338\" title=\"&#8220;Verso il XXVI Congresso Eucaristico di Genova&#8221; &#8212; Pastorale LITURGICA\" data-secret=\"PIX7qnMdnS\" frameborder=\"0\" marginwidth=\"0\" marginheight=\"0\" scrolling=\"no\" class=\"wp-embedded-content\"><\/iframe><script type=\"text\/javascript\">\n\/*! This file is auto-generated *\/\n!function(c,d){\"use strict\";var e=!1,o=!1;if(d.querySelector)if(c.addEventListener)e=!0;if(c.wp=c.wp||{},c.wp.receiveEmbedMessage);else if(c.wp.receiveEmbedMessage=function(e){var t=e.data;if(!t);else if(!(t.secret||t.message||t.value));else if(\/[^a-zA-Z0-9]\/.test(t.secret));else{for(var r,s,a,i=d.querySelectorAll('iframe[data-secret=\"'+t.secret+'\"]'),n=d.querySelectorAll('blockquote[data-secret=\"'+t.secret+'\"]'),o=new RegExp(\"^https?:$\",\"i\"),l=0;l<n.length;l++)n[l].style.display=\"none\";for(l=0;l<i.length;l++)if(r=i[l],e.source!==r.contentWindow);else{if(r.removeAttribute(\"style\"),\"height\"===t.message){if(1e3<(s=parseInt(t.value,10)))s=1e3;else if(~~s<200)s=200;r.height=s}if(\"link\"===t.message)if(s=d.createElement(\"a\"),a=d.createElement(\"a\"),s.href=r.getAttribute(\"src\"),a.href=t.value,!o.test(a.protocol));else if(a.host===s.host)if(d.activeElement===r)c.top.location.href=t.value}}},e)c.addEventListener(\"message\",c.wp.receiveEmbedMessage,!1),d.addEventListener(\"DOMContentLoaded\",t,!1),c.addEventListener(\"load\",t,!1);function t(){if(o);else{o=!0;for(var e,t,r,s=-1!==navigator.appVersion.indexOf(\"MSIE 10\"),a=!!navigator.userAgent.match(\/Trident.*rv:11\\.\/),i=d.querySelectorAll(\"iframe.wp-embedded-content\"),n=0;n<i.length;n++){if(!(r=(t=i[n]).getAttribute(\"data-secret\")))r=Math.random().toString(36).substr(2,10),t.src+=\"#?secret=\"+r,t.setAttribute(\"data-secret\",r);if(s||a)(e=t.cloneNode(!0)).removeAttribute(\"security\"),t.parentNode.replaceChild(e,t);t.contentWindow.postMessage({message:\"ready\",secret:r},\"*\")}}}}(window,document);\n<\/script>\n","thumbnail_url":"https:\/\/www.diocesi.torino.it\/liturgico\/wp-content\/uploads\/sites\/4\/2017\/05\/adorazioneeucaristica2.jpg","thumbnail_width":705,"thumbnail_height":388,"description":"Il \u2018motto\u2019 programmatico del Congresso eucaristico di Genova: L\u2019EUCARISTIA SORGENTE DELLA MISSIONE: \u201cNella tua misericordia a tutti sei venuto incontro\u201d, \u00e8 tratto dalla Preghiera eucaristica IV. La ragione di questa scelta non \u00e8 semplicemente quella di collocarci in modo pi\u00f9 adeguato all\u2019interno dell\u2019anno giubilare, n\u00e9 di farci soltanto riscoprire la bellezza e la ricchezza di questa preghiera eucaristica, ma soprattutto farci partecipare alla liturgia \u201ccon &hellip; Continua a leggere &raquo;"}

Il ‘motto’ programmatico del Congresso eucaristico di Genova: L’EUCARISTIA SORGENTE DELLA MISSIONE: “Nella tua misericordia a tutti sei venuto incontro”, è tratto dalla Preghiera eucaristica IV. La ragione di questa scelta non è semplicemente quella di collocarci in modo più adeguato all’interno dell’anno giubilare, né di farci soltanto riscoprire la bellezza e la ricchezza di questa preghiera eucaristica, ma soprattutto farci partecipare alla liturgia “con &hellip; Continua a leggere &raquo;
