{"version":"1.0","provider_name":"Pastorale LITURGICA","provider_url":"https:\/\/www.diocesi.torino.it\/liturgico","title":"X. I riti della cremazione - Pastorale LITURGICA","type":"rich","width":600,"height":338,"html":"<blockquote class=\"wp-embedded-content\" data-secret=\"qOYLqfUsBG\"><a href=\"https:\/\/www.diocesi.torino.it\/liturgico\/x-i-riti-della-cremazione\/\">X. I riti della cremazione<\/a><\/blockquote><iframe sandbox=\"allow-scripts\" security=\"restricted\" src=\"https:\/\/www.diocesi.torino.it\/liturgico\/x-i-riti-della-cremazione\/embed\/#?secret=qOYLqfUsBG\" width=\"600\" height=\"338\" title=\"&#8220;X. I riti della cremazione&#8221; &#8212; Pastorale LITURGICA\" data-secret=\"qOYLqfUsBG\" frameborder=\"0\" marginwidth=\"0\" marginheight=\"0\" scrolling=\"no\" class=\"wp-embedded-content\"><\/iframe><script type=\"text\/javascript\">\n\/*! This file is auto-generated *\/\n!function(c,d){\"use strict\";var e=!1,o=!1;if(d.querySelector)if(c.addEventListener)e=!0;if(c.wp=c.wp||{},c.wp.receiveEmbedMessage);else if(c.wp.receiveEmbedMessage=function(e){var t=e.data;if(!t);else if(!(t.secret||t.message||t.value));else if(\/[^a-zA-Z0-9]\/.test(t.secret));else{for(var r,s,a,i=d.querySelectorAll('iframe[data-secret=\"'+t.secret+'\"]'),n=d.querySelectorAll('blockquote[data-secret=\"'+t.secret+'\"]'),o=new RegExp(\"^https?:$\",\"i\"),l=0;l<n.length;l++)n[l].style.display=\"none\";for(l=0;l<i.length;l++)if(r=i[l],e.source!==r.contentWindow);else{if(r.removeAttribute(\"style\"),\"height\"===t.message){if(1e3<(s=parseInt(t.value,10)))s=1e3;else if(~~s<200)s=200;r.height=s}if(\"link\"===t.message)if(s=d.createElement(\"a\"),a=d.createElement(\"a\"),s.href=r.getAttribute(\"src\"),a.href=t.value,!o.test(a.protocol));else if(a.host===s.host)if(d.activeElement===r)c.top.location.href=t.value}}},e)c.addEventListener(\"message\",c.wp.receiveEmbedMessage,!1),d.addEventListener(\"DOMContentLoaded\",t,!1),c.addEventListener(\"load\",t,!1);function t(){if(o);else{o=!0;for(var e,t,r,s=-1!==navigator.appVersion.indexOf(\"MSIE 10\"),a=!!navigator.userAgent.match(\/Trident.*rv:11\\.\/),i=d.querySelectorAll(\"iframe.wp-embedded-content\"),n=0;n<i.length;n++){if(!(r=(t=i[n]).getAttribute(\"data-secret\")))r=Math.random().toString(36).substr(2,10),t.src+=\"#?secret=\"+r,t.setAttribute(\"data-secret\",r);if(s||a)(e=t.cloneNode(!0)).removeAttribute(\"security\"),t.parentNode.replaceChild(e,t);t.contentWindow.postMessage({message:\"ready\",secret:r},\"*\")}}}}(window,document);\n<\/script>\n","thumbnail_url":"https:\/\/www.diocesi.torino.it\/liturgico\/wp-content\/uploads\/sites\/4\/2017\/05\/CAP-10.jpg","thumbnail_width":275,"thumbnail_height":282,"description":"Di fronte all\u0092aumento della richiesta di cremazione, si pongono nuove esigenze celebrative. Il caso pi\u00f9 problematico \u00e8 relativo alla possibilit\u00e0 di celebrare le esequie in presenza di un\u0092urna cineraria. La cosa non era contemplata nel Rituale delle Esequie (1970, editio typica latina; 1974, traduzione italiana): la Chiesa cattolica, infatti, da sempre celebra i gesti delle esequie in presenza del corpo del defunto, invitando a posticipare &hellip; Continua a leggere &raquo;"}

Di fronte allaumento della richiesta di cremazione, si pongono nuove esigenze celebrative. Il caso più problematico è relativo alla possibilità di celebrare le esequie in presenza di unurna cineraria. La cosa non era contemplata nel Rituale delle Esequie (1970, editio typica latina; 1974, traduzione italiana): la Chiesa cattolica, infatti, da sempre celebra i gesti delle esequie in presenza del corpo del defunto, invitando a posticipare &hellip; Continua a leggere &raquo;
