{"version":"1.0","provider_name":"Pastorale MISSIONARIA e cooperazione tra le Chiese","provider_url":"https:\/\/www.diocesi.torino.it\/missionario","title":"Settimana Santa - Pastorale MISSIONARIA e cooperazione tra le Chiese","type":"rich","width":600,"height":338,"html":"<blockquote class=\"wp-embedded-content\" data-secret=\"x2xLklRA4K\"><a href=\"https:\/\/www.diocesi.torino.it\/missionario\/settimana-santa\/\">Settimana Santa<\/a><\/blockquote><iframe sandbox=\"allow-scripts\" security=\"restricted\" src=\"https:\/\/www.diocesi.torino.it\/missionario\/settimana-santa\/embed\/#?secret=x2xLklRA4K\" width=\"600\" height=\"338\" title=\"&#8220;Settimana Santa&#8221; &#8212; Pastorale MISSIONARIA e cooperazione tra le Chiese\" data-secret=\"x2xLklRA4K\" frameborder=\"0\" marginwidth=\"0\" marginheight=\"0\" scrolling=\"no\" class=\"wp-embedded-content\"><\/iframe><script type=\"text\/javascript\">\n\/*! This file is auto-generated *\/\n!function(c,d){\"use strict\";var e=!1,o=!1;if(d.querySelector)if(c.addEventListener)e=!0;if(c.wp=c.wp||{},c.wp.receiveEmbedMessage);else if(c.wp.receiveEmbedMessage=function(e){var t=e.data;if(!t);else if(!(t.secret||t.message||t.value));else if(\/[^a-zA-Z0-9]\/.test(t.secret));else{for(var r,s,a,i=d.querySelectorAll('iframe[data-secret=\"'+t.secret+'\"]'),n=d.querySelectorAll('blockquote[data-secret=\"'+t.secret+'\"]'),o=new RegExp(\"^https?:$\",\"i\"),l=0;l<n.length;l++)n[l].style.display=\"none\";for(l=0;l<i.length;l++)if(r=i[l],e.source!==r.contentWindow);else{if(r.removeAttribute(\"style\"),\"height\"===t.message){if(1e3<(s=parseInt(t.value,10)))s=1e3;else if(~~s<200)s=200;r.height=s}if(\"link\"===t.message)if(s=d.createElement(\"a\"),a=d.createElement(\"a\"),s.href=r.getAttribute(\"src\"),a.href=t.value,!o.test(a.protocol));else if(a.host===s.host)if(d.activeElement===r)c.top.location.href=t.value}}},e)c.addEventListener(\"message\",c.wp.receiveEmbedMessage,!1),d.addEventListener(\"DOMContentLoaded\",t,!1),c.addEventListener(\"load\",t,!1);function t(){if(o);else{o=!0;for(var e,t,r,s=-1!==navigator.appVersion.indexOf(\"MSIE 10\"),a=!!navigator.userAgent.match(\/Trident.*rv:11\\.\/),i=d.querySelectorAll(\"iframe.wp-embedded-content\"),n=0;n<i.length;n++){if(!(r=(t=i[n]).getAttribute(\"data-secret\")))r=Math.random().toString(36).substr(2,10),t.src+=\"#?secret=\"+r,t.setAttribute(\"data-secret\",r);if(s||a)(e=t.cloneNode(!0)).removeAttribute(\"security\"),t.parentNode.replaceChild(e,t);t.contentWindow.postMessage({message:\"ready\",secret:r},\"*\")}}}}(window,document);\n<\/script>\n","thumbnail_url":"https:\/\/www.diocesi.torino.it\/missionario\/wp-content\/uploads\/sites\/17\/2021\/03\/Settimana-Santa.png","thumbnail_width":1640,"thumbnail_height":924,"description":"IL VESTITO DI GES\u00d9 Via Crucis a cura dell\u2019Ufficio Liturgico Ricordando le ultime ore di Ges\u00f9, contempliamo\u00a0 in Lui il \u201ctessitore di fraternit\u00e0\u201d: Egli \u00e8 Colui che con il suo gesto di amore si \u00e8 svestito della sua onnipotenza per rivestire la nostra debolezza. Egli \u00e8 Colui che ci ha rivestiti delle sue vesti, perch\u00e9 potessimo vivere da creature nuove. La Via Crucis, da pregare &hellip; Continua a leggere &raquo;"}

IL VESTITO DI GESÙ Via Crucis a cura dell’Ufficio Liturgico Ricordando le ultime ore di Gesù, contempliamo  in Lui il “tessitore di fraternità”: Egli è Colui che con il suo gesto di amore si è svestito della sua onnipotenza per rivestire la nostra debolezza. Egli è Colui che ci ha rivestiti delle sue vesti, perché potessimo vivere da creature nuove. La Via Crucis, da pregare &hellip; Continua a leggere &raquo;
