{"id":1070,"date":"2010-03-12T10:05:00","date_gmt":"2010-03-12T09:05:00","guid":{"rendered":"http:\/\/www.diocesi.torino.it\/missionario\/cooperazione-missionaria\/giornata-missionaria-mondiale\/"},"modified":"2025-09-16T09:35:13","modified_gmt":"2025-09-16T07:35:13","slug":"giornata-missionaria-mondiale","status":"publish","type":"page","link":"https:\/\/www.diocesi.torino.it\/missionario\/cooperazionetralechiese\/giornata-missionaria-mondiale\/","title":{"rendered":"Giornata Missionaria Mondiale"},"content":{"rendered":"<div id=\"pl-1070\"  class=\"panel-layout\" ><div id=\"pg-1070-0\"  class=\"panel-grid panel-no-style\" ><div id=\"pgc-1070-0-0\"  class=\"panel-grid-cell\" ><div id=\"panel-1070-0-0-0\" class=\"so-panel widget widget_sow-editor panel-first-child panel-last-child\" data-index=\"0\" ><div\n\t\t\t\n\t\t\tclass=\"so-widget-sow-editor so-widget-sow-editor-base\"\n\t\t\t\n\t\t>\n<div class=\"siteorigin-widget-tinymce textwidget\">\n\t<p><img decoding=\"async\" loading=\"lazy\" class=\"wp-image-10151 alignleft\" src=\"https:\/\/www.diocesi.torino.it\/missionario\/wp-content\/uploads\/sites\/17\/2024\/10\/GMM-2024-manifesto-05-no-registri-small-1472x2048-1-216x300.jpg\" alt=\"\" width=\"222\" height=\"308\" srcset=\"https:\/\/www.diocesi.torino.it\/missionario\/wp-content\/uploads\/sites\/17\/2024\/10\/GMM-2024-manifesto-05-no-registri-small-1472x2048-1-216x300.jpg 216w, https:\/\/www.diocesi.torino.it\/missionario\/wp-content\/uploads\/sites\/17\/2024\/10\/GMM-2024-manifesto-05-no-registri-small-1472x2048-1-736x1024.jpg 736w, https:\/\/www.diocesi.torino.it\/missionario\/wp-content\/uploads\/sites\/17\/2024\/10\/GMM-2024-manifesto-05-no-registri-small-1472x2048-1-768x1069.jpg 768w, https:\/\/www.diocesi.torino.it\/missionario\/wp-content\/uploads\/sites\/17\/2024\/10\/GMM-2024-manifesto-05-no-registri-small-1472x2048-1-201x280.jpg 201w, https:\/\/www.diocesi.torino.it\/missionario\/wp-content\/uploads\/sites\/17\/2024\/10\/GMM-2024-manifesto-05-no-registri-small-1472x2048-1-552x768.jpg 552w, https:\/\/www.diocesi.torino.it\/missionario\/wp-content\/uploads\/sites\/17\/2024\/10\/GMM-2024-manifesto-05-no-registri-small-1472x2048-1-1104x1536.jpg 1104w, https:\/\/www.diocesi.torino.it\/missionario\/wp-content\/uploads\/sites\/17\/2024\/10\/GMM-2024-manifesto-05-no-registri-small-1472x2048-1-600x835.jpg 600w, https:\/\/www.diocesi.torino.it\/missionario\/wp-content\/uploads\/sites\/17\/2024\/10\/GMM-2024-manifesto-05-no-registri-small-1472x2048-1-1200x1670.jpg 1200w, https:\/\/www.diocesi.torino.it\/missionario\/wp-content\/uploads\/sites\/17\/2024\/10\/GMM-2024-manifesto-05-no-registri-small-1472x2048-1-800x1113.jpg 800w, https:\/\/www.diocesi.torino.it\/missionario\/wp-content\/uploads\/sites\/17\/2024\/10\/GMM-2024-manifesto-05-no-registri-small-1472x2048-1.jpg 1472w\" sizes=\"(max-width: 222px) 100vw, 222px\" \/>Nel 1926, l'Opera della Propagazione della Fede propose a Papa Pio XI di indire una giornata annuale in favore dell'attivit\u00e0 missionaria della Chiesa universale. La richiesta venne accolta con favore e l'anno successivo (1927) fu celebrata la prima \u0093<\/p>\n<p><a href=\"https:\/\/www.diocesi.torino.it\/missionario\/22-ottobre-2023-giornata-missionaria-mondiale\/\"><strong>Giornata Missionaria Mondiale per la propagazione della fede<\/strong><\/a>, stabilendo che ci\u00f2 avvenisse ogni penultima domenica di ottobre. La celebrazione annuale della Giornata Missionaria Mondiale \u00e8 un'importante occasione per riportare l'attenzione sui numerosi bisogni materiali delle cosiddette Chiese di missione e richiamare la responsabilit\u00e0 di ognuno.\u00a0 La colletta, che nella Giornata Missionaria Mondiale viene fatta in tutte le parrocchie, sia segno di comunione e di sollecitudine vicendevole tra le Chiese\u0094 (Benedetto XVI).<\/p>\n<p>&nbsp;<\/p>\n<p><strong>Le finalit\u00e0:<\/strong><\/p>\n<p>Alle <strong>Pontificie Opere Missionarie <\/strong>\u00e8 chiesto di assicurare che tutte le comunit\u00e0, soprattutto le pi\u00f9 piccole, povere e lontane, possano ricevere gli aiuti di cui hanno bisogno. La dimensione universale \u00e8 una caratteristica fondamentale della Chiesa. Per questo, <strong>le offerte pervenute vanno a confluire nel cosiddetto Fondo Universale di Solidariet\u00e0 <\/strong>e vengono poi adeguatamente ripartire trae le giovani Chiese di missione, secondo i bisogni di ciascuna.<\/p>\n<p>Il <strong>Fondo Universale di Solidariet\u00e0 delle Pontificie Opere Missionarie \u00e8 <\/strong>la somma totale di tutte le offerte ricevute durante l'anno dai fedeli dei vari Paesi del mondo, destinate alle Chiese:\u00a0di nuova o recente costituzione, per agevolarne il primo sviluppo;\u00a0prive di una piena autonomia finanziaria;\u00a0in situazioni di emergenza, dovute a guerre, carestie o calamit\u00e0 naturali.<\/p>\n<p><strong>Le azioni:\u00a0<\/strong><\/p>\n<p>Per rispondere alle esigenze primarie dell'evangelizzazione, senza trascurare la promozione umana e lo sviluppo, <strong>le Pontificie Opere Missionarie si impegnano a<\/strong>:<\/p>\n<ul>\n<li>sostenere gli studi di seminaristi, sacerdoti, religiosi, suore e catechisti laici;<\/li>\n<li>costruire e mantenere seminari, cappelle e aule per la catechesi e le attivit\u00e0 pastorali;<\/li>\n<li>assicurare assistenza sanitaria, educazione scolastica e formazione cristiana ai bambini;<\/li>\n<li>sovvenzionare radio, televisioni e stampa cattolica locali;<\/li>\n<li>fornire mezzi di locomozione ai missionari, ai sacerdoti, ai religiosi, alle suore e ai catechisti locali.<\/li>\n<\/ul>\n<p>A livello nazionale ogni anno <strong><a href=\"https:\/\/www.missioitalia.it\/ottobre-missionario-2024\/\">Fondazione Missio Italia mette a disposizione numerosi strumenti<\/a> <\/strong>e per la formazione a l'animazione dell'Ottobre Missionario, online sul sito e nella nostra sede in cartaceo sono disponibili manifesti, immaginette, bustine e sussidi.<\/p>\n<p><em style=\"font-size: inherit;\">\u201c<\/em><span style=\"font-size: inherit;\">Il mese di ottobre, nella Chiesa italiana, \u00e8 particolarmente dedicato alla preparazione e alla celebrazione della<a href=\"https:\/\/www.diocesi.torino.it\/missionario\/wp-content\/uploads\/sites\/17\/2024\/04\/20240125-giornata-missionaria.pdf\">\u00a0<\/a><\/span><strong style=\"font-size: inherit;\">Giornata Missionaria Mondiale<\/strong><span style=\"font-size: inherit;\">\u00a0che ricorre sempre nella penultima domenica del mese. Ogni anno questo appuntamento vuole alimentare la fraternit\u00e0 universale della Chiesa, ossia la comunione con tutte le Comunit\u00e0 Cristiane sparse nel mondo, oltre all\u2019impegno di solidariet\u00e0 con le Chiese di pi\u00f9 recente formazione, con quelle che vivono nei paesi pi\u00f9 poveri e con quelle che soffrono persecuzione.<\/span><\/p>\n<article class=\"article single-loop\" role=\"article\">\n<div class=\"article-content single-missio-single seed_entry_content_tbt\">\n<p>Inoltre, dal punto di vista pastorale, il \u201c<strong>mese missionario<\/strong>\u201d diventa l\u2019occasione per aiutare le nostre comunit\u00e0 cristiane e i tutti i credenti ad alimentare la propria \u201cmissione\u201d nella Chiesa e nel mondo.<\/p>\n<p>Anche il\u00a0<a href=\"https:\/\/www.diocesi.torino.it\/missionario\/wp-content\/uploads\/sites\/17\/2025\/09\/Messaggio-GMM-2025-papa-Francesco.pdf\"><strong>Messaggio di Papa Francesco per la Giornata Missionaria Mondiale<\/strong><\/a> ci ricorda che \u201cTramite i suoi discepoli, inviati a tutti i popoli e accompagnati misticamente da Lui, il Signore Ges\u00f9 continua il suo ministero di speranza per l\u2019umanit\u00e0. Egli si china ancora oggi su ogni persona povera, afflitta, disperata e oppressa dal male, per versare \u00absulle sue ferite l\u2019olio della consolazione e il vino della speranza\u00bb.\u201d<\/p>\n<p>Il materiale preparato dalla Direzione nazionale delle Pontificie Opere Missionarie insieme alle altre articolazioni della Fondazione Missio, a servizio delle Diocesi, delle parrocchie e di tutte le comunit\u00e0 cristiane, ci aiuti come Chiesa italiana a vivere in \u00abuno stato permanente di missione\u00bb (EG 25).<\/p>\n<\/div>\n<\/article>\n<\/div>\n<\/div><\/div><\/div><div id=\"pgc-1070-0-1\"  class=\"panel-grid-cell\" ><div id=\"panel-1070-0-1-0\" class=\"so-panel widget widget_sow-image panel-first-child panel-last-child\" data-index=\"1\" ><div\n\t\t\t\n\t\t\tclass=\"so-widget-sow-image so-widget-sow-image-default-8b5b6f678277-1070\"\n\t\t\t\n\t\t>\n\n<div class=\"sow-image-container\">\n\t\t\t<a href=\"https:\/\/www.diocesi.torino.it\/missionario\/come-donare\/\"\n\t\t\t\t\t>\n\t\t\t<img src=\"https:\/\/www.diocesi.torino.it\/missionario\/wp-content\/uploads\/sites\/17\/2024\/07\/come.jpg\" width=\"200\" height=\"100\" sizes=\"(max-width: 200px) 100vw, 200px\" alt=\"\" loading=\"lazy\" \t\tclass=\"so-widget-image\"\/>\n\t<\/a><\/div>\n\n<\/div><\/div><\/div><\/div><\/div><hr class=\"wpba_attachment_hr\"><div id='wpba_attachment_list' class='wpba wpba-wrap'>\n<ul class='wpba-attachment-list unstyled'><li id='wpba_attachment_list_11648' class='wpba-list-item pull-left'><img src='https:\/\/www.diocesi.torino.it\/missionario\/wp-content\/themes\/wp-starter-so\/icons\/document.png' width='16' height='20' class='wpba-icon pull-left'><a href='https:\/\/www.diocesi.torino.it\/missionario\/wp-content\/uploads\/sites\/17\/2025\/09\/Messaggio-GMM-2025-papa-Francesco.pdf' title='Messaggio GMM 2025 - papa Francesco' class='wpba-link pull-left' target=\"_blank\">Messaggio GMM 2025 - papa Francesco<\/a><\/li>\n<\/ul><\/div>\n","protected":false},"excerpt":{"rendered":"<p>Nel 1926, l&#8217;Opera della Propagazione della Fede propose a Papa Pio XI di indire una giornata annuale in favore dell&#8217;attivit\u00e0 missionaria della Chiesa universale. La richiesta venne accolta con favore e l&#8217;anno successivo (1927) fu celebrata la prima \u0093 Giornata Missionaria Mondiale per la propagazione della fede, stabilendo che ci\u00f2 avvenisse ogni penultima domenica di ottobre. La celebrazione annuale della Giornata Missionaria Mondiale \u00e8 un&#8217;importante &hellip; <a href=\"https:\/\/www.diocesi.torino.it\/missionario\/cooperazionetralechiese\/giornata-missionaria-mondiale\/\" class=\"more-link\">Continua a leggere <span class=\"screen-reader-text\"><\/span> <span class=\"meta-nav\">&raquo;<\/span><\/a><\/p>\n","protected":false},"author":1,"featured_media":0,"parent":1069,"menu_order":0,"comment_status":"closed","ping_status":"closed","template":"","meta":{"ip_address":"","user_agent":"","level":"","revision":"","cookie_id":"","page_referer":"","html_form":"","_expiration-date-status":"","_expiration-date":0,"_expiration-date-type":"","_expiration-date-categories":[],"_expiration-date-options":[]},"acf":[],"yoast_head":"<!-- This site is optimized with the Yoast SEO plugin v20.8 - https:\/\/yoast.com\/wordpress\/plugins\/seo\/ -->\n<title>Giornata Missionaria Mondiale - Pastorale MISSIONARIA e cooperazione tra le Chiese<\/title>\n<meta name=\"robots\" content=\"index, follow, max-snippet:-1, max-image-preview:large, max-video-preview:-1\" \/>\n<link rel=\"canonical\" href=\"https:\/\/www.diocesi.torino.it\/missionario\/cooperazionetralechiese\/giornata-missionaria-mondiale\/\" \/>\n<meta property=\"og:locale\" content=\"it_IT\" \/>\n<meta property=\"og:type\" content=\"article\" \/>\n<meta property=\"og:title\" content=\"Giornata Missionaria Mondiale - Pastorale MISSIONARIA e cooperazione tra le Chiese\" \/>\n<meta property=\"og:description\" content=\"Nel 1926, l&#039;Opera della Propagazione della Fede propose a Papa Pio XI di indire una giornata annuale in favore dell&#039;attivit\u00e0 missionaria della Chiesa universale. La richiesta venne accolta con favore e l&#039;anno successivo (1927) fu celebrata la prima \u0093 Giornata Missionaria Mondiale per la propagazione della fede, stabilendo che ci\u00f2 avvenisse ogni penultima domenica di ottobre. La celebrazione annuale della Giornata Missionaria Mondiale \u00e8 un&#039;importante &hellip; Continua a leggere &raquo;\" \/>\n<meta property=\"og:url\" content=\"https:\/\/www.diocesi.torino.it\/missionario\/cooperazionetralechiese\/giornata-missionaria-mondiale\/\" \/>\n<meta property=\"og:site_name\" content=\"Pastorale MISSIONARIA e cooperazione tra le Chiese\" \/>\n<meta property=\"article:modified_time\" content=\"2025-09-16T07:35:13+00:00\" \/>\n<meta property=\"og:image\" content=\"https:\/\/www.diocesi.torino.it\/missionario\/wp-content\/uploads\/sites\/17\/2024\/10\/GMM-2024-manifesto-05-no-registri-small-1472x2048-1-216x300.jpg\" \/>\n<meta name=\"twitter:card\" content=\"summary_large_image\" \/>\n<meta name=\"twitter:label1\" content=\"Tempo di lettura stimato\" \/>\n\t<meta name=\"twitter:data1\" content=\"4 minuti\" \/>\n<script type=\"application\/ld+json\" class=\"yoast-schema-graph\">{\"@context\":\"https:\/\/schema.org\",\"@graph\":[{\"@type\":\"WebPage\",\"@id\":\"https:\/\/www.diocesi.torino.it\/missionario\/cooperazionetralechiese\/giornata-missionaria-mondiale\/\",\"url\":\"https:\/\/www.diocesi.torino.it\/missionario\/cooperazionetralechiese\/giornata-missionaria-mondiale\/\",\"name\":\"Giornata Missionaria Mondiale - Pastorale MISSIONARIA e cooperazione tra le Chiese\",\"isPartOf\":{\"@id\":\"https:\/\/www.diocesi.torino.it\/missionario\/#website\"},\"datePublished\":\"2010-03-12T09:05:00+00:00\",\"dateModified\":\"2025-09-16T07:35:13+00:00\",\"breadcrumb\":{\"@id\":\"https:\/\/www.diocesi.torino.it\/missionario\/cooperazionetralechiese\/giornata-missionaria-mondiale\/#breadcrumb\"},\"inLanguage\":\"it-IT\",\"potentialAction\":[{\"@type\":\"ReadAction\",\"target\":[\"https:\/\/www.diocesi.torino.it\/missionario\/cooperazionetralechiese\/giornata-missionaria-mondiale\/\"]}]},{\"@type\":\"BreadcrumbList\",\"@id\":\"https:\/\/www.diocesi.torino.it\/missionario\/cooperazionetralechiese\/giornata-missionaria-mondiale\/#breadcrumb\",\"itemListElement\":[{\"@type\":\"ListItem\",\"position\":1,\"name\":\"Home\",\"item\":\"https:\/\/www.diocesi.torino.it\/missionario\/\"},{\"@type\":\"ListItem\",\"position\":2,\"name\":\"Cooperazione tra le Chiese\",\"item\":\"https:\/\/www.diocesi.torino.it\/missionario\/cooperazionetralechiese\/\"},{\"@type\":\"ListItem\",\"position\":3,\"name\":\"Giornata Missionaria Mondiale\"}]},{\"@type\":\"WebSite\",\"@id\":\"https:\/\/www.diocesi.torino.it\/missionario\/#website\",\"url\":\"https:\/\/www.diocesi.torino.it\/missionario\/\",\"name\":\"Pastorale MISSIONARIA e cooperazione tra le Chiese\",\"description\":\"\",\"potentialAction\":[{\"@type\":\"SearchAction\",\"target\":{\"@type\":\"EntryPoint\",\"urlTemplate\":\"https:\/\/www.diocesi.torino.it\/missionario\/?s={search_term_string}\"},\"query-input\":\"required name=search_term_string\"}],\"inLanguage\":\"it-IT\"}]}<\/script>\n<!-- \/ Yoast SEO plugin. -->","yoast_head_json":{"title":"Giornata Missionaria Mondiale - Pastorale MISSIONARIA e cooperazione tra le Chiese","robots":{"index":"index","follow":"follow","max-snippet":"max-snippet:-1","max-image-preview":"max-image-preview:large","max-video-preview":"max-video-preview:-1"},"canonical":"https:\/\/www.diocesi.torino.it\/missionario\/cooperazionetralechiese\/giornata-missionaria-mondiale\/","og_locale":"it_IT","og_type":"article","og_title":"Giornata Missionaria Mondiale - Pastorale MISSIONARIA e cooperazione tra le Chiese","og_description":"Nel 1926, l'Opera della Propagazione della Fede propose a Papa Pio XI di indire una giornata annuale in favore dell'attivit\u00e0 missionaria della Chiesa universale. La richiesta venne accolta con favore e l'anno successivo (1927) fu celebrata la prima \u0093 Giornata Missionaria Mondiale per la propagazione della fede, stabilendo che ci\u00f2 avvenisse ogni penultima domenica di ottobre. La celebrazione annuale della Giornata Missionaria Mondiale \u00e8 un'importante &hellip; Continua a leggere &raquo;","og_url":"https:\/\/www.diocesi.torino.it\/missionario\/cooperazionetralechiese\/giornata-missionaria-mondiale\/","og_site_name":"Pastorale MISSIONARIA e cooperazione tra le Chiese","article_modified_time":"2025-09-16T07:35:13+00:00","og_image":[{"url":"https:\/\/www.diocesi.torino.it\/missionario\/wp-content\/uploads\/sites\/17\/2024\/10\/GMM-2024-manifesto-05-no-registri-small-1472x2048-1-216x300.jpg"}],"twitter_card":"summary_large_image","twitter_misc":{"Tempo di lettura stimato":"4 minuti"},"schema":{"@context":"https:\/\/schema.org","@graph":[{"@type":"WebPage","@id":"https:\/\/www.diocesi.torino.it\/missionario\/cooperazionetralechiese\/giornata-missionaria-mondiale\/","url":"https:\/\/www.diocesi.torino.it\/missionario\/cooperazionetralechiese\/giornata-missionaria-mondiale\/","name":"Giornata Missionaria Mondiale - Pastorale MISSIONARIA e cooperazione tra le Chiese","isPartOf":{"@id":"https:\/\/www.diocesi.torino.it\/missionario\/#website"},"datePublished":"2010-03-12T09:05:00+00:00","dateModified":"2025-09-16T07:35:13+00:00","breadcrumb":{"@id":"https:\/\/www.diocesi.torino.it\/missionario\/cooperazionetralechiese\/giornata-missionaria-mondiale\/#breadcrumb"},"inLanguage":"it-IT","potentialAction":[{"@type":"ReadAction","target":["https:\/\/www.diocesi.torino.it\/missionario\/cooperazionetralechiese\/giornata-missionaria-mondiale\/"]}]},{"@type":"BreadcrumbList","@id":"https:\/\/www.diocesi.torino.it\/missionario\/cooperazionetralechiese\/giornata-missionaria-mondiale\/#breadcrumb","itemListElement":[{"@type":"ListItem","position":1,"name":"Home","item":"https:\/\/www.diocesi.torino.it\/missionario\/"},{"@type":"ListItem","position":2,"name":"Cooperazione tra le Chiese","item":"https:\/\/www.diocesi.torino.it\/missionario\/cooperazionetralechiese\/"},{"@type":"ListItem","position":3,"name":"Giornata Missionaria Mondiale"}]},{"@type":"WebSite","@id":"https:\/\/www.diocesi.torino.it\/missionario\/#website","url":"https:\/\/www.diocesi.torino.it\/missionario\/","name":"Pastorale MISSIONARIA e cooperazione tra le Chiese","description":"","potentialAction":[{"@type":"SearchAction","target":{"@type":"EntryPoint","urlTemplate":"https:\/\/www.diocesi.torino.it\/missionario\/?s={search_term_string}"},"query-input":"required name=search_term_string"}],"inLanguage":"it-IT"}]}},"_links":{"self":[{"href":"https:\/\/www.diocesi.torino.it\/missionario\/wp-json\/wp\/v2\/pages\/1070"}],"collection":[{"href":"https:\/\/www.diocesi.torino.it\/missionario\/wp-json\/wp\/v2\/pages"}],"about":[{"href":"https:\/\/www.diocesi.torino.it\/missionario\/wp-json\/wp\/v2\/types\/page"}],"author":[{"embeddable":true,"href":"https:\/\/www.diocesi.torino.it\/missionario\/wp-json\/wp\/v2\/users\/1"}],"replies":[{"embeddable":true,"href":"https:\/\/www.diocesi.torino.it\/missionario\/wp-json\/wp\/v2\/comments?post=1070"}],"version-history":[{"count":30,"href":"https:\/\/www.diocesi.torino.it\/missionario\/wp-json\/wp\/v2\/pages\/1070\/revisions"}],"predecessor-version":[{"id":11663,"href":"https:\/\/www.diocesi.torino.it\/missionario\/wp-json\/wp\/v2\/pages\/1070\/revisions\/11663"}],"up":[{"embeddable":true,"href":"https:\/\/www.diocesi.torino.it\/missionario\/wp-json\/wp\/v2\/pages\/1069"}],"wp:attachment":[{"href":"https:\/\/www.diocesi.torino.it\/missionario\/wp-json\/wp\/v2\/media?parent=1070"}],"curies":[{"name":"wp","href":"https:\/\/api.w.org\/{rel}","templated":true}]}}