{"id":1551,"date":"2010-06-21T11:56:00","date_gmt":"2010-06-21T09:56:00","guid":{"rendered":"http:\/\/www.diocesi.torino.it\/missionario\/cooperazione-missionaria\/missionari-torinesi-nel-mondo\/fidei-donum\/un-po-di-storia\/"},"modified":"2017-06-23T12:16:59","modified_gmt":"2017-06-23T10:16:59","slug":"un-po-di-storia","status":"publish","type":"page","link":"https:\/\/www.diocesi.torino.it\/missionario\/cooperazionetralechiese\/un-po-di-storia\/","title":{"rendered":"Un po&#8217; di storia"},"content":{"rendered":"<div id=\"pl-1551\"  class=\"panel-layout\" ><div id=\"pg-1551-0\"  class=\"panel-grid panel-no-style\" ><div id=\"pgc-1551-0-0\"  class=\"panel-grid-cell\" ><div id=\"panel-1551-0-0-0\" class=\"so-panel widget widget_sow-editor panel-first-child panel-last-child\" data-index=\"0\" ><div\n\t\t\t\n\t\t\tclass=\"so-widget-sow-editor so-widget-sow-editor-base\"\n\t\t\t\n\t\t>\n<div class=\"siteorigin-widget-tinymce textwidget\">\n\t<div>Saluto tutti e ringrazio i Membri della Consulta Missionaria Diocesana di aver messo a tema in questo incontro \u0093La presenza dei Fidei Donum nella nostra Diocesi e nella Chiesa\u0094. Dopo 12 anni di presenza nel Brasile (Stato del Maranhao) e 7 anni dal rientro (nelle Valli di Lanzo) sento di poter dire queste brevi considerazioni:<\/p>\n<div>\u00a0<\/div>\n<div>1. Ho sperimentato uno \u0093spicchio\u0094 della missione universale della Chiesa; ho assaggiato la gioia di dare testimonianza al Vangelo di Ges\u00f9 Cristo nelle comunit\u00e0 povere del Maranhao e ho gioito nel conoscere pagine di vita di queste comunit\u00e0 scritte col sangue dei martiri (catechisti\/e, contadini, preti, vescovi, avvocati, sindacalisti\u0085). Ho sempre parlato volentieri di questa esperienza ecclesiale quando ne ho avuto l\u0092opportunit\u00e0. Quando ancora oggi sento o leggo una notizia del Brasile o della Chiesa brasiliana spontaneamente cerco di collocarla nella storia che ho conosciuto, per quanto ne sono capace. Cos\u00ec una notizia internazionale che riguarda l\u0092Italia cerco di immaginare il suo impatto nella realt\u00e0 brasiliana. E questo mi stimola ad aggiornarmi sempre e a tenere in vita contatti preziosi che cerco di coltivare.<\/div>\n<div>2. Come ho portato del Maranhao la solidariet\u00e0 e uno stile di chiesa segnata dalla \u0093Camminare insieme\u0094, cos\u00ec ho riportato qui la solidariet\u00e0 che ho imparato dai poveri, le liturgie gioiose, creative e partecipate, la decisione matura di spendermi per il Vangelo. \u00c8 stato un traghettare senza sosta perle preziose nella comunione tra le Chiese.<\/div>\n<div>3. Ho imparato a incoraggiare e sostenere i laici e ogni altra vocazione nella formazione attorno alla Parola di Dio, all\u0092Eucarestia e ai poveri. C\u0092\u00e8 una semplificazione che \u00e8 avvenuta in me circa le direttrici della vita cristiana: la Chiesa che \u00e8 madre alimenta, protegge ed educa i suoi figli\/e con il nutrimento e la luce che \u00e8 l\u0092Eucarestia e nella fraternit\u00e0 con tutti a partire dagli ultimi. Ges\u00f9 \u00e8 sempre al Centro della vita della Chiesa perch\u00e9 Lui \u00e8 pi\u00f9 dei suoi testimoni (Gv 2,42). Sto intravedendo molti campi biondeggianti pronti per la mietitura: sono gli spazi pastorali dove si vive seriamente il quotidiano. Sto imparando a incontrare tutti in un dialogo alla pari, certo che la luce e il lievito del Vangelo appare sempre.<\/div>\n<div>4. La realt\u00e0 degli immigrati da anni \u00e8 uno spazio e una sfida importante dove i Fidei Donum (preti, diaconi e laici) possono far fruttare l\u0092ospitalit\u00e0 e l\u0092accoglienza sperimentata nelle comunit\u00e0 povere che hanno conosciuto.<\/div>\n<div>5. Se la Chiesa torinese prende coscienza della ricchezza provvidenziale che sono i Fidei Donum al servizio della comunione tra le Chiese in questo tempo di orizzonti globali non lascer\u00e0 certamente seccare questa grazia di Dio.<\/div>\n<div>\u00a0<\/div>\n<div>Torino, Ospedale Cottolengo- 10 maggio 2010<\/div>\n<div>\u00a0<\/div>\n<div>Don Silvio Ruffino<\/div>\n<div>\u00a0<\/div>\n<div>\u00a0<\/div>\n<h4><span style=\"background-color: #ffff00\">07\/04\/2013 \"In\u00a0Brasile la nostra frontiera\" - Missionari Torinesi Fidei Donum - articolo don Marco Prastaro su\u00a0\"La\u00a0Voce del Popolo\"<\/span><\/h4>\n<\/div>\n<\/div>\n<\/div><\/div><\/div><\/div><\/div><hr class=\"wpba_attachment_hr\"><div id='wpba_attachment_list' class='wpba wpba-wrap'>\n<ul class='wpba-attachment-list unstyled'><li id='wpba_attachment_list_3131' class='wpba-list-item pull-left'><img src='https:\/\/www.diocesi.torino.it\/missionario\/wp-content\/themes\/wp-starter-so\/icons\/document.png' width='16' height='20' class='wpba-icon pull-left'><a href='https:\/\/www.diocesi.torino.it\/missionario\/wp-content\/uploads\/sites\/17\/2017\/06\/Profilo-don-Piero-Boss\u00f9.doc' title='Profilo-don-Piero-Boss\u00f9' class='wpba-link pull-left' target=\"_blank\">Profilo-don-Piero-Boss\u00f9<\/a><\/li>\n<li id='wpba_attachment_list_3132' class='wpba-list-item pull-left'><img src='https:\/\/www.diocesi.torino.it\/missionario\/wp-content\/themes\/wp-starter-so\/icons\/document.png' width='16' height='20' class='wpba-icon pull-left'><a href='https:\/\/www.diocesi.torino.it\/missionario\/wp-content\/uploads\/sites\/17\/2017\/06\/Profilo-don-Luciano-Gariglio.doc' title='Profilo-don-Luciano-Gariglio' class='wpba-link pull-left' target=\"_blank\">Profilo-don-Luciano-Gariglio<\/a><\/li>\n<li id='wpba_attachment_list_3133' class='wpba-list-item pull-left'><img src='https:\/\/www.diocesi.torino.it\/missionario\/wp-content\/themes\/wp-starter-so\/icons\/document.png' width='16' height='20' class='wpba-icon pull-left'><a href='https:\/\/www.diocesi.torino.it\/missionario\/wp-content\/uploads\/sites\/17\/2017\/06\/don-Accastello.doc' title='don-Accastello' class='wpba-link pull-left' target=\"_blank\">don-Accastello<\/a><\/li>\n<li id='wpba_attachment_list_3134' class='wpba-list-item pull-left'><img src='https:\/\/www.diocesi.torino.it\/missionario\/wp-content\/themes\/wp-starter-so\/icons\/document.png' width='16' height='20' class='wpba-icon pull-left'><a href='https:\/\/www.diocesi.torino.it\/missionario\/wp-content\/uploads\/sites\/17\/2017\/06\/Articolo-Boss\u00f9.doc' title='Articolo-Boss\u00f9' class='wpba-link pull-left' target=\"_blank\">Articolo-Boss\u00f9<\/a><\/li>\n<li id='wpba_attachment_list_3135' class='wpba-list-item pull-left'><img src='https:\/\/www.diocesi.torino.it\/missionario\/wp-content\/themes\/wp-starter-so\/icons\/document.png' width='16' height='20' class='wpba-icon pull-left'><a href='https:\/\/www.diocesi.torino.it\/missionario\/wp-content\/uploads\/sites\/17\/2017\/06\/Profilo-don-Giulio-Cigliutti.doc' title='Profilo-don-Giulio-Cigliutti' class='wpba-link pull-left' target=\"_blank\">Profilo-don-Giulio-Cigliutti<\/a><\/li>\n<\/ul><\/div>\n","protected":false},"excerpt":{"rendered":"<p>Saluto tutti e ringrazio i Membri della Consulta Missionaria Diocesana di aver messo a tema in questo incontro \u0093La presenza dei Fidei Donum nella nostra Diocesi e nella Chiesa\u0094. Dopo 12 anni di presenza nel Brasile (Stato del Maranhao) e 7 anni dal rientro (nelle Valli di Lanzo) sento di poter dire queste brevi considerazioni:\u00a01. Ho sperimentato uno \u0093spicchio\u0094 della missione universale della Chiesa; ho &hellip; <a href=\"https:\/\/www.diocesi.torino.it\/missionario\/cooperazionetralechiese\/un-po-di-storia\/\" class=\"more-link\">Continua a leggere <span class=\"screen-reader-text\"><\/span> <span class=\"meta-nav\">&raquo;<\/span><\/a><\/p>\n","protected":false},"author":1,"featured_media":0,"parent":1069,"menu_order":0,"comment_status":"closed","ping_status":"closed","template":"","meta":{"ip_address":"","user_agent":"","level":"","revision":"","cookie_id":"","page_referer":"","html_form":"","_expiration-date-status":"","_expiration-date":0,"_expiration-date-type":"","_expiration-date-categories":[],"_expiration-date-options":[]},"acf":[],"yoast_head":"<!-- This site is optimized with the Yoast SEO plugin v20.8 - https:\/\/yoast.com\/wordpress\/plugins\/seo\/ -->\n<title>Un po&#039; di storia - Pastorale MISSIONARIA e cooperazione tra le Chiese<\/title>\n<meta name=\"robots\" content=\"index, follow, max-snippet:-1, max-image-preview:large, max-video-preview:-1\" \/>\n<link rel=\"canonical\" href=\"https:\/\/www.diocesi.torino.it\/missionario\/cooperazionetralechiese\/fidei-donum__trashed\/un-po-di-storia\/\" \/>\n<meta property=\"og:locale\" content=\"it_IT\" \/>\n<meta property=\"og:type\" content=\"article\" \/>\n<meta property=\"og:title\" content=\"Un po&#039; di storia - Pastorale MISSIONARIA e cooperazione tra le Chiese\" \/>\n<meta property=\"og:description\" content=\"Saluto tutti e ringrazio i Membri della Consulta Missionaria Diocesana di aver messo a tema in questo incontro \u0093La presenza dei Fidei Donum nella nostra Diocesi e nella Chiesa\u0094. Dopo 12 anni di presenza nel Brasile (Stato del Maranhao) e 7 anni dal rientro (nelle Valli di Lanzo) sento di poter dire queste brevi considerazioni:\u00a01. Ho sperimentato uno \u0093spicchio\u0094 della missione universale della Chiesa; ho &hellip; Continua a leggere &raquo;\" \/>\n<meta property=\"og:url\" content=\"https:\/\/www.diocesi.torino.it\/missionario\/cooperazionetralechiese\/fidei-donum__trashed\/un-po-di-storia\/\" \/>\n<meta property=\"og:site_name\" content=\"Pastorale MISSIONARIA e cooperazione tra le Chiese\" \/>\n<meta property=\"article:modified_time\" content=\"2017-06-23T10:16:59+00:00\" \/>\n<meta name=\"twitter:card\" content=\"summary_large_image\" \/>\n<meta name=\"twitter:label1\" content=\"Tempo di lettura stimato\" \/>\n\t<meta name=\"twitter:data1\" content=\"2 minuti\" \/>\n<script type=\"application\/ld+json\" class=\"yoast-schema-graph\">{\"@context\":\"https:\/\/schema.org\",\"@graph\":[{\"@type\":\"WebPage\",\"@id\":\"https:\/\/www.diocesi.torino.it\/missionario\/cooperazionetralechiese\/fidei-donum__trashed\/un-po-di-storia\/\",\"url\":\"https:\/\/www.diocesi.torino.it\/missionario\/cooperazionetralechiese\/fidei-donum__trashed\/un-po-di-storia\/\",\"name\":\"Un po' di storia - Pastorale MISSIONARIA e cooperazione tra le Chiese\",\"isPartOf\":{\"@id\":\"https:\/\/www.diocesi.torino.it\/missionario\/#website\"},\"datePublished\":\"2010-06-21T09:56:00+00:00\",\"dateModified\":\"2017-06-23T10:16:59+00:00\",\"breadcrumb\":{\"@id\":\"https:\/\/www.diocesi.torino.it\/missionario\/cooperazionetralechiese\/fidei-donum__trashed\/un-po-di-storia\/#breadcrumb\"},\"inLanguage\":\"it-IT\",\"potentialAction\":[{\"@type\":\"ReadAction\",\"target\":[\"https:\/\/www.diocesi.torino.it\/missionario\/cooperazionetralechiese\/fidei-donum__trashed\/un-po-di-storia\/\"]}]},{\"@type\":\"BreadcrumbList\",\"@id\":\"https:\/\/www.diocesi.torino.it\/missionario\/cooperazionetralechiese\/fidei-donum__trashed\/un-po-di-storia\/#breadcrumb\",\"itemListElement\":[{\"@type\":\"ListItem\",\"position\":1,\"name\":\"Home\",\"item\":\"https:\/\/www.diocesi.torino.it\/missionario\/\"},{\"@type\":\"ListItem\",\"position\":2,\"name\":\"Cooperazione tra le Chiese\",\"item\":\"https:\/\/www.diocesi.torino.it\/missionario\/cooperazionetralechiese\/\"},{\"@type\":\"ListItem\",\"position\":3,\"name\":\"Un po&#8217; di storia\"}]},{\"@type\":\"WebSite\",\"@id\":\"https:\/\/www.diocesi.torino.it\/missionario\/#website\",\"url\":\"https:\/\/www.diocesi.torino.it\/missionario\/\",\"name\":\"Pastorale MISSIONARIA e cooperazione tra le Chiese\",\"description\":\"\",\"potentialAction\":[{\"@type\":\"SearchAction\",\"target\":{\"@type\":\"EntryPoint\",\"urlTemplate\":\"https:\/\/www.diocesi.torino.it\/missionario\/?s={search_term_string}\"},\"query-input\":\"required name=search_term_string\"}],\"inLanguage\":\"it-IT\"}]}<\/script>\n<!-- \/ Yoast SEO plugin. -->","yoast_head_json":{"title":"Un po' di storia - Pastorale MISSIONARIA e cooperazione tra le Chiese","robots":{"index":"index","follow":"follow","max-snippet":"max-snippet:-1","max-image-preview":"max-image-preview:large","max-video-preview":"max-video-preview:-1"},"canonical":"https:\/\/www.diocesi.torino.it\/missionario\/cooperazionetralechiese\/fidei-donum__trashed\/un-po-di-storia\/","og_locale":"it_IT","og_type":"article","og_title":"Un po' di storia - Pastorale MISSIONARIA e cooperazione tra le Chiese","og_description":"Saluto tutti e ringrazio i Membri della Consulta Missionaria Diocesana di aver messo a tema in questo incontro \u0093La presenza dei Fidei Donum nella nostra Diocesi e nella Chiesa\u0094. Dopo 12 anni di presenza nel Brasile (Stato del Maranhao) e 7 anni dal rientro (nelle Valli di Lanzo) sento di poter dire queste brevi considerazioni:\u00a01. Ho sperimentato uno \u0093spicchio\u0094 della missione universale della Chiesa; ho &hellip; Continua a leggere &raquo;","og_url":"https:\/\/www.diocesi.torino.it\/missionario\/cooperazionetralechiese\/fidei-donum__trashed\/un-po-di-storia\/","og_site_name":"Pastorale MISSIONARIA e cooperazione tra le Chiese","article_modified_time":"2017-06-23T10:16:59+00:00","twitter_card":"summary_large_image","twitter_misc":{"Tempo di lettura stimato":"2 minuti"},"schema":{"@context":"https:\/\/schema.org","@graph":[{"@type":"WebPage","@id":"https:\/\/www.diocesi.torino.it\/missionario\/cooperazionetralechiese\/fidei-donum__trashed\/un-po-di-storia\/","url":"https:\/\/www.diocesi.torino.it\/missionario\/cooperazionetralechiese\/fidei-donum__trashed\/un-po-di-storia\/","name":"Un po' di storia - Pastorale MISSIONARIA e cooperazione tra le Chiese","isPartOf":{"@id":"https:\/\/www.diocesi.torino.it\/missionario\/#website"},"datePublished":"2010-06-21T09:56:00+00:00","dateModified":"2017-06-23T10:16:59+00:00","breadcrumb":{"@id":"https:\/\/www.diocesi.torino.it\/missionario\/cooperazionetralechiese\/fidei-donum__trashed\/un-po-di-storia\/#breadcrumb"},"inLanguage":"it-IT","potentialAction":[{"@type":"ReadAction","target":["https:\/\/www.diocesi.torino.it\/missionario\/cooperazionetralechiese\/fidei-donum__trashed\/un-po-di-storia\/"]}]},{"@type":"BreadcrumbList","@id":"https:\/\/www.diocesi.torino.it\/missionario\/cooperazionetralechiese\/fidei-donum__trashed\/un-po-di-storia\/#breadcrumb","itemListElement":[{"@type":"ListItem","position":1,"name":"Home","item":"https:\/\/www.diocesi.torino.it\/missionario\/"},{"@type":"ListItem","position":2,"name":"Cooperazione tra le Chiese","item":"https:\/\/www.diocesi.torino.it\/missionario\/cooperazionetralechiese\/"},{"@type":"ListItem","position":3,"name":"Un po&#8217; di storia"}]},{"@type":"WebSite","@id":"https:\/\/www.diocesi.torino.it\/missionario\/#website","url":"https:\/\/www.diocesi.torino.it\/missionario\/","name":"Pastorale MISSIONARIA e cooperazione tra le Chiese","description":"","potentialAction":[{"@type":"SearchAction","target":{"@type":"EntryPoint","urlTemplate":"https:\/\/www.diocesi.torino.it\/missionario\/?s={search_term_string}"},"query-input":"required name=search_term_string"}],"inLanguage":"it-IT"}]}},"_links":{"self":[{"href":"https:\/\/www.diocesi.torino.it\/missionario\/wp-json\/wp\/v2\/pages\/1551"}],"collection":[{"href":"https:\/\/www.diocesi.torino.it\/missionario\/wp-json\/wp\/v2\/pages"}],"about":[{"href":"https:\/\/www.diocesi.torino.it\/missionario\/wp-json\/wp\/v2\/types\/page"}],"author":[{"embeddable":true,"href":"https:\/\/www.diocesi.torino.it\/missionario\/wp-json\/wp\/v2\/users\/1"}],"replies":[{"embeddable":true,"href":"https:\/\/www.diocesi.torino.it\/missionario\/wp-json\/wp\/v2\/comments?post=1551"}],"version-history":[{"count":1,"href":"https:\/\/www.diocesi.torino.it\/missionario\/wp-json\/wp\/v2\/pages\/1551\/revisions"}],"predecessor-version":[{"id":3130,"href":"https:\/\/www.diocesi.torino.it\/missionario\/wp-json\/wp\/v2\/pages\/1551\/revisions\/3130"}],"up":[{"embeddable":true,"href":"https:\/\/www.diocesi.torino.it\/missionario\/wp-json\/wp\/v2\/pages\/1069"}],"wp:attachment":[{"href":"https:\/\/www.diocesi.torino.it\/missionario\/wp-json\/wp\/v2\/media?parent=1551"}],"curies":[{"name":"wp","href":"https:\/\/api.w.org\/{rel}","templated":true}]}}