{"id":1643,"date":"2014-03-24T00:00:00","date_gmt":"2014-03-23T23:00:00","guid":{"rendered":"http:\/\/www.diocesi.torino.it\/missionario\/animazione-missionaria\/giornata-di-digiuno-e-preghiera-per-i-missionari-martiri\/"},"modified":"2017-06-23T12:13:31","modified_gmt":"2017-06-23T10:13:31","slug":"giornata-di-digiuno-e-preghiera-per-i-missionari-martiri","status":"publish","type":"page","link":"https:\/\/www.diocesi.torino.it\/missionario\/qdf\/giornata-di-digiuno-e-preghiera-per-i-missionari-martiri\/","title":{"rendered":"Giornata di Digiuno e Preghiera per i Missionari Martiri"},"content":{"rendered":"<div id=\"pl-1643\"  class=\"panel-layout\" ><div id=\"pg-1643-0\"  class=\"panel-grid panel-no-style\" ><div id=\"pgc-1643-0-0\"  class=\"panel-grid-cell\" ><div id=\"panel-1643-0-0-0\" class=\"so-panel widget widget_sow-editor panel-first-child panel-last-child\" data-index=\"0\" ><div\n\t\t\t\n\t\t\tclass=\"so-widget-sow-editor so-widget-sow-editor-base\"\n\t\t\t\n\t\t>\n<div class=\"siteorigin-widget-tinymce textwidget\">\n\t<div>\n<div>Il 24 marzo 1980, mentre celebrava l\u0092Eucaristia, venne ucciso Monsignor Oscar A. Romero, Vescovo di San Salvador nel piccolo stato centroamericano di El Salvador. La celebrazione annuale di una Giornata di preghiera e digiuno in ricordo dei missionari martiri, il 24 marzo, prende ispirazione da quell\u0092evento sia per fare memoria di quanti lungo i secoli hanno immolato la propria vita proclamando il primato di Cristo e annunciando il Vangelo fino alle estreme conseguenze, sia per ricordare il valore supremo della vita che \u00e8 dono per tutti. Fare memoria dei martiri \u00e8 acquisire una capacit\u00e0 interiore di interpretare la storia oltre la semplice conoscenza.<\/p>\n<div>\n<div>\u00a0\u00a0<\/div>\n<div>Per il 2014 il tema \u00e8 MARTYRIA, ovvero il richiamo alla dimensione essenziale dell\u0092esperienza di fede: la testimonianza al Vangelo di tanti fratelli e sorelle che hanno dato la loro vita per il suo annuncio nel mondo.<\/div>\n<div>\u00a0<\/div>\n<div>Vogliamo ringraziare il Centro Missionario Diocesano di Padova per il testo della Veglia per i Missionari Martiri, mentre, per la Via Crucis, vi proponiamo alcuni passaggi tratti dalle encicliche, messaggi, omelie dei due grandi pontefici del Novecento, Papa Giovanni XXIII e Papa Giovanni Paolo II, che verranno canonizzati il 24 aprile prossimo: un mese esatto dalla Giornata!<\/div>\n<div>\u00a0<\/div>\n<div>Le offerte raccolte serviranno per finanziare due progetti: uno in Tanzania (realizzazione di una scuola alberghiera per 100 studenti in una struttura gi\u00e0 esistente della parrocchia che necessita di essere ristrutturata); uno in Bangladesh, per ricostruire la chiesa di Narail (Rialzare il terreno sul quale \u00e8 strutturata la missione per ottenere un luogo sano di accoglienza e di culto per la comunit\u00e0 cristiana).<\/div>\n<div>\u00a0<\/div>\n<h3><span style=\"background-color: #ffff00\">Per approfondire<\/span>: <a target=\"_blank\" href=\"http:\/\/www.giovani.missioitalia.it\/images\/materiale\/DOSSIER%20MARZO.pdf\">scarica il dossier di Popoli e Missioni <\/a><\/h3>\n<h4>Segui su youtube tutti i video preparati da Missio Giovani per l'animazione della Giornata:<\/h4>\n<ul>\n<li>\n<h5><a href=\"http:\/\/youtu.be\/XOvZnuAJKAQ\" data-rel=\"lightbox-video-0\">I tappa - \"L'uscita - Maryria a Lampedusa\"<\/a><\/h5>\n<\/li>\n<li>\n<h5><a href=\"http:\/\/www.youtube.com\/watch?v=PNPGWdeJZYw&feature=share&list=UUT4N2LDiBO8b6Tnj7hRkXlw&index=5\" data-rel=\"lightbox-video-1\">II tappa - \"Uscire da se\" <\/a><\/h5>\n<\/li>\n<li>\n<h5><a target=\"_blank\" href=\"http:\/\/youtu.be\/AHd1Woo6ncI\" data-rel=\"lightbox-video-2\">III tappa - In Nigeria<\/a><\/h5>\n<\/li>\n<li>\n<h5><a href=\"http:\/\/www.youtube.com\/watch?v=KdWtBmnYn_U&feature=share&list=UUT4N2LDiBO8b6Tnj7hRkXlw&index=3\" data-rel=\"lightbox-video-3\">IV tappa - In Turchia<\/a><\/h5>\n<\/li>\n<li>\n<h5><a href=\"http:\/\/www.youtube.com\/watch?v=UrrvbFQWeO0&list=UUT4N2LDiBO8b6Tnj7hRkXlw&feature=share&index=2\" data-rel=\"lightbox-video-4\">V tappa - El Salvador<\/a><\/h5>\n<\/li>\n<\/ul>\n<h4>Presso l'Ufficio\u00a0Missionario \u00e8 disponibile, in prestito d'uso, il dvd con tutti i video.\u00a0<\/h4>\n<div>\u00a0<\/div>\n<\/div>\n<\/div>\n<\/div>\n<\/div>\n<\/div><\/div><\/div><\/div><\/div><hr class=\"wpba_attachment_hr\"><div id='wpba_attachment_list' class='wpba wpba-wrap'>\n<ul class='wpba-attachment-list unstyled'><li id='wpba_attachment_list_2620' class='wpba-list-item pull-left'><img src='https:\/\/www.diocesi.torino.it\/missionario\/wp-content\/themes\/wp-starter-so\/icons\/document.png' width='16' height='20' class='wpba-icon pull-left'><a href='https:\/\/www.diocesi.torino.it\/missionario\/wp-content\/uploads\/sites\/17\/2017\/06\/Via_Crucis_Martiri_2014_libretto-1-1.pdf' title='Via_Crucis_Martiri_2014_libretto-1-1' class='wpba-link pull-left' target=\"_blank\">Via_Crucis_Martiri_2014_libretto-1-1<\/a><\/li>\n<li id='wpba_attachment_list_2621' class='wpba-list-item pull-left'><img src='https:\/\/www.diocesi.torino.it\/missionario\/wp-content\/themes\/wp-starter-so\/icons\/document.png' width='16' height='20' class='wpba-icon pull-left'><a href='https:\/\/www.diocesi.torino.it\/missionario\/wp-content\/uploads\/sites\/17\/2017\/06\/Veglia_martiri_libretto1-1.pdf' title='Veglia_martiri_libretto1-1' class='wpba-link pull-left' target=\"_blank\">Veglia_martiri_libretto1-1<\/a><\/li>\n<li id='wpba_attachment_list_2622' class='wpba-list-item pull-left'><img src='https:\/\/www.diocesi.torino.it\/missionario\/wp-content\/themes\/wp-starter-so\/icons\/document.png' width='16' height='20' class='wpba-icon pull-left'><a href='https:\/\/www.diocesi.torino.it\/missionario\/wp-content\/uploads\/sites\/17\/2017\/06\/Martirologio-2013-1.pdf' title='Martirologio-2013-1' class='wpba-link pull-left' target=\"_blank\">Martirologio-2013-1<\/a><\/li>\n<li id='wpba_attachment_list_2623' class='wpba-list-item pull-left'><img src='https:\/\/www.diocesi.torino.it\/missionario\/wp-content\/themes\/wp-starter-so\/icons\/document.png' width='16' height='20' class='wpba-icon pull-left'><a href='https:\/\/www.diocesi.torino.it\/missionario\/wp-content\/uploads\/sites\/17\/2017\/06\/giornata-missionari-martiri.pdf' title='giornata-missionari-martiri' class='wpba-link pull-left' target=\"_blank\">giornata-missionari-martiri<\/a><\/li>\n<li id='wpba_attachment_list_2625' class='wpba-list-item pull-left'><img src='https:\/\/www.diocesi.torino.it\/missionario\/wp-content\/themes\/wp-starter-so\/icons\/document.png' width='16' height='20' class='wpba-icon pull-left'><a href='https:\/\/www.diocesi.torino.it\/missionario\/wp-content\/uploads\/sites\/17\/2017\/06\/Riflessione-teologica-1.pdf' title='Riflessione-teologica-1' class='wpba-link pull-left' target=\"_blank\">Riflessione-teologica-1<\/a><\/li>\n<\/ul><\/div>\n","protected":false},"excerpt":{"rendered":"<p>Il 24 marzo 1980, mentre celebrava l\u0092Eucaristia, venne ucciso Monsignor Oscar A. Romero, Vescovo di San Salvador nel piccolo stato centroamericano di El Salvador. La celebrazione annuale di una Giornata di preghiera e digiuno in ricordo dei missionari martiri, il 24 marzo, prende ispirazione da quell\u0092evento sia per fare memoria di quanti lungo i secoli hanno immolato la propria vita proclamando il primato di Cristo &hellip; <a href=\"https:\/\/www.diocesi.torino.it\/missionario\/qdf\/giornata-di-digiuno-e-preghiera-per-i-missionari-martiri\/\" class=\"more-link\">Continua a leggere <span class=\"screen-reader-text\"><\/span> <span class=\"meta-nav\">&raquo;<\/span><\/a><\/p>\n","protected":false},"author":1,"featured_media":0,"parent":1604,"menu_order":0,"comment_status":"closed","ping_status":"closed","template":"","meta":{"ip_address":"","user_agent":"","level":"","revision":"","cookie_id":"","page_referer":"","html_form":"","_expiration-date-status":"","_expiration-date":0,"_expiration-date-type":"","_expiration-date-categories":[],"_expiration-date-options":[]},"acf":[],"yoast_head":"<!-- This site is optimized with the Yoast SEO plugin v20.8 - https:\/\/yoast.com\/wordpress\/plugins\/seo\/ -->\n<title>Giornata di Digiuno e Preghiera per i Missionari Martiri - Pastorale MISSIONARIA e cooperazione tra le Chiese<\/title>\n<meta name=\"robots\" content=\"index, follow, max-snippet:-1, max-image-preview:large, max-video-preview:-1\" \/>\n<link rel=\"canonical\" href=\"https:\/\/www.diocesi.torino.it\/missionario\/qdf\/giornata-di-digiuno-e-preghiera-per-i-missionari-martiri\/\" \/>\n<meta property=\"og:locale\" content=\"it_IT\" \/>\n<meta property=\"og:type\" content=\"article\" \/>\n<meta property=\"og:title\" content=\"Giornata di Digiuno e Preghiera per i Missionari Martiri - Pastorale MISSIONARIA e cooperazione tra le Chiese\" \/>\n<meta property=\"og:description\" content=\"Il 24 marzo 1980, mentre celebrava l\u0092Eucaristia, venne ucciso Monsignor Oscar A. Romero, Vescovo di San Salvador nel piccolo stato centroamericano di El Salvador. La celebrazione annuale di una Giornata di preghiera e digiuno in ricordo dei missionari martiri, il 24 marzo, prende ispirazione da quell\u0092evento sia per fare memoria di quanti lungo i secoli hanno immolato la propria vita proclamando il primato di Cristo &hellip; Continua a leggere &raquo;\" \/>\n<meta property=\"og:url\" content=\"https:\/\/www.diocesi.torino.it\/missionario\/qdf\/giornata-di-digiuno-e-preghiera-per-i-missionari-martiri\/\" \/>\n<meta property=\"og:site_name\" content=\"Pastorale MISSIONARIA e cooperazione tra le Chiese\" \/>\n<meta property=\"article:modified_time\" content=\"2017-06-23T10:13:31+00:00\" \/>\n<meta name=\"twitter:card\" content=\"summary_large_image\" \/>\n<meta name=\"twitter:label1\" content=\"Tempo di lettura stimato\" \/>\n\t<meta name=\"twitter:data1\" content=\"2 minuti\" \/>\n<script type=\"application\/ld+json\" class=\"yoast-schema-graph\">{\"@context\":\"https:\/\/schema.org\",\"@graph\":[{\"@type\":\"WebPage\",\"@id\":\"https:\/\/www.diocesi.torino.it\/missionario\/qdf\/giornata-di-digiuno-e-preghiera-per-i-missionari-martiri\/\",\"url\":\"https:\/\/www.diocesi.torino.it\/missionario\/qdf\/giornata-di-digiuno-e-preghiera-per-i-missionari-martiri\/\",\"name\":\"Giornata di Digiuno e Preghiera per i Missionari Martiri - Pastorale MISSIONARIA e cooperazione tra le Chiese\",\"isPartOf\":{\"@id\":\"https:\/\/www.diocesi.torino.it\/missionario\/#website\"},\"datePublished\":\"2014-03-23T23:00:00+00:00\",\"dateModified\":\"2017-06-23T10:13:31+00:00\",\"breadcrumb\":{\"@id\":\"https:\/\/www.diocesi.torino.it\/missionario\/qdf\/giornata-di-digiuno-e-preghiera-per-i-missionari-martiri\/#breadcrumb\"},\"inLanguage\":\"it-IT\",\"potentialAction\":[{\"@type\":\"ReadAction\",\"target\":[\"https:\/\/www.diocesi.torino.it\/missionario\/qdf\/giornata-di-digiuno-e-preghiera-per-i-missionari-martiri\/\"]}]},{\"@type\":\"BreadcrumbList\",\"@id\":\"https:\/\/www.diocesi.torino.it\/missionario\/qdf\/giornata-di-digiuno-e-preghiera-per-i-missionari-martiri\/#breadcrumb\",\"itemListElement\":[{\"@type\":\"ListItem\",\"position\":1,\"name\":\"Home\",\"item\":\"https:\/\/www.diocesi.torino.it\/missionario\/\"},{\"@type\":\"ListItem\",\"position\":2,\"name\":\"Quaresima di Fraternit\u00e0\",\"item\":\"https:\/\/www.diocesi.torino.it\/missionario\/qdf\/\"},{\"@type\":\"ListItem\",\"position\":3,\"name\":\"Giornata di Digiuno e Preghiera per i Missionari Martiri\"}]},{\"@type\":\"WebSite\",\"@id\":\"https:\/\/www.diocesi.torino.it\/missionario\/#website\",\"url\":\"https:\/\/www.diocesi.torino.it\/missionario\/\",\"name\":\"Pastorale MISSIONARIA e cooperazione tra le Chiese\",\"description\":\"\",\"potentialAction\":[{\"@type\":\"SearchAction\",\"target\":{\"@type\":\"EntryPoint\",\"urlTemplate\":\"https:\/\/www.diocesi.torino.it\/missionario\/?s={search_term_string}\"},\"query-input\":\"required name=search_term_string\"}],\"inLanguage\":\"it-IT\"}]}<\/script>\n<!-- \/ Yoast SEO plugin. -->","yoast_head_json":{"title":"Giornata di Digiuno e Preghiera per i Missionari Martiri - Pastorale MISSIONARIA e cooperazione tra le Chiese","robots":{"index":"index","follow":"follow","max-snippet":"max-snippet:-1","max-image-preview":"max-image-preview:large","max-video-preview":"max-video-preview:-1"},"canonical":"https:\/\/www.diocesi.torino.it\/missionario\/qdf\/giornata-di-digiuno-e-preghiera-per-i-missionari-martiri\/","og_locale":"it_IT","og_type":"article","og_title":"Giornata di Digiuno e Preghiera per i Missionari Martiri - Pastorale MISSIONARIA e cooperazione tra le Chiese","og_description":"Il 24 marzo 1980, mentre celebrava l\u0092Eucaristia, venne ucciso Monsignor Oscar A. Romero, Vescovo di San Salvador nel piccolo stato centroamericano di El Salvador. La celebrazione annuale di una Giornata di preghiera e digiuno in ricordo dei missionari martiri, il 24 marzo, prende ispirazione da quell\u0092evento sia per fare memoria di quanti lungo i secoli hanno immolato la propria vita proclamando il primato di Cristo &hellip; Continua a leggere &raquo;","og_url":"https:\/\/www.diocesi.torino.it\/missionario\/qdf\/giornata-di-digiuno-e-preghiera-per-i-missionari-martiri\/","og_site_name":"Pastorale MISSIONARIA e cooperazione tra le Chiese","article_modified_time":"2017-06-23T10:13:31+00:00","twitter_card":"summary_large_image","twitter_misc":{"Tempo di lettura stimato":"2 minuti"},"schema":{"@context":"https:\/\/schema.org","@graph":[{"@type":"WebPage","@id":"https:\/\/www.diocesi.torino.it\/missionario\/qdf\/giornata-di-digiuno-e-preghiera-per-i-missionari-martiri\/","url":"https:\/\/www.diocesi.torino.it\/missionario\/qdf\/giornata-di-digiuno-e-preghiera-per-i-missionari-martiri\/","name":"Giornata di Digiuno e Preghiera per i Missionari Martiri - Pastorale MISSIONARIA e cooperazione tra le Chiese","isPartOf":{"@id":"https:\/\/www.diocesi.torino.it\/missionario\/#website"},"datePublished":"2014-03-23T23:00:00+00:00","dateModified":"2017-06-23T10:13:31+00:00","breadcrumb":{"@id":"https:\/\/www.diocesi.torino.it\/missionario\/qdf\/giornata-di-digiuno-e-preghiera-per-i-missionari-martiri\/#breadcrumb"},"inLanguage":"it-IT","potentialAction":[{"@type":"ReadAction","target":["https:\/\/www.diocesi.torino.it\/missionario\/qdf\/giornata-di-digiuno-e-preghiera-per-i-missionari-martiri\/"]}]},{"@type":"BreadcrumbList","@id":"https:\/\/www.diocesi.torino.it\/missionario\/qdf\/giornata-di-digiuno-e-preghiera-per-i-missionari-martiri\/#breadcrumb","itemListElement":[{"@type":"ListItem","position":1,"name":"Home","item":"https:\/\/www.diocesi.torino.it\/missionario\/"},{"@type":"ListItem","position":2,"name":"Quaresima di Fraternit\u00e0","item":"https:\/\/www.diocesi.torino.it\/missionario\/qdf\/"},{"@type":"ListItem","position":3,"name":"Giornata di Digiuno e Preghiera per i Missionari Martiri"}]},{"@type":"WebSite","@id":"https:\/\/www.diocesi.torino.it\/missionario\/#website","url":"https:\/\/www.diocesi.torino.it\/missionario\/","name":"Pastorale MISSIONARIA e cooperazione tra le Chiese","description":"","potentialAction":[{"@type":"SearchAction","target":{"@type":"EntryPoint","urlTemplate":"https:\/\/www.diocesi.torino.it\/missionario\/?s={search_term_string}"},"query-input":"required name=search_term_string"}],"inLanguage":"it-IT"}]}},"_links":{"self":[{"href":"https:\/\/www.diocesi.torino.it\/missionario\/wp-json\/wp\/v2\/pages\/1643"}],"collection":[{"href":"https:\/\/www.diocesi.torino.it\/missionario\/wp-json\/wp\/v2\/pages"}],"about":[{"href":"https:\/\/www.diocesi.torino.it\/missionario\/wp-json\/wp\/v2\/types\/page"}],"author":[{"embeddable":true,"href":"https:\/\/www.diocesi.torino.it\/missionario\/wp-json\/wp\/v2\/users\/1"}],"replies":[{"embeddable":true,"href":"https:\/\/www.diocesi.torino.it\/missionario\/wp-json\/wp\/v2\/comments?post=1643"}],"version-history":[{"count":1,"href":"https:\/\/www.diocesi.torino.it\/missionario\/wp-json\/wp\/v2\/pages\/1643\/revisions"}],"predecessor-version":[{"id":2619,"href":"https:\/\/www.diocesi.torino.it\/missionario\/wp-json\/wp\/v2\/pages\/1643\/revisions\/2619"}],"up":[{"embeddable":true,"href":"https:\/\/www.diocesi.torino.it\/missionario\/wp-json\/wp\/v2\/pages\/1604"}],"wp:attachment":[{"href":"https:\/\/www.diocesi.torino.it\/missionario\/wp-json\/wp\/v2\/media?parent=1643"}],"curies":[{"name":"wp","href":"https:\/\/api.w.org\/{rel}","templated":true}]}}