{"id":1935,"date":"2012-01-31T15:07:00","date_gmt":"2012-01-31T14:07:00","guid":{"rendered":"http:\/\/www.diocesi.torino.it\/missionario\/risorse\/riviste-missionarie\/africa\/repubblica-democratica-congo\/"},"modified":"2017-06-23T12:10:42","modified_gmt":"2017-06-23T10:10:42","slug":"repubblica-democratica-congo","status":"publish","type":"page","link":"https:\/\/www.diocesi.torino.it\/missionario\/qdf\/repubblica-democratica-congo\/","title":{"rendered":"REPUBBLICA DEMOCRATICA CONGO"},"content":{"rendered":"<div id=\"pl-1935\"  class=\"panel-layout\" ><div id=\"pg-1935-0\"  class=\"panel-grid panel-no-style\" ><div id=\"pgc-1935-0-0\"  class=\"panel-grid-cell\" ><div id=\"panel-1935-0-0-0\" class=\"so-panel widget widget_sow-editor panel-first-child panel-last-child\" data-index=\"0\" ><div\n\t\t\t\n\t\t\tclass=\"so-widget-sow-editor so-widget-sow-editor-base\"\n\t\t\t\n\t\t>\n<div class=\"siteorigin-widget-tinymce textwidget\">\n\t<div>\n<h5>Nome ufficiale: Repubblica Democratica del Congo<\/h5>\n<div>Superficie: 2.345.410 km2<\/div>\n<div>Capitale: Kinshasa<\/div>\n<div>Lingue: francese, kikongo, lingala, tshiluba, swahili<\/div>\n<div>Sistema politico: Repubblica Semipresidenziale<\/div>\n<div>Indipendenza: il 30 giugno 1960 dal Belgio<\/div>\n<div>Capo di stato: Joseph Kabila jr<\/div>\n<div>Capo del governo: Adolphe Muzito<\/div>\n<div>Religioni: cattolici (45%), altri cristiani (35%), animisti (20%)<\/div>\n<h5><span style=\"color: #ff0000\">Popolazione<\/span><\/h5>\n<div>Abitanti: 71.712.864<\/div>\n<div>Gruppi etnici: in maggioranza neri Bantu, suddivisi in circa 300 trib\u00f9. In particolare: Teke, Twa, Hutu, Ngbandi, (Ana)Mongo, Luba<\/div>\n<div>Crescita demografica annua: 2,61%<\/div>\n<div>Quoziente di fecondit\u00e0: 5,24<\/div>\n<div>Mortalit\u00e0 infantile: 78,43 ogni 1000 nati vivi<\/div>\n<div>Speranza di vita: 55,33 anni<\/div>\n<div>Tasso di alfabetizzazione: 67,2% (al 166\u00b0 posto nel mondo)<\/div>\n<div>Spese per la salute: 11,2% del PIL<\/div>\n<h5><span style=\"color: #ff0000\">Economia<\/span><\/h5>\n<div>Il 71% della popolazione vive sotto la soglia di povert\u00e0<\/div>\n<div>Indice di sviluppo umano: 0,286<\/div>\n<div>Prodotto interno lordo: 23,12 miliardi di dollari (al 117\u00b0 posto nel mondo)<\/div>\n<div>Pil pro capite annuo: 300 dollari<\/div>\n<div>Crescita economica annua: 7,2%<\/div>\n<div>Inflazione: 26,2%<\/div>\n<div>Risorse naturali: diamanti<\/div>\n<div>Prodotti agricoli: manioca, banane, patate dolci, cereali, legumi<\/div>\n<div>Esportazioni: caff\u00e8, cotone, olio di palma, t\u00e8, gomma, zucchero, corteccia di china<\/div>\n<div>Debito estero: 13,5 miliardi di dollari<\/div>\n<div>Spese militari: 2,5% del PIL<\/div>\n<div>\u00a0<\/div>\n<\/div>\n<div><a href=\"http:\/\/www.www.diocesi.torino.it\/diocesitorino\/allegati\/30465\/Scheda%20Nigeria.pdf\">SCARICA LA SCHEDA COMPLETA<\/a><\/div>\n<\/div>\n<\/div><\/div><\/div><\/div><\/div>","protected":false},"excerpt":{"rendered":"<p>Nome ufficiale: Repubblica Democratica del CongoSuperficie: 2.345.410 km2Capitale: KinshasaLingue: francese, kikongo, lingala, tshiluba, swahiliSistema politico: Repubblica SemipresidenzialeIndipendenza: il 30 giugno 1960 dal BelgioCapo di stato: Joseph Kabila jrCapo del governo: Adolphe MuzitoReligioni: cattolici (45%), altri cristiani (35%), animisti (20%)PopolazioneAbitanti: 71.712.864Gruppi etnici: in maggioranza neri Bantu, suddivisi in circa 300 trib\u00f9. In particolare: Teke, Twa, Hutu, Ngbandi, (Ana)Mongo, LubaCrescita demografica annua: 2,61%Quoziente di fecondit\u00e0: 5,24Mortalit\u00e0 infantile: &hellip; <a href=\"https:\/\/www.diocesi.torino.it\/missionario\/qdf\/repubblica-democratica-congo\/\" class=\"more-link\">Continua a leggere <span class=\"screen-reader-text\"><\/span> <span class=\"meta-nav\">&raquo;<\/span><\/a><\/p>\n","protected":false},"author":1,"featured_media":2390,"parent":1604,"menu_order":0,"comment_status":"closed","ping_status":"closed","template":"","meta":{"ip_address":"","user_agent":"","level":"","revision":"","cookie_id":"","page_referer":"","html_form":"","_expiration-date-status":"","_expiration-date":0,"_expiration-date-type":"","_expiration-date-categories":[],"_expiration-date-options":[]},"acf":[],"yoast_head":"<!-- This site is optimized with the Yoast SEO plugin v20.8 - https:\/\/yoast.com\/wordpress\/plugins\/seo\/ -->\n<title>REPUBBLICA DEMOCRATICA CONGO - Pastorale MISSIONARIA e cooperazione tra le Chiese<\/title>\n<meta name=\"robots\" content=\"index, follow, max-snippet:-1, max-image-preview:large, max-video-preview:-1\" \/>\n<link rel=\"canonical\" href=\"https:\/\/www.diocesi.torino.it\/missionario\/qdf\/repubblica-democratica-congo\/\" \/>\n<meta property=\"og:locale\" content=\"it_IT\" \/>\n<meta property=\"og:type\" content=\"article\" \/>\n<meta property=\"og:title\" content=\"REPUBBLICA DEMOCRATICA CONGO - Pastorale MISSIONARIA e cooperazione tra le Chiese\" \/>\n<meta property=\"og:description\" content=\"Nome ufficiale: Repubblica Democratica del CongoSuperficie: 2.345.410 km2Capitale: KinshasaLingue: francese, kikongo, lingala, tshiluba, swahiliSistema politico: Repubblica SemipresidenzialeIndipendenza: il 30 giugno 1960 dal BelgioCapo di stato: Joseph Kabila jrCapo del governo: Adolphe MuzitoReligioni: cattolici (45%), altri cristiani (35%), animisti (20%)PopolazioneAbitanti: 71.712.864Gruppi etnici: in maggioranza neri Bantu, suddivisi in circa 300 trib\u00f9. In particolare: Teke, Twa, Hutu, Ngbandi, (Ana)Mongo, LubaCrescita demografica annua: 2,61%Quoziente di fecondit\u00e0: 5,24Mortalit\u00e0 infantile: &hellip; Continua a leggere &raquo;\" \/>\n<meta property=\"og:url\" content=\"https:\/\/www.diocesi.torino.it\/missionario\/qdf\/repubblica-democratica-congo\/\" \/>\n<meta property=\"og:site_name\" content=\"Pastorale MISSIONARIA e cooperazione tra le Chiese\" \/>\n<meta property=\"article:modified_time\" content=\"2017-06-23T10:10:42+00:00\" \/>\n<meta property=\"og:image\" content=\"https:\/\/www.diocesi.torino.it\/missionario\/wp-content\/uploads\/sites\/17\/2017\/06\/CONGO_REPDemM.gif\" \/>\n\t<meta property=\"og:image:width\" content=\"400\" \/>\n\t<meta property=\"og:image:height\" content=\"398\" \/>\n\t<meta property=\"og:image:type\" content=\"image\/gif\" \/>\n<meta name=\"twitter:card\" content=\"summary_large_image\" \/>\n<meta name=\"twitter:label1\" content=\"Tempo di lettura stimato\" \/>\n\t<meta name=\"twitter:data1\" content=\"1 minuto\" \/>\n<script type=\"application\/ld+json\" class=\"yoast-schema-graph\">{\"@context\":\"https:\/\/schema.org\",\"@graph\":[{\"@type\":\"WebPage\",\"@id\":\"https:\/\/www.diocesi.torino.it\/missionario\/qdf\/repubblica-democratica-congo\/\",\"url\":\"https:\/\/www.diocesi.torino.it\/missionario\/qdf\/repubblica-democratica-congo\/\",\"name\":\"REPUBBLICA DEMOCRATICA CONGO - Pastorale MISSIONARIA e cooperazione tra le Chiese\",\"isPartOf\":{\"@id\":\"https:\/\/www.diocesi.torino.it\/missionario\/#website\"},\"datePublished\":\"2012-01-31T14:07:00+00:00\",\"dateModified\":\"2017-06-23T10:10:42+00:00\",\"breadcrumb\":{\"@id\":\"https:\/\/www.diocesi.torino.it\/missionario\/qdf\/repubblica-democratica-congo\/#breadcrumb\"},\"inLanguage\":\"it-IT\",\"potentialAction\":[{\"@type\":\"ReadAction\",\"target\":[\"https:\/\/www.diocesi.torino.it\/missionario\/qdf\/repubblica-democratica-congo\/\"]}]},{\"@type\":\"BreadcrumbList\",\"@id\":\"https:\/\/www.diocesi.torino.it\/missionario\/qdf\/repubblica-democratica-congo\/#breadcrumb\",\"itemListElement\":[{\"@type\":\"ListItem\",\"position\":1,\"name\":\"Home\",\"item\":\"https:\/\/www.diocesi.torino.it\/missionario\/\"},{\"@type\":\"ListItem\",\"position\":2,\"name\":\"Quaresima di Fraternit\u00e0\",\"item\":\"https:\/\/www.diocesi.torino.it\/missionario\/qdf\/\"},{\"@type\":\"ListItem\",\"position\":3,\"name\":\"REPUBBLICA DEMOCRATICA CONGO\"}]},{\"@type\":\"WebSite\",\"@id\":\"https:\/\/www.diocesi.torino.it\/missionario\/#website\",\"url\":\"https:\/\/www.diocesi.torino.it\/missionario\/\",\"name\":\"Pastorale MISSIONARIA e cooperazione tra le Chiese\",\"description\":\"\",\"potentialAction\":[{\"@type\":\"SearchAction\",\"target\":{\"@type\":\"EntryPoint\",\"urlTemplate\":\"https:\/\/www.diocesi.torino.it\/missionario\/?s={search_term_string}\"},\"query-input\":\"required name=search_term_string\"}],\"inLanguage\":\"it-IT\"}]}<\/script>\n<!-- \/ Yoast SEO plugin. -->","yoast_head_json":{"title":"REPUBBLICA DEMOCRATICA CONGO - Pastorale MISSIONARIA e cooperazione tra le Chiese","robots":{"index":"index","follow":"follow","max-snippet":"max-snippet:-1","max-image-preview":"max-image-preview:large","max-video-preview":"max-video-preview:-1"},"canonical":"https:\/\/www.diocesi.torino.it\/missionario\/qdf\/repubblica-democratica-congo\/","og_locale":"it_IT","og_type":"article","og_title":"REPUBBLICA DEMOCRATICA CONGO - Pastorale MISSIONARIA e cooperazione tra le Chiese","og_description":"Nome ufficiale: Repubblica Democratica del CongoSuperficie: 2.345.410 km2Capitale: KinshasaLingue: francese, kikongo, lingala, tshiluba, swahiliSistema politico: Repubblica SemipresidenzialeIndipendenza: il 30 giugno 1960 dal BelgioCapo di stato: Joseph Kabila jrCapo del governo: Adolphe MuzitoReligioni: cattolici (45%), altri cristiani (35%), animisti (20%)PopolazioneAbitanti: 71.712.864Gruppi etnici: in maggioranza neri Bantu, suddivisi in circa 300 trib\u00f9. In particolare: Teke, Twa, Hutu, Ngbandi, (Ana)Mongo, LubaCrescita demografica annua: 2,61%Quoziente di fecondit\u00e0: 5,24Mortalit\u00e0 infantile: &hellip; Continua a leggere &raquo;","og_url":"https:\/\/www.diocesi.torino.it\/missionario\/qdf\/repubblica-democratica-congo\/","og_site_name":"Pastorale MISSIONARIA e cooperazione tra le Chiese","article_modified_time":"2017-06-23T10:10:42+00:00","og_image":[{"width":400,"height":398,"url":"https:\/\/www.diocesi.torino.it\/missionario\/wp-content\/uploads\/sites\/17\/2017\/06\/CONGO_REPDemM.gif","type":"image\/gif"}],"twitter_card":"summary_large_image","twitter_misc":{"Tempo di lettura stimato":"1 minuto"},"schema":{"@context":"https:\/\/schema.org","@graph":[{"@type":"WebPage","@id":"https:\/\/www.diocesi.torino.it\/missionario\/qdf\/repubblica-democratica-congo\/","url":"https:\/\/www.diocesi.torino.it\/missionario\/qdf\/repubblica-democratica-congo\/","name":"REPUBBLICA DEMOCRATICA CONGO - Pastorale MISSIONARIA e cooperazione tra le Chiese","isPartOf":{"@id":"https:\/\/www.diocesi.torino.it\/missionario\/#website"},"datePublished":"2012-01-31T14:07:00+00:00","dateModified":"2017-06-23T10:10:42+00:00","breadcrumb":{"@id":"https:\/\/www.diocesi.torino.it\/missionario\/qdf\/repubblica-democratica-congo\/#breadcrumb"},"inLanguage":"it-IT","potentialAction":[{"@type":"ReadAction","target":["https:\/\/www.diocesi.torino.it\/missionario\/qdf\/repubblica-democratica-congo\/"]}]},{"@type":"BreadcrumbList","@id":"https:\/\/www.diocesi.torino.it\/missionario\/qdf\/repubblica-democratica-congo\/#breadcrumb","itemListElement":[{"@type":"ListItem","position":1,"name":"Home","item":"https:\/\/www.diocesi.torino.it\/missionario\/"},{"@type":"ListItem","position":2,"name":"Quaresima di Fraternit\u00e0","item":"https:\/\/www.diocesi.torino.it\/missionario\/qdf\/"},{"@type":"ListItem","position":3,"name":"REPUBBLICA DEMOCRATICA CONGO"}]},{"@type":"WebSite","@id":"https:\/\/www.diocesi.torino.it\/missionario\/#website","url":"https:\/\/www.diocesi.torino.it\/missionario\/","name":"Pastorale MISSIONARIA e cooperazione tra le Chiese","description":"","potentialAction":[{"@type":"SearchAction","target":{"@type":"EntryPoint","urlTemplate":"https:\/\/www.diocesi.torino.it\/missionario\/?s={search_term_string}"},"query-input":"required name=search_term_string"}],"inLanguage":"it-IT"}]}},"_links":{"self":[{"href":"https:\/\/www.diocesi.torino.it\/missionario\/wp-json\/wp\/v2\/pages\/1935"}],"collection":[{"href":"https:\/\/www.diocesi.torino.it\/missionario\/wp-json\/wp\/v2\/pages"}],"about":[{"href":"https:\/\/www.diocesi.torino.it\/missionario\/wp-json\/wp\/v2\/types\/page"}],"author":[{"embeddable":true,"href":"https:\/\/www.diocesi.torino.it\/missionario\/wp-json\/wp\/v2\/users\/1"}],"replies":[{"embeddable":true,"href":"https:\/\/www.diocesi.torino.it\/missionario\/wp-json\/wp\/v2\/comments?post=1935"}],"version-history":[{"count":1,"href":"https:\/\/www.diocesi.torino.it\/missionario\/wp-json\/wp\/v2\/pages\/1935\/revisions"}],"predecessor-version":[{"id":2389,"href":"https:\/\/www.diocesi.torino.it\/missionario\/wp-json\/wp\/v2\/pages\/1935\/revisions\/2389"}],"up":[{"embeddable":true,"href":"https:\/\/www.diocesi.torino.it\/missionario\/wp-json\/wp\/v2\/pages\/1604"}],"wp:featuredmedia":[{"embeddable":true,"href":"https:\/\/www.diocesi.torino.it\/missionario\/wp-json\/wp\/v2\/media\/2390"}],"wp:attachment":[{"href":"https:\/\/www.diocesi.torino.it\/missionario\/wp-json\/wp\/v2\/media?parent=1935"}],"curies":[{"name":"wp","href":"https:\/\/api.w.org\/{rel}","templated":true}]}}

<div id="pl-1935"  class="panel-layout" ><div id="pg-1935-0"  class="panel-grid panel-no-style" ><div id="pgc-1935-0-0"  class="panel-grid-cell" ><div id="panel-1935-0-0-0" class="so-panel widget widget_sow-editor panel-first-child panel-last-child" data-index="0" ><div
			
			class="so-widget-sow-editor so-widget-sow-editor-base"
			
		>
<div class="siteorigin-widget-tinymce textwidget">
	<div>
<h5>Nome ufficiale: Repubblica Democratica del Congo</h5>
<div>Superficie: 2.345.410 km2</div>
<div>Capitale: Kinshasa</div>
<div>Lingue: francese, kikongo, lingala, tshiluba, swahili</div>
<div>Sistema politico: Repubblica Semipresidenziale</div>
<div>Indipendenza: il 30 giugno 1960 dal Belgio</div>
<div>Capo di stato: Joseph Kabila jr</div>
<div>Capo del governo: Adolphe Muzito</div>
<div>Religioni: cattolici (45%), altri cristiani (35%), animisti (20%)</div>
<h5><span style="color: #ff0000">Popolazione</span></h5>
<div>Abitanti: 71.712.864</div>
<div>Gruppi etnici: in maggioranza neri Bantu, suddivisi in circa 300 tribù. In particolare: Teke, Twa, Hutu, Ngbandi, (Ana)Mongo, Luba</div>
<div>Crescita demografica annua: 2,61%</div>
<div>Quoziente di fecondità: 5,24</div>
<div>Mortalità infantile: 78,43 ogni 1000 nati vivi</div>
<div>Speranza di vita: 55,33 anni</div>
<div>Tasso di alfabetizzazione: 67,2% (al 166° posto nel mondo)</div>
<div>Spese per la salute: 11,2% del PIL</div>
<h5><span style="color: #ff0000">Economia</span></h5>
<div>Il 71% della popolazione vive sotto la soglia di povertà</div>
<div>Indice di sviluppo umano: 0,286</div>
<div>Prodotto interno lordo: 23,12 miliardi di dollari (al 117° posto nel mondo)</div>
<div>Pil pro capite annuo: 300 dollari</div>
<div>Crescita economica annua: 7,2%</div>
<div>Inflazione: 26,2%</div>
<div>Risorse naturali: diamanti</div>
<div>Prodotti agricoli: manioca, banane, patate dolci, cereali, legumi</div>
<div>Esportazioni: caffè, cotone, olio di palma, tè, gomma, zucchero, corteccia di china</div>
<div>Debito estero: 13,5 miliardi di dollari</div>
<div>Spese militari: 2,5% del PIL</div>
<div> </div>
</div>
<div><a href="http://www.www.diocesi.torino.it/diocesitorino/allegati/30465/Scheda%20Nigeria.pdf">SCARICA LA SCHEDA COMPLETA</a></div>
</div>
</div></div></div></div></div>

<p>Nome ufficiale: Repubblica Democratica del CongoSuperficie: 2.345.410 km2Capitale: KinshasaLingue: francese, kikongo, lingala, tshiluba, swahiliSistema politico: Repubblica SemipresidenzialeIndipendenza: il 30 giugno 1960 dal BelgioCapo di stato: Joseph Kabila jrCapo del governo: Adolphe MuzitoReligioni: cattolici (45%), altri cristiani (35%), animisti (20%)PopolazioneAbitanti: 71.712.864Gruppi etnici: in maggioranza neri Bantu, suddivisi in circa 300 tribù. In particolare: Teke, Twa, Hutu, Ngbandi, (Ana)Mongo, LubaCrescita demografica annua: 2,61%Quoziente di fecondità: 5,24Mortalità infantile: &hellip; <a href="https://www.diocesi.torino.it/missionario/qdf/repubblica-democratica-congo/" class="more-link">Continua a leggere <span class="screen-reader-text"></span> <span class="meta-nav">&raquo;</span></a></p>

<!-- This site is optimized with the Yoast SEO plugin v20.8 - https://yoast.com/wordpress/plugins/seo/ -->
<title>REPUBBLICA DEMOCRATICA CONGO - Pastorale MISSIONARIA e cooperazione tra le Chiese</title>
<meta name="robots" content="index, follow, max-snippet:-1, max-image-preview:large, max-video-preview:-1" />
<link rel="canonical" href="https://www.diocesi.torino.it/missionario/qdf/repubblica-democratica-congo/" />
<meta property="og:locale" content="it_IT" />
<meta property="og:type" content="article" />
<meta property="og:title" content="REPUBBLICA DEMOCRATICA CONGO - Pastorale MISSIONARIA e cooperazione tra le Chiese" />
<meta property="og:description" content="Nome ufficiale: Repubblica Democratica del CongoSuperficie: 2.345.410 km2Capitale: KinshasaLingue: francese, kikongo, lingala, tshiluba, swahiliSistema politico: Repubblica SemipresidenzialeIndipendenza: il 30 giugno 1960 dal BelgioCapo di stato: Joseph Kabila jrCapo del governo: Adolphe MuzitoReligioni: cattolici (45%), altri cristiani (35%), animisti (20%)PopolazioneAbitanti: 71.712.864Gruppi etnici: in maggioranza neri Bantu, suddivisi in circa 300 tribù. In particolare: Teke, Twa, Hutu, Ngbandi, (Ana)Mongo, LubaCrescita demografica annua: 2,61%Quoziente di fecondità: 5,24Mortalità infantile: &hellip; Continua a leggere &raquo;" />
<meta property="og:url" content="https://www.diocesi.torino.it/missionario/qdf/repubblica-democratica-congo/" />
<meta property="og:site_name" content="Pastorale MISSIONARIA e cooperazione tra le Chiese" />
<meta property="article:modified_time" content="2017-06-23T10:10:42+00:00" />
<meta property="og:image" content="https://www.diocesi.torino.it/missionario/wp-content/uploads/sites/17/2017/06/CONGO_REPDemM.gif" />
	<meta property="og:image:width" content="400" />
	<meta property="og:image:height" content="398" />
	<meta property="og:image:type" content="image/gif" />
<meta name="twitter:card" content="summary_large_image" />
<meta name="twitter:label1" content="Tempo di lettura stimato" />
	<meta name="twitter:data1" content="1 minuto" />
<script type="application/ld+json" class="yoast-schema-graph">{"@context":"https://schema.org","@graph":[{"@type":"WebPage","@id":"https://www.diocesi.torino.it/missionario/qdf/repubblica-democratica-congo/","url":"https://www.diocesi.torino.it/missionario/qdf/repubblica-democratica-congo/","name":"REPUBBLICA DEMOCRATICA CONGO - Pastorale MISSIONARIA e cooperazione tra le Chiese","isPartOf":{"@id":"https://www.diocesi.torino.it/missionario/#website"},"datePublished":"2012-01-31T14:07:00+00:00","dateModified":"2017-06-23T10:10:42+00:00","breadcrumb":{"@id":"https://www.diocesi.torino.it/missionario/qdf/repubblica-democratica-congo/#breadcrumb"},"inLanguage":"it-IT","potentialAction":[{"@type":"ReadAction","target":["https://www.diocesi.torino.it/missionario/qdf/repubblica-democratica-congo/"]}]},{"@type":"BreadcrumbList","@id":"https://www.diocesi.torino.it/missionario/qdf/repubblica-democratica-congo/#breadcrumb","itemListElement":[{"@type":"ListItem","position":1,"name":"Home","item":"https://www.diocesi.torino.it/missionario/"},{"@type":"ListItem","position":2,"name":"Quaresima di Fraternità","item":"https://www.diocesi.torino.it/missionario/qdf/"},{"@type":"ListItem","position":3,"name":"REPUBBLICA DEMOCRATICA CONGO"}]},{"@type":"WebSite","@id":"https://www.diocesi.torino.it/missionario/#website","url":"https://www.diocesi.torino.it/missionario/","name":"Pastorale MISSIONARIA e cooperazione tra le Chiese","description":"","potentialAction":[{"@type":"SearchAction","target":{"@type":"EntryPoint","urlTemplate":"https://www.diocesi.torino.it/missionario/?s={search_term_string}"},"query-input":"required name=search_term_string"}],"inLanguage":"it-IT"}]}</script>
<!-- / Yoast SEO plugin. -->

Nome ufficiale: Repubblica Democratica del CongoSuperficie: 2.345.410 km2Capitale: KinshasaLingue: francese, kikongo, lingala, tshiluba, swahiliSistema politico: Repubblica SemipresidenzialeIndipendenza: il 30 giugno 1960 dal BelgioCapo di stato: Joseph Kabila jrCapo del governo: Adolphe MuzitoReligioni: cattolici (45%), altri cristiani (35%), animisti (20%)PopolazioneAbitanti: 71.712.864Gruppi etnici: in maggioranza neri Bantu, suddivisi in circa 300 tribù. In particolare: Teke, Twa, Hutu, Ngbandi, (Ana)Mongo, LubaCrescita demografica annua: 2,61%Quoziente di fecondità: 5,24Mortalità infantile: &hellip; Continua a leggere &raquo;

Quaresima di Fraternità
