{"version":"1.0","provider_name":"Pastorale Sociale e del Lavoro","provider_url":"https:\/\/www.diocesi.torino.it\/socialeelavoro","title":"Costruire una nuova Mondialit\u00e0 - Pastorale Sociale e del Lavoro","type":"rich","width":600,"height":338,"html":"<blockquote class=\"wp-embedded-content\" data-secret=\"o6foh0NSqk\"><a href=\"https:\/\/www.diocesi.torino.it\/socialeelavoro\/costruire-una-nuova-mondialita\/\">Costruire una nuova Mondialit\u00e0<\/a><\/blockquote><iframe sandbox=\"allow-scripts\" security=\"restricted\" src=\"https:\/\/www.diocesi.torino.it\/socialeelavoro\/costruire-una-nuova-mondialita\/embed\/#?secret=o6foh0NSqk\" width=\"600\" height=\"338\" title=\"&#8220;Costruire una nuova Mondialit\u00e0&#8221; &#8212; Pastorale Sociale e del Lavoro\" data-secret=\"o6foh0NSqk\" frameborder=\"0\" marginwidth=\"0\" marginheight=\"0\" scrolling=\"no\" class=\"wp-embedded-content\"><\/iframe><script type=\"text\/javascript\">\n\/*! This file is auto-generated *\/\n!function(c,d){\"use strict\";var e=!1,o=!1;if(d.querySelector)if(c.addEventListener)e=!0;if(c.wp=c.wp||{},c.wp.receiveEmbedMessage);else if(c.wp.receiveEmbedMessage=function(e){var t=e.data;if(!t);else if(!(t.secret||t.message||t.value));else if(\/[^a-zA-Z0-9]\/.test(t.secret));else{for(var r,s,a,i=d.querySelectorAll('iframe[data-secret=\"'+t.secret+'\"]'),n=d.querySelectorAll('blockquote[data-secret=\"'+t.secret+'\"]'),o=new RegExp(\"^https?:$\",\"i\"),l=0;l<n.length;l++)n[l].style.display=\"none\";for(l=0;l<i.length;l++)if(r=i[l],e.source!==r.contentWindow);else{if(r.removeAttribute(\"style\"),\"height\"===t.message){if(1e3<(s=parseInt(t.value,10)))s=1e3;else if(~~s<200)s=200;r.height=s}if(\"link\"===t.message)if(s=d.createElement(\"a\"),a=d.createElement(\"a\"),s.href=r.getAttribute(\"src\"),a.href=t.value,!o.test(a.protocol));else if(a.host===s.host)if(d.activeElement===r)c.top.location.href=t.value}}},e)c.addEventListener(\"message\",c.wp.receiveEmbedMessage,!1),d.addEventListener(\"DOMContentLoaded\",t,!1),c.addEventListener(\"load\",t,!1);function t(){if(o);else{o=!0;for(var e,t,r,s=-1!==navigator.appVersion.indexOf(\"MSIE 10\"),a=!!navigator.userAgent.match(\/Trident.*rv:11\\.\/),i=d.querySelectorAll(\"iframe.wp-embedded-content\"),n=0;n<i.length;n++){if(!(r=(t=i[n]).getAttribute(\"data-secret\")))r=Math.random().toString(36).substr(2,10),t.src+=\"#?secret=\"+r,t.setAttribute(\"data-secret\",r);if(s||a)(e=t.cloneNode(!0)).removeAttribute(\"security\"),t.parentNode.replaceChild(e,t);t.contentWindow.postMessage({message:\"ready\",secret:r},\"*\")}}}}(window,document);\n<\/script>\n","description":"Introduzione \u00a0 Ciascuno di noi \u00e8 intimamente convinto dell\u0092assoluta necessit\u00e0 di liberare il mondo dalla fame, dalla povert\u00e0, dalla guerra, dalle ingiustizie, nonch\u00e9 dell\u0092urgenza di garantire un futuro per tutti. Ma, allo stesso tempo, avvertiamo in noi un senso di impotenza di fronte a queste sfide. La globalizzazione in cui siamo immersi e il fenomeno migratorio ci obbligano sempre di pi\u00f9 a fare i conti &hellip; Continua a leggere &raquo;"}

Costruire una nuova Mondialità - Pastorale Sociale e del Lavoro

<blockquote class="wp-embedded-content" data-secret="o6foh0NSqk"><a href="https://www.diocesi.torino.it/socialeelavoro/costruire-una-nuova-mondialita/">Costruire una nuova Mondialità</a></blockquote><iframe sandbox="allow-scripts" security="restricted" src="https://www.diocesi.torino.it/socialeelavoro/costruire-una-nuova-mondialita/embed/#?secret=o6foh0NSqk" width="600" height="338" title="&#8220;Costruire una nuova Mondialità&#8221; &#8212; Pastorale Sociale e del Lavoro" data-secret="o6foh0NSqk" frameborder="0" marginwidth="0" marginheight="0" scrolling="no" class="wp-embedded-content"></iframe><script type="text/javascript">
/*! This file is auto-generated */
!function(c,d){"use strict";var e=!1,o=!1;if(d.querySelector)if(c.addEventListener)e=!0;if(c.wp=c.wp||{},c.wp.receiveEmbedMessage);else if(c.wp.receiveEmbedMessage=function(e){var t=e.data;if(!t);else if(!(t.secret||t.message||t.value));else if(/[^a-zA-Z0-9]/.test(t.secret));else{for(var r,s,a,i=d.querySelectorAll('iframe[data-secret="'+t.secret+'"]'),n=d.querySelectorAll('blockquote[data-secret="'+t.secret+'"]'),o=new RegExp("^https?:$","i"),l=0;l<n.length;l++)n[l].style.display="none";for(l=0;l<i.length;l++)if(r=i[l],e.source!==r.contentWindow);else{if(r.removeAttribute("style"),"height"===t.message){if(1e3<(s=parseInt(t.value,10)))s=1e3;else if(~~s<200)s=200;r.height=s}if("link"===t.message)if(s=d.createElement("a"),a=d.createElement("a"),s.href=r.getAttribute("src"),a.href=t.value,!o.test(a.protocol));else if(a.host===s.host)if(d.activeElement===r)c.top.location.href=t.value}}},e)c.addEventListener("message",c.wp.receiveEmbedMessage,!1),d.addEventListener("DOMContentLoaded",t,!1),c.addEventListener("load",t,!1);function t(){if(o);else{o=!0;for(var e,t,r,s=-1!==navigator.appVersion.indexOf("MSIE 10"),a=!!navigator.userAgent.match(/Trident.*rv:11\./),i=d.querySelectorAll("iframe.wp-embedded-content"),n=0;n<i.length;n++){if(!(r=(t=i[n]).getAttribute("data-secret")))r=Math.random().toString(36).substr(2,10),t.src+="#?secret="+r,t.setAttribute("data-secret",r);if(s||a)(e=t.cloneNode(!0)).removeAttribute("security"),t.parentNode.replaceChild(e,t);t.contentWindow.postMessage({message:"ready",secret:r},"*")}}}}(window,document);
</script>

Introduzione   Ciascuno di noi è intimamente convinto dellassoluta necessità di liberare il mondo dalla fame, dalla povertà, dalla guerra, dalle ingiustizie, nonché dellurgenza di garantire un futuro per tutti. Ma, allo stesso tempo, avvertiamo in noi un senso di impotenza di fronte a queste sfide. La globalizzazione in cui siamo immersi e il fenomeno migratorio ci obbligano sempre di più a fare i conti &hellip; Continua a leggere &raquo;
