{"version":"1.0","provider_name":"Vicariato per la Vita consacrata","provider_url":"https:\/\/www.diocesi.torino.it\/vicariato","title":"Professione Perpetua di Sr. M. Cristina Cojocaru - Vicariato per la Vita consacrata","type":"rich","width":600,"height":338,"html":"<blockquote class=\"wp-embedded-content\" data-secret=\"WmFhGxh5Yr\"><a href=\"https:\/\/www.diocesi.torino.it\/vicariato\/2014\/06\/04\/professione-perpetua-di-sr-m-cristina-cojocaru\/\">Professione Perpetua di Sr. M. Cristina Cojocaru<\/a><\/blockquote><iframe sandbox=\"allow-scripts\" security=\"restricted\" src=\"https:\/\/www.diocesi.torino.it\/vicariato\/2014\/06\/04\/professione-perpetua-di-sr-m-cristina-cojocaru\/embed\/#?secret=WmFhGxh5Yr\" width=\"600\" height=\"338\" title=\"&#8220;Professione Perpetua di Sr. M. Cristina Cojocaru&#8221; &#8212; Vicariato per la Vita consacrata\" data-secret=\"WmFhGxh5Yr\" frameborder=\"0\" marginwidth=\"0\" marginheight=\"0\" scrolling=\"no\" class=\"wp-embedded-content\"><\/iframe><script type=\"text\/javascript\">\n\/*! This file is auto-generated *\/\n!function(c,d){\"use strict\";var e=!1,o=!1;if(d.querySelector)if(c.addEventListener)e=!0;if(c.wp=c.wp||{},c.wp.receiveEmbedMessage);else if(c.wp.receiveEmbedMessage=function(e){var t=e.data;if(!t);else if(!(t.secret||t.message||t.value));else if(\/[^a-zA-Z0-9]\/.test(t.secret));else{for(var r,s,a,i=d.querySelectorAll('iframe[data-secret=\"'+t.secret+'\"]'),n=d.querySelectorAll('blockquote[data-secret=\"'+t.secret+'\"]'),o=new RegExp(\"^https?:$\",\"i\"),l=0;l<n.length;l++)n[l].style.display=\"none\";for(l=0;l<i.length;l++)if(r=i[l],e.source!==r.contentWindow);else{if(r.removeAttribute(\"style\"),\"height\"===t.message){if(1e3<(s=parseInt(t.value,10)))s=1e3;else if(~~s<200)s=200;r.height=s}if(\"link\"===t.message)if(s=d.createElement(\"a\"),a=d.createElement(\"a\"),s.href=r.getAttribute(\"src\"),a.href=t.value,!o.test(a.protocol));else if(a.host===s.host)if(d.activeElement===r)c.top.location.href=t.value}}},e)c.addEventListener(\"message\",c.wp.receiveEmbedMessage,!1),d.addEventListener(\"DOMContentLoaded\",t,!1),c.addEventListener(\"load\",t,!1);function t(){if(o);else{o=!0;for(var e,t,r,s=-1!==navigator.appVersion.indexOf(\"MSIE 10\"),a=!!navigator.userAgent.match(\/Trident.*rv:11\\.\/),i=d.querySelectorAll(\"iframe.wp-embedded-content\"),n=0;n<i.length;n++){if(!(r=(t=i[n]).getAttribute(\"data-secret\")))r=Math.random().toString(36).substr(2,10),t.src+=\"#?secret=\"+r,t.setAttribute(\"data-secret\",r);if(s||a)(e=t.cloneNode(!0)).removeAttribute(\"security\"),t.parentNode.replaceChild(e,t);t.contentWindow.postMessage({message:\"ready\",secret:r},\"*\")}}}}(window,document);\n<\/script>\n","description":"In occasione della solennit\u00e0 del S. Cuore di Ges\u00f9, le Suore Piccole Serve del Sacro Cuore di Ges\u00f9\u00a0annunciano con gioia la Professione Perpetua di Sr.\u00a0M.\u00a0Cristina COJOCARU. \u00a0 La celebrazione\u00a0sar\u00e0 presieduta da S. Em. il Card.\u00a0Severino POLETTO \u00a0 27 giugno 2014 &#8211; ore 16 &#8211; Torino, Viale Catone 29\u00a0 \u00a0"}

In occasione della solennità del S. Cuore di Gesù, le Suore Piccole Serve del Sacro Cuore di Gesù annunciano con gioia la Professione Perpetua di Sr. M. Cristina COJOCARU.   La celebrazione sarà presieduta da S. Em. il Card. Severino POLETTO   27 giugno 2014 &#8211; ore 16 &#8211; Torino, Viale Catone 29
